-- Table structure for table `gl_conf_values`
--


CREATE TABLE `gl_conf_values` (
  `name` varchar(50) DEFAULT NULL,
  `value` text DEFAULT NULL,
  `type` varchar(50) DEFAULT NULL,
  `group_name` varchar(50) DEFAULT NULL,
  `default_value` text DEFAULT NULL,
  `subgroup` int(11) DEFAULT NULL,
  `selectionArray` int(11) DEFAULT NULL,
  `sort_order` int(11) DEFAULT NULL,
  `tab` int(11) DEFAULT NULL,
  `fieldset` int(11) DEFAULT NULL
) ENGINE=MyISAM DEFAULT CHARSET=utf8 COLLATE=utf8_general_ci;

--
-- Dumping data for table `gl_conf_values`
--

INSERT INTO `gl_conf_values`VALUES ('sg_site','N;','subgroup','Core','N;',0,-1,0,0,0);
INSERT INTO `gl_conf_values`VALUES ('fs_site','N;','fieldset','Core','N;',0,-1,0,0,0);
INSERT INTO `gl_conf_values`VALUES ('site_url','s:27:\"https://www.yokosojapan.net\";','text','Core','s:0:\"\";',0,-1,20,0,0);
INSERT INTO `gl_conf_values`VALUES ('site_admin_url','s:33:\"https://www.yokosojapan.net/admin\";','text','Core','s:0:\"\";',0,-1,30,0,0);
INSERT INTO `gl_conf_values`VALUES ('site_name','s:19:\"ようこそ Japan!\";','text','Core','s:0:\"\";',0,-1,60,0,0);
INSERT INTO `gl_conf_values`VALUES ('site_slogan','s:214:\"英語・中国語・韓国語でボランティア　外国人 留学生　国際人の就職　就職講座、旅行、留学、部屋探し、国際交流イベントの情報を提供する国際交流サイト\";','text','Core','s:0:\"\";',0,-1,70,0,0);
INSERT INTO `gl_conf_values`VALUES ('microsummary_short','s:4:\"GL: \";','text','Core','s:4:\"GL: \";',0,-1,80,0,0);
INSERT INTO `gl_conf_values`VALUES ('site_disabled_msg','s:53:\"https://www.yokosojapan.net/japanize/disabledmsg.html\";','textarea','Core','s:44:\"Geeklog Site is down. Please come back soon.\";',0,-1,510,0,0);
INSERT INTO `gl_conf_values`VALUES ('copyrightyear','unset','text','Core','s:4:\"2009\";',0,-1,1440,0,0);
INSERT INTO `gl_conf_values`VALUES ('url_rewrite','b:1;','select','Core','b:0;',0,1,1800,0,0);
INSERT INTO `gl_conf_values`VALUES ('fs_mail','N;','fieldset','Core','N;',0,-1,0,1,1);
INSERT INTO `gl_conf_values`VALUES ('site_mail','s:20:\"info@yokosojapan.net\";','text','Core','s:0:\"\";',0,-1,40,1,1);
INSERT INTO `gl_conf_values`VALUES ('noreply_mail','s:23:\"noreply@yokosojapan.net\";','text','Core','s:0:\"\";',0,-1,50,1,1);
INSERT INTO `gl_conf_values`VALUES ('mail_settings','a:8:{s:7:\"backend\";s:4:\"mail\";s:13:\"sendmail_path\";s:17:\"/usr/bin/sendmail\";s:13:\"sendmail_args\";s:0:\"\";s:4:\"host\";s:16:\"smtp.example.com\";s:4:\"port\";s:2:\"25\";s:4:\"auth\";b:0;s:8:\"username\";s:13:\"smtp-username\";s:8:\"password\";s:13:\"smtp-password\";}','@text','Core','a:8:{s:7:\"backend\";s:4:\"mail\";s:13:\"sendmail_path\";s:17:\"/usr/bin/sendmail\";s:13:\"sendmail_args\";s:0:\"\";s:4:\"host\";s:16:\"smtp.example.com\";s:4:\"port\";s:2:\"25\";s:4:\"auth\";b:0;s:8:\"username\";s:13:\"smtp-username\";s:8:\"password\";s:13:\"smtp-password\";}',0,-1,160,1,1);
INSERT INTO `gl_conf_values`VALUES ('fs_syndication','N;','fieldset','Core','N;',0,-1,0,2,2);
INSERT INTO `gl_conf_values`VALUES ('backend','i:1;','select','Core','i:1;',0,0,1380,2,2);
INSERT INTO `gl_conf_values`VALUES ('rdf_file','s:62:\"/home/xs868602/yokosojapan.net/public_html/backend/geeklog.rss\";','text','Core','s:0:\"\";',0,-1,1390,2,2);
INSERT INTO `gl_conf_values`VALUES ('rdf_limit','i:10;','text','Core','i:10;',0,-1,1400,2,2);
INSERT INTO `gl_conf_values`VALUES ('rdf_storytext','i:1;','text','Core','i:1;',0,-1,1410,2,2);
INSERT INTO `gl_conf_values`VALUES ('rdf_language','s:2:\"ja\";','text','Core','s:2:\"ja\";',0,-1,1420,2,2);
INSERT INTO `gl_conf_values`VALUES ('syndication_max_headlines','i:0;','text','Core','i:0;',0,-1,1430,2,2);
INSERT INTO `gl_conf_values`VALUES ('fs_paths','N;','fieldset','Core','N;',0,-1,0,3,3);
INSERT INTO `gl_conf_values`VALUES ('path_html','s:43:\"/home/xs868602/yokosojapan.net/public_html/\";','text','Core','s:0:\"\";',0,-1,10,3,3);
INSERT INTO `gl_conf_values`VALUES ('path_log','s:44:\"/home/xs868602/yokosojapan.net/private/logs/\";','text','Core','s:0:\"\";',0,-1,90,3,3);
INSERT INTO `gl_conf_values`VALUES ('path_language','s:48:\"/home/xs868602/yokosojapan.net/private/language/\";','text','Core','s:0:\"\";',0,-1,100,3,3);
INSERT INTO `gl_conf_values`VALUES ('backup_path','s:47:\"/home/xs868602/yokosojapan.net/private/backups/\";','text','Core','s:0:\"\";',0,-1,110,3,3);
INSERT INTO `gl_conf_values`VALUES ('path_data','s:44:\"/home/xs868602/yokosojapan.net/private/data/\";','text','Core','s:0:\"\";',0,-1,120,3,3);
INSERT INTO `gl_conf_values`VALUES ('path_images','s:50:\"/home/xs868602/yokosojapan.net/public_html/images/\";','text','Core','s:0:\"\";',0,-1,130,3,3);
INSERT INTO `gl_conf_values`VALUES ('path_themes','s:50:\"/home/xs868602/yokosojapan.net/public_html/layout/\";','text','Core','s:0:\"\";',0,-1,130,3,3);
INSERT INTO `gl_conf_values`VALUES ('cache_mobile','b:1;','select','Core','b:1;',2,1,230,10,10);
INSERT INTO `gl_conf_values`VALUES ('remove_4byte_chars','b:1;','select','Core','b:1;',4,1,855,20,20);
INSERT INTO `gl_conf_values`VALUES ('switchlang_homepage','i:0;','select','Core','i:0;',6,0,370,28,28);
INSERT INTO `gl_conf_values`VALUES ('dbdump_gzip','i:1;','select','Core','i:1;',0,0,180,5,5);
INSERT INTO `gl_conf_values`VALUES ('dbdump_tables_only','i:0;','select','Core','i:0;',0,0,175,5,5);
INSERT INTO `gl_conf_values`VALUES ('dbdump_filename_prefix','s:17:\"geeklog_db_backup\";','text','Core','s:17:\"geeklog_db_backup\";',0,-1,170,5,5);
INSERT INTO `gl_conf_values`VALUES ('tab_database','N;','tab','Core','N;',0,-1,0,5,5);
INSERT INTO `gl_conf_values`VALUES ('fs_database_backup','N;','fieldset','Core','N;',0,-1,0,5,5);
INSERT INTO `gl_conf_values`VALUES ('fs_search','N;','fieldset','Core','N;',0,-1,0,6,6);
INSERT INTO `gl_conf_values`VALUES ('search_style','s:6:\"google\";','select','Core','s:6:\"google\";',0,19,644,6,6);
INSERT INTO `gl_conf_values`VALUES ('search_limits','s:11:\"10,15,25,30\";','text','Core','s:11:\"10,15,25,30\";',0,-1,647,6,6);
INSERT INTO `gl_conf_values`VALUES ('num_search_results','i:30;','text','Core','i:30;',0,-1,651,6,6);
INSERT INTO `gl_conf_values`VALUES ('search_show_limit','b:1;','select','Core','b:1;',0,1,654,6,6);
INSERT INTO `gl_conf_values`VALUES ('search_show_sort','b:1;','select','Core','b:1;',0,1,658,6,6);
INSERT INTO `gl_conf_values`VALUES ('search_show_num','b:1;','select','Core','b:1;',0,1,661,6,6);
INSERT INTO `gl_conf_values`VALUES ('search_show_type','b:1;','select','Core','b:1;',0,1,665,6,6);
INSERT INTO `gl_conf_values`VALUES ('search_separator','s:6:\" &gt; \";','text','Core','s:6:\" &gt; \";',0,-1,668,6,6);
INSERT INTO `gl_conf_values`VALUES ('search_def_keytype','s:6:\"phrase\";','select','Core','s:6:\"phrase\";',0,20,672,6,6);
INSERT INTO `gl_conf_values`VALUES ('search_use_fulltext','b:0;','hidden','Core','b:0;',0,-1,0,6,6);
INSERT INTO `gl_conf_values`VALUES ('sg_stories','N;','subgroup','Core','N;',1,-1,0,0,0);
INSERT INTO `gl_conf_values`VALUES ('fs_story','N;','fieldset','Core','N;',1,-1,0,7,7);
INSERT INTO `gl_conf_values`VALUES ('maximagesperarticle','i:10;','text','Core','i:5;',1,-1,1170,7,7);
INSERT INTO `gl_conf_values`VALUES ('limitnews','i:10;','text','Core','i:10;',1,-1,1180,7,7);
INSERT INTO `gl_conf_values`VALUES ('minnews','i:10;','text','Core','i:1;',1,-1,1190,7,7);
INSERT INTO `gl_conf_values`VALUES ('contributedbyline','i:0;','select','Core','i:1;',1,0,1200,7,7);
INSERT INTO `gl_conf_values`VALUES ('hideviewscount','i:1;','select','Core','i:0;',1,0,1210,7,7);
INSERT INTO `gl_conf_values`VALUES ('hideemailicon','i:0;','select','Core','i:0;',1,0,1220,7,7);
INSERT INTO `gl_conf_values`VALUES ('hideprintericon','i:0;','select','Core','i:0;',1,0,1230,7,7);
INSERT INTO `gl_conf_values`VALUES ('allow_page_breaks','i:1;','select','Core','i:1;',1,0,1240,7,7);
INSERT INTO `gl_conf_values`VALUES ('page_break_comments','s:4:\"last\";','select','Core','s:4:\"last\";',1,7,1250,7,7);
INSERT INTO `gl_conf_values`VALUES ('article_image_align','s:5:\"right\";','select','Core','s:5:\"right\";',1,8,1260,7,7);
INSERT INTO `gl_conf_values`VALUES ('show_topic_icon','i:1;','select','Core','i:1;',1,0,1270,7,7);
INSERT INTO `gl_conf_values`VALUES ('draft_flag','i:0;','select','Core','i:0;',1,0,1280,7,7);
INSERT INTO `gl_conf_values`VALUES ('frontpage','i:0;','select','Core','i:1;',1,0,1290,7,7);
INSERT INTO `gl_conf_values`VALUES ('hide_no_news_msg','i:1;','select','Core','i:0;',1,0,1300,7,7);
INSERT INTO `gl_conf_values`VALUES ('hide_main_page_navigation','s:5:\"false\";','select','Core','s:5:\"false\";',1,36,1310,7,7);
INSERT INTO `gl_conf_values`VALUES ('onlyrootfeatures','i:0;','select','Core','i:0;',1,0,1320,7,7);
INSERT INTO `gl_conf_values`VALUES ('aftersave_story','s:4:\"list\";','select','Core','s:4:\"list\";',1,9,1330,7,7);
INSERT INTO `gl_conf_values`VALUES ('fs_trackback','N;','fieldset','Core','N;',1,-1,0,8,8);
INSERT INTO `gl_conf_values`VALUES ('trackback_enabled','b:0;','select','Core','b:1;',1,1,1060,8,8);
INSERT INTO `gl_conf_values`VALUES ('trackback_code','i:0;','select','Core','i:0;',1,3,1070,8,8);
INSERT INTO `gl_conf_values`VALUES ('trackbackspeedlimit','i:300;','text','Core','i:300;',1,-1,1080,8,8);
INSERT INTO `gl_conf_values`VALUES ('check_trackback_link','i:2;','select','Core','i:2;',1,4,1090,8,8);
INSERT INTO `gl_conf_values`VALUES ('multiple_trackbacks','i:0;','select','Core','i:0;',1,2,1100,8,8);
INSERT INTO `gl_conf_values`VALUES ('fs_pingback','N;','fieldset','Core','N;',1,-1,0,9,9);
INSERT INTO `gl_conf_values`VALUES ('pingback_enabled','b:1;','select','Core','b:1;',1,1,1110,9,9);
INSERT INTO `gl_conf_values`VALUES ('pingback_excerpt','b:1;','select','Core','b:1;',1,1,1120,9,9);
INSERT INTO `gl_conf_values`VALUES ('pingback_self','i:0;','select','Core','i:0;',1,13,1130,9,9);
INSERT INTO `gl_conf_values`VALUES ('ping_enabled','b:1;','select','Core','b:1;',1,1,1140,9,9);
INSERT INTO `gl_conf_values`VALUES ('sg_theme','N;','subgroup','Core','N;',2,-1,0,0,0);
INSERT INTO `gl_conf_values`VALUES ('fs_theme','N;','fieldset','Core','N;',2,-1,0,10,10);
INSERT INTO `gl_conf_values`VALUES ('theme','s:6:\"yokoso\";','select','Core','s:12:\"professional\";',2,-1,190,10,10);
INSERT INTO `gl_conf_values`VALUES ('doctype','s:5:\"html5\";','select','Core','s:13:\"html401strict\";',2,21,195,10,10);
INSERT INTO `gl_conf_values`VALUES ('menu_elements','a:1:{i:0;s:6:\"custom\";}','%select','Core','a:5:{i:0;s:10:\"contribute\";i:1;s:6:\"search\";i:2;s:5:\"stats\";i:3;s:9:\"directory\";i:4;s:7:\"plugins\";}',2,24,200,10,10);
INSERT INTO `gl_conf_values`VALUES ('default_cache_time_article','i:0;','text','Core','i:0;',1,-1,1390,7,7);
INSERT INTO `gl_conf_values`VALUES ('fs_theme_advanced','N;','fieldset','Core','N;',2,-1,0,11,11);
INSERT INTO `gl_conf_values`VALUES ('show_right_blocks','b:0;','select','Core','b:0;',2,1,1350,11,11);
INSERT INTO `gl_conf_values`VALUES ('showfirstasfeatured','i:0;','select','Core','i:0;',2,0,1360,11,11);
INSERT INTO `gl_conf_values`VALUES ('sg_blocks','N;','subgroup','Core','N;',3,-1,0,0,0);
INSERT INTO `gl_conf_values`VALUES ('fs_admin_block','N;','fieldset','Core','N;',3,-1,0,12,12);
INSERT INTO `gl_conf_values`VALUES ('sort_admin','b:0;','select','Core','b:1;',3,1,340,12,12);
INSERT INTO `gl_conf_values`VALUES ('link_documentation','i:0;','select','Core','i:1;',3,0,1150,12,12);
INSERT INTO `gl_conf_values`VALUES ('link_versionchecker','i:1;','select','Core','i:1;',3,0,1160,12,12);
INSERT INTO `gl_conf_values`VALUES ('fs_topics_block','N;','fieldset','Core','N;',3,-1,0,13,13);
INSERT INTO `gl_conf_values`VALUES ('sortmethod','s:7:\"sortnum\";','select','Core','s:5:\"alpha\";',3,15,870,13,13);
INSERT INTO `gl_conf_values`VALUES ('showstorycount','i:1;','select','Core','i:1;',3,0,880,13,13);
INSERT INTO `gl_conf_values`VALUES ('showsubmissioncount','b:0;','select','Core','i:1;',3,0,890,13,13);
INSERT INTO `gl_conf_values`VALUES ('hide_home_link','b:1;','select','Core','i:0;',3,0,900,13,13);
INSERT INTO `gl_conf_values`VALUES ('fs_whosonline_block','N;','fieldset','Core','N;',3,-1,0,14,14);
INSERT INTO `gl_conf_values`VALUES ('whosonline_threshold','i:300;','text','Core','i:300;',3,-1,910,14,14);
INSERT INTO `gl_conf_values`VALUES ('whosonline_anonymous','i:0;','select','Core','i:0;',3,0,920,14,14);
INSERT INTO `gl_conf_values`VALUES ('fs_whatsnew_block','N;','fieldset','Core','N;',3,-1,0,15,15);
INSERT INTO `gl_conf_values`VALUES ('newstoriesinterval','i:86400;','text','Core','i:86400;',3,-1,980,15,15);
INSERT INTO `gl_conf_values`VALUES ('newcommentsinterval','i:172800;','text','Core','i:172800;',3,-1,990,15,15);
INSERT INTO `gl_conf_values`VALUES ('newtrackbackinterval','i:172800;','text','Core','i:172800;',3,-1,1000,15,15);
INSERT INTO `gl_conf_values`VALUES ('hidenewstories','i:0;','select','Core','i:0;',3,0,1010,15,15);
INSERT INTO `gl_conf_values`VALUES ('hidenewcomments','i:0;','select','Core','i:0;',3,0,1020,15,15);
INSERT INTO `gl_conf_values`VALUES ('hidenewtrackbacks','i:0;','select','Core','i:0;',3,0,1030,15,15);
INSERT INTO `gl_conf_values`VALUES ('hidenewplugins','i:0;','select','Core','i:0;',3,0,1040,15,15);
INSERT INTO `gl_conf_values`VALUES ('title_trim_length','i:20;','text','Core','i:20;',3,-1,1050,15,15);
INSERT INTO `gl_conf_values`VALUES ('sg_users','N;','subgroup','Core','N;',4,-1,0,0,0);
INSERT INTO `gl_conf_values`VALUES ('fs_users','N;','fieldset','Core','N;',4,-1,0,16,16);
INSERT INTO `gl_conf_values`VALUES ('disable_new_user_registration','s:1:\"1\";','select','Core','b:0;',4,0,220,16,16);
INSERT INTO `gl_conf_values`VALUES ('allow_user_themes','s:1:\"0\";','select','Core','i:1;',4,0,230,16,16);
INSERT INTO `gl_conf_values`VALUES ('allow_user_language','s:1:\"0\";','select','Core','i:1;',6,0,360,28,28);
INSERT INTO `gl_conf_values`VALUES ('allow_user_photo','i:1;','select','Core','i:1;',4,0,250,16,16);
INSERT INTO `gl_conf_values`VALUES ('allow_username_change','i:0;','select','Core','i:0;',4,0,260,16,16);
INSERT INTO `gl_conf_values`VALUES ('allow_account_delete','i:0;','select','Core','i:0;',4,0,270,16,16);
INSERT INTO `gl_conf_values`VALUES ('hide_author_exclusion','i:1;','select','Core','i:0;',4,0,280,16,16);
INSERT INTO `gl_conf_values`VALUES ('show_fullname','i:0;','select','Core','i:0;',4,0,290,16,16);
INSERT INTO `gl_conf_values`VALUES ('show_servicename','b:1;','select','Core','b:1;',4,1,300,16,16);
INSERT INTO `gl_conf_values`VALUES ('custom_registration','b:0;','select','Core','b:0;',4,1,310,16,16);
INSERT INTO `gl_conf_values`VALUES ('aftersave_user','s:4:\"item\";','select','Core','s:4:\"item\";',4,9,1340,16,16);
INSERT INTO `gl_conf_values`VALUES ('fs_spamx','N;','fieldset','Core','N;',4,-1,0,17,17);
INSERT INTO `gl_conf_values`VALUES ('spamx','i:128;','text','Core','i:128;',4,-1,330,17,17);
INSERT INTO `gl_conf_values`VALUES ('fs_login','N;','fieldset','Core','N;',4,-1,0,18,18);
INSERT INTO `gl_conf_values`VALUES ('lastlogin','b:1;','select','Core','b:1;',4,1,640,18,18);
INSERT INTO `gl_conf_values`VALUES ('loginrequired','i:0;','select','Core','i:0;',4,0,680,18,18);
INSERT INTO `gl_conf_values`VALUES ('submitloginrequired','s:1:\"1\";','select','Core','i:0;',4,0,690,18,18);
INSERT INTO `gl_conf_values`VALUES ('commentsloginrequired','s:1:\"1\";','select','Core','i:0;',4,0,700,18,18);
INSERT INTO `gl_conf_values`VALUES ('statsloginrequired','s:1:\"1\";','select','Core','i:0;',4,0,710,18,18);
INSERT INTO `gl_conf_values`VALUES ('searchloginrequired','s:1:\"2\";','select','Core','i:0;',4,16,720,18,18);
INSERT INTO `gl_conf_values`VALUES ('profileloginrequired','s:1:\"1\";','select','Core','i:0;',4,0,730,18,18);
INSERT INTO `gl_conf_values`VALUES ('emailuserloginrequired','s:1:\"1\";','select','Core','i:0;',4,0,740,18,18);
INSERT INTO `gl_conf_values`VALUES ('emailstoryloginrequired','s:1:\"1\";','select','Core','i:0;',4,0,750,18,18);
INSERT INTO `gl_conf_values`VALUES ('directoryloginrequired','s:1:\"1\";','select','Core','i:0;',4,0,760,18,18);
INSERT INTO `gl_conf_values`VALUES ('passwordspeedlimit','i:300;','text','Core','i:300;',4,-1,1680,18,18);
INSERT INTO `gl_conf_values`VALUES ('login_attempts','i:10;','text','Core','i:3;',4,-1,1690,18,18);
INSERT INTO `gl_conf_values`VALUES ('login_speedlimit','i:300;','text','Core','i:300;',4,-1,1700,18,18);
INSERT INTO `gl_conf_values`VALUES ('fs_user_submission','N;','fieldset','Core','N;',4,-1,0,19,19);
INSERT INTO `gl_conf_values`VALUES ('usersubmission','i:0;','select','Core','i:0;',4,0,780,19,19);
INSERT INTO `gl_conf_values`VALUES ('allow_domains','s:0:\"\";','text','Core','s:0:\"\";',4,-1,960,19,19);
INSERT INTO `gl_conf_values`VALUES ('disallow_domains','s:0:\"\";','text','Core','s:0:\"\";',4,-1,970,19,19);
INSERT INTO `gl_conf_values`VALUES ('fs_submission','N;','fieldset','Core','N;',4,-1,0,20,20);
INSERT INTO `gl_conf_values`VALUES ('storysubmission','i:1;','select','Core','i:1;',4,0,770,20,20);
INSERT INTO `gl_conf_values`VALUES ('listdraftstories','i:0;','select','Core','i:0;',4,0,790,20,20);
INSERT INTO `gl_conf_values`VALUES ('postmode','s:4:\"html\";','select','Core','s:9:\"plaintext\";',4,5,810,20,20);
INSERT INTO `gl_conf_values`VALUES ('speedlimit','i:45;','text','Core','i:45;',4,-1,820,20,20);
INSERT INTO `gl_conf_values`VALUES ('skip_preview','i:0;','select','Core','i:0;',4,0,830,20,20);
INSERT INTO `gl_conf_values`VALUES ('advanced_editor','b:1;','select','Core','b:0;',4,1,840,20,20);
INSERT INTO `gl_conf_values`VALUES ('wikitext_editor','b:0;','select','Core','b:0;',4,1,850,20,20);
INSERT INTO `gl_conf_values`VALUES ('fs_comments','N;','fieldset','Core','N;',4,-1,0,21,21);
INSERT INTO `gl_conf_values`VALUES ('commentspeedlimit','i:45;','text','Core','i:45;',4,-1,1640,21,21);
INSERT INTO `gl_conf_values`VALUES ('comment_limit','i:100;','text','Core','i:100;',4,-1,1650,21,21);
INSERT INTO `gl_conf_values`VALUES ('comment_mode','s:4:\"flat\";','select','Core','s:6:\"nested\";',4,11,1660,21,21);
INSERT INTO `gl_conf_values`VALUES ('comment_code','s:2:\"-1\";','select','Core','i:0;',4,17,1670,21,21);
INSERT INTO `gl_conf_values`VALUES ('comment_edit','i:0;','select','Core','i:0;',4,0,1680,21,21);
INSERT INTO `gl_conf_values`VALUES ('commentsubmission','s:1:\"1\";','select','Core','i:0;',4,0,1682,21,21);
INSERT INTO `gl_conf_values`VALUES ('comment_edittime','i:1800;','text','Core','i:1800;',4,-1,1684,21,21);
INSERT INTO `gl_conf_values`VALUES ('article_comment_close_days','i:1;','text','Core','i:30;',4,-1,1686,21,21);
INSERT INTO `gl_conf_values`VALUES ('comment_close_rec_stories','i:0;','text','Core','i:0;',4,-1,1688,21,21);
INSERT INTO `gl_conf_values`VALUES ('allow_reply_notifications','i:0;','select','Core','i:0;',4,0,1689,21,21);
INSERT INTO `gl_conf_values`VALUES ('sg_images','N;','subgroup','Core','N;',5,-1,0,0,0);
INSERT INTO `gl_conf_values`VALUES ('fs_imagelib','N;','fieldset','Core','N;',5,-1,0,22,22);
INSERT INTO `gl_conf_values`VALUES ('image_lib','s:5:\"gdlib\";','select','Core','s:0:\"\";',5,10,1450,22,22);
INSERT INTO `gl_conf_values`VALUES ('path_to_mogrify','unset','text','Core','s:0:\"\";',5,-1,1460,22,22);
INSERT INTO `gl_conf_values`VALUES ('path_to_netpbm','unset','text','Core','s:0:\"\";',5,-1,1470,22,22);
INSERT INTO `gl_conf_values`VALUES ('fs_upload','N;','fieldset','Core','N;',5,-1,0,23,23);
INSERT INTO `gl_conf_values`VALUES ('keep_unscaled_image','i:1;','select','Core','i:0;',5,0,1480,23,23);
INSERT INTO `gl_conf_values`VALUES ('allow_user_scaling','i:1;','select','Core','i:1;',5,0,1490,23,23);
INSERT INTO `gl_conf_values`VALUES ('jpeg_quality','unset','text','Core','i:75;',5,-1,1495,23,23);
INSERT INTO `gl_conf_values`VALUES ('debug_image_upload','b:0;','select','Core','b:0;',5,1,1500,23,23);
INSERT INTO `gl_conf_values`VALUES ('fs_articleimg','N;','fieldset','Core','N;',5,-1,0,24,24);
INSERT INTO `gl_conf_values`VALUES ('max_image_width','i:320;','text','Core','i:160;',5,-1,1510,24,24);
INSERT INTO `gl_conf_values`VALUES ('max_image_height','i:120;','text','Core','i:160;',5,-1,1520,24,24);
INSERT INTO `gl_conf_values`VALUES ('max_image_size','i:20485760;','text','Core','i:1048576;',5,-1,1530,24,24);
INSERT INTO `gl_conf_values`VALUES ('fs_topicicon','N;','fieldset','Core','N;',5,-1,0,25,25);
INSERT INTO `gl_conf_values`VALUES ('max_topicicon_width','i:48;','text','Core','i:48;',5,-1,1540,25,25);
INSERT INTO `gl_conf_values`VALUES ('max_topicicon_height','i:48;','text','Core','i:48;',5,-1,1550,25,25);
INSERT INTO `gl_conf_values`VALUES ('max_topicicon_size','i:65536;','text','Core','i:65536;',5,-1,1560,25,25);
INSERT INTO `gl_conf_values`VALUES ('fs_userphoto','N;','fieldset','Core','N;',5,-1,0,26,26);
INSERT INTO `gl_conf_values`VALUES ('max_photo_width','i:128;','text','Core','i:128;',5,-1,1570,26,26);
INSERT INTO `gl_conf_values`VALUES ('max_photo_height','i:128;','text','Core','i:128;',5,-1,1580,26,26);
INSERT INTO `gl_conf_values`VALUES ('max_photo_size','i:65536;','text','Core','i:65536;',5,-1,1590,26,26);
INSERT INTO `gl_conf_values`VALUES ('force_photo_width','unset','text','Core','i:75;',5,-1,1620,26,26);
INSERT INTO `gl_conf_values`VALUES ('default_photo','unset','text','Core','s:39:\"https://www.yokosojapan.net/default.jpg\";',5,-1,1630,26,26);
INSERT INTO `gl_conf_values`VALUES ('fs_gravatar','N;','fieldset','Core','N;',5,-1,0,27,27);
INSERT INTO `gl_conf_values`VALUES ('use_gravatar','b:0;','select','Core','b:0;',5,1,1600,27,27);
INSERT INTO `gl_conf_values`VALUES ('gravatar_rating','unset','select','Core','s:1:\"R\";',5,26,1610,27,27);
INSERT INTO `gl_conf_values`VALUES ('sg_locale','N;','subgroup','Core','N;',6,-1,0,0,0);
INSERT INTO `gl_conf_values`VALUES ('fs_language','N;','fieldset','Core','N;',6,-1,0,28,28);
INSERT INTO `gl_conf_values`VALUES ('microsoft_consumer_secret','s:0:\"\";','text','Core','s:0:\"\";',4,-1,364,16,16);
INSERT INTO `gl_conf_values`VALUES ('yahoo_login','i:0;','select','Core','i:0;',4,1,365,16,16);
INSERT INTO `gl_conf_values`VALUES ('yahoo_consumer_key','s:0:\"\";','text','Core','s:0:\"\";',4,-1,366,16,16);
INSERT INTO `gl_conf_values`VALUES ('google_consumer_key','s:0:\"\";','text','Core','s:0:\"\";',4,-1,360,16,16);
INSERT INTO `gl_conf_values`VALUES ('google_consumer_secret','s:0:\"\";','text','Core','s:0:\"\";',4,-1,361,16,16);
INSERT INTO `gl_conf_values`VALUES ('microsoft_login','i:0;','select','Core','i:0;',4,1,362,16,16);
INSERT INTO `gl_conf_values`VALUES ('fs_locale','N;','fieldset','Core','N;',6,-1,0,29,29);
INSERT INTO `gl_conf_values`VALUES ('locale','s:11:\"ja_JP.UTF-8\";','text','Core','s:5:\"en_GB\";',6,-1,360,29,29);
INSERT INTO `gl_conf_values`VALUES ('date','s:14:\"%Y/%m/%d %H:%M\";','text','Core','s:26:\"%A, %B %d %Y @ %I:%M %p %Z\";',6,-1,370,29,29);
INSERT INTO `gl_conf_values`VALUES ('daytime','s:8:\"%Y/%m/%d\";','text','Core','s:13:\"%m/%d %I:%M%p\";',6,-1,380,29,29);
INSERT INTO `gl_conf_values`VALUES ('shortdate','s:8:\"%Y/%m/%d\";','text','Core','s:2:\"%x\";',6,-1,390,29,29);
INSERT INTO `gl_conf_values`VALUES ('dateonly','s:6:\"/%m/%d\";','text','Core','s:5:\"%d-%b\";',6,-1,400,29,29);
INSERT INTO `gl_conf_values`VALUES ('timeonly','s:8:\"%H:%M %Z\";','text','Core','s:7:\"%I:%M%p\";',6,-1,410,29,29);
INSERT INTO `gl_conf_values`VALUES ('week_start','s:3:\"Sun\";','select','Core','s:3:\"Sun\";',6,14,420,29,29);
INSERT INTO `gl_conf_values`VALUES ('hour_mode','i:24;','select','Core','i:12;',6,6,430,29,29);
INSERT INTO `gl_conf_values`VALUES ('thousand_separator','s:1:\",\";','text','Core','s:1:\",\";',6,-1,440,29,29);
INSERT INTO `gl_conf_values`VALUES ('decimal_separator','s:1:\".\";','text','Core','s:1:\".\";',6,-1,450,29,29);
INSERT INTO `gl_conf_values`VALUES ('decimal_count','i:0;','text','Core','s:1:\"2\";',6,-1,460,29,29);
INSERT INTO `gl_conf_values`VALUES ('timezone','s:10:\"Asia/Tokyo\";','select','Core','s:3:\"UTC\";',6,-1,490,29,29);
INSERT INTO `gl_conf_values`VALUES ('sg_misc','N;','subgroup','Core','N;',7,-1,0,0,0);
INSERT INTO `gl_conf_values`VALUES ('fs_cookies','N;','fieldset','Core','N;',7,-1,0,30,30);
INSERT INTO `gl_conf_values`VALUES ('cookie_session','s:11:\"gl_session2\";','text','Core','s:10:\"gl_session\";',7,-1,530,30,30);
INSERT INTO `gl_conf_values`VALUES ('cookie_name','s:8:\"geeklog2\";','text','Core','s:7:\"geeklog\";',7,-1,540,30,30);
INSERT INTO `gl_conf_values`VALUES ('cookie_password','s:9:\"password2\";','text','Core','s:8:\"password\";',7,-1,550,30,30);
INSERT INTO `gl_conf_values`VALUES ('cookie_theme','s:6:\"theme2\";','text','Core','s:5:\"theme\";',7,-1,560,30,30);
INSERT INTO `gl_conf_values`VALUES ('cookie_language','s:9:\"language2\";','text','Core','s:8:\"language\";',7,-1,570,30,30);
INSERT INTO `gl_conf_values`VALUES ('cookie_tzid','s:9:\"timezone2\";','text','Core','s:8:\"timezone\";',7,-1,575,30,30);
INSERT INTO `gl_conf_values`VALUES ('cookie_anon_name','s:10:\"anon_name2\";','text','Core','s:9:\"anon_name\";',7,-1,577,30,30);
INSERT INTO `gl_conf_values`VALUES ('cookie_ip','i:0;','select','Core','i:0;',7,0,580,30,30);
INSERT INTO `gl_conf_values`VALUES ('default_perm_cookie_timeout','i:28800;','select','Core','i:28800;',7,-1,590,30,30);
INSERT INTO `gl_conf_values`VALUES ('session_cookie_timeout','i:7200;','text','Core','i:7200;',7,-1,600,30,30);
INSERT INTO `gl_conf_values`VALUES ('cookie_path','s:1:\"/\";','text','Core','s:1:\"/\";',7,-1,610,30,30);
INSERT INTO `gl_conf_values`VALUES ('cookiedomain','s:0:\"\";','text','Core','s:0:\"\";',7,-1,620,30,30);
INSERT INTO `gl_conf_values`VALUES ('cookiesecure','b:0;','select','Core','b:0;',7,1,630,30,30);
INSERT INTO `gl_conf_values`VALUES ('fs_misc','N;','fieldset','Core','N;',7,-1,0,31,31);
INSERT INTO `gl_conf_values`VALUES ('notification','a:0:{}','%select','Core','a:0:{}',7,25,800,31,31);
INSERT INTO `gl_conf_values`VALUES ('cron_schedule_interval','i:86400;','text','Core','i:0;',7,-1,860,31,31);
INSERT INTO `gl_conf_values`VALUES ('disable_autolinks','i:0;','select','Core','i:0;',7,0,1750,31,31);
INSERT INTO `gl_conf_values`VALUES ('clickable_links','i:1;','select','Core','i:1;',7,1,1753,31,31);
INSERT INTO `gl_conf_values`VALUES ('compressed_output','i:0;','select','Core','i:0;',7,1,1756,31,31);
INSERT INTO `gl_conf_values`VALUES ('frame_options','s:4:\"DENY\";','select','Core','s:4:\"DENY\";',7,22,1758,31,31);
INSERT INTO `gl_conf_values`VALUES ('fs_debug','N;','fieldset','Core','N;',7,-1,0,32,32);
INSERT INTO `gl_conf_values`VALUES ('rootdebug','b:0;','select','Core','b:0;',7,1,520,32,32);
INSERT INTO `gl_conf_values`VALUES ('fs_daily_digest','N;','fieldset','Core','N;',7,-1,0,33,33);
INSERT INTO `gl_conf_values`VALUES ('emailstories','i:0;','select','Core','i:0;',7,0,930,33,33);
INSERT INTO `gl_conf_values`VALUES ('emailstorieslength','i:1;','text','Core','i:1;',7,-1,940,33,33);
INSERT INTO `gl_conf_values`VALUES ('emailstoriesperdefault','i:0;','select','Core','i:0;',7,0,950,33,33);
INSERT INTO `gl_conf_values`VALUES ('fs_htmlfilter','N;','fieldset','Core','N;',7,-1,0,34,34);
INSERT INTO `gl_conf_values`VALUES ('user_html','a:18:{s:1:\"a\";a:3:{s:4:\"href\";i:1;s:5:\"title\";i:1;s:3:\"rel\";i:1;}s:1:\"b\";a:0:{}s:10:\"blockquote\";a:0:{}s:2:\"br\";a:1:{s:5:\"clear\";i:1;}s:4:\"code\";a:0:{}s:3:\"div\";a:1:{s:5:\"class\";i:1;}s:4:\"font\";a:1:{s:5:\"color\";i:1;}s:2:\"em\";a:0:{}s:1:\"h\";a:0:{}s:2:\"hr\";a:0:{}s:1:\"i\";a:0:{}s:2:\"li\";a:0:{}s:2:\"ol\";a:0:{}s:1:\"p\";a:1:{s:4:\"lang\";i:1;}s:3:\"pre\";a:0:{}s:6:\"strong\";a:0:{}s:2:\"tt\";a:0:{}s:2:\"ul\";a:0:{}}','**placeholder','Core','a:14:{s:1:\"p\";a:0:{}s:1:\"b\";a:0:{}s:6:\"strong\";a:0:{}s:1:\"i\";a:0:{}s:1:\"a\";a:3:{s:4:\"href\";i:1;s:5:\"title\";i:1;s:3:\"rel\";i:1;}s:2:\"em\";a:0:{}s:2:\"br\";a:0:{}s:2:\"tt\";a:0:{}s:2:\"hr\";a:0:{}s:2:\"li\";a:0:{}s:2:\"ol\";a:0:{}s:2:\"ul\";a:0:{}s:4:\"code\";a:0:{}s:3:\"pre\";a:0:{}}',7,-1,1710,34,34);
INSERT INTO `gl_conf_values`VALUES ('admin_html','a:26:{s:1:\"a\";a:7:{s:4:\"href\";i:1;s:5:\"title\";i:1;s:2:\"id\";i:1;s:4:\"lang\";i:1;s:4:\"name\";i:1;s:4:\"type\";i:1;s:3:\"rel\";i:1;}s:2:\"br\";a:2:{s:5:\"clear\";i:1;s:5:\"style\";i:1;}s:7:\"caption\";a:1:{s:5:\"style\";i:1;}s:3:\"div\";a:3:{s:5:\"class\";i:1;s:2:\"id\";i:1;s:5:\"style\";i:1;}s:5:\"embed\";a:8:{s:3:\"src\";i:1;s:4:\"loop\";i:1;s:7:\"quality\";i:1;s:5:\"width\";i:1;s:6:\"height\";i:1;s:4:\"type\";i:1;s:11:\"pluginspage\";i:1;s:5:\"align\";i:1;}s:2:\"h1\";a:3:{s:5:\"class\";i:1;s:2:\"id\";i:1;s:5:\"style\";i:1;}s:2:\"h2\";a:3:{s:5:\"class\";i:1;s:2:\"id\";i:1;s:5:\"style\";i:1;}s:2:\"h3\";a:3:{s:5:\"class\";i:1;s:2:\"id\";i:1;s:5:\"style\";i:1;}s:2:\"h4\";a:3:{s:5:\"class\";i:1;s:2:\"id\";i:1;s:5:\"style\";i:1;}s:2:\"h5\";a:3:{s:5:\"class\";i:1;s:2:\"id\";i:1;s:5:\"style\";i:1;}s:2:\"h6\";a:3:{s:5:\"class\";i:1;s:2:\"id\";i:1;s:5:\"style\";i:1;}s:2:\"hr\";a:3:{s:5:\"class\";i:1;s:2:\"id\";i:1;s:5:\"align\";i:1;}s:3:\"img\";a:15:{s:3:\"src\";i:1;s:5:\"width\";i:1;s:6:\"height\";i:1;s:6:\"vspace\";i:1;s:6:\"hspace\";i:1;s:3:\"dir\";i:1;s:5:\"align\";i:1;s:6:\"valign\";i:1;s:6:\"border\";i:1;s:4:\"lang\";i:1;s:8:\"longdesc\";i:1;s:5:\"title\";i:1;s:2:\"id\";i:1;s:3:\"alt\";i:1;s:5:\"style\";i:1;}s:8:\"noscript\";a:0:{}s:6:\"object\";a:7:{s:4:\"type\";i:1;s:4:\"data\";i:1;s:7:\"classid\";i:1;s:8:\"codebase\";i:1;s:5:\"width\";i:1;s:6:\"height\";i:1;s:5:\"align\";i:1;}s:2:\"ol\";a:2:{s:5:\"class\";i:1;s:5:\"style\";i:1;}s:1:\"p\";a:4:{s:5:\"class\";i:1;s:2:\"id\";i:1;s:5:\"align\";i:1;s:4:\"lang\";i:1;}s:5:\"param\";a:2:{s:4:\"name\";i:1;s:5:\"value\";i:1;}s:6:\"script\";a:3:{s:3:\"src\";i:1;s:8:\"language\";i:1;s:4:\"type\";i:1;}s:4:\"span\";a:3:{s:5:\"class\";i:1;s:2:\"id\";i:1;s:4:\"lang\";i:1;}s:5:\"table\";a:6:{s:5:\"class\";i:1;s:2:\"id\";i:1;s:5:\"width\";i:1;s:6:\"border\";i:1;s:11:\"cellspacing\";i:1;s:11:\"cellpadding\";i:1;}s:5:\"tbody\";a:0:{}s:2:\"td\";a:6:{s:5:\"class\";i:1;s:2:\"id\";i:1;s:5:\"align\";i:1;s:6:\"valign\";i:1;s:7:\"colspan\";i:1;s:7:\"rowspan\";i:1;}s:2:\"th\";a:6:{s:5:\"class\";i:1;s:2:\"id\";i:1;s:5:\"align\";i:1;s:6:\"valign\";i:1;s:7:\"colspan\";i:1;s:7:\"rowspan\";i:1;}s:2:\"tr\";a:4:{s:5:\"class\";i:1;s:2:\"id\";i:1;s:5:\"align\";i:1;s:6:\"valign\";i:1;}s:2:\"ul\";a:2:{s:5:\"class\";i:1;s:5:\"style\";i:1;}}','**placeholder','Core','a:7:{s:1:\"p\";a:3:{s:5:\"class\";i:1;s:2:\"id\";i:1;s:5:\"align\";i:1;}s:3:\"div\";a:2:{s:5:\"class\";i:1;s:2:\"id\";i:1;}s:4:\"span\";a:2:{s:5:\"class\";i:1;s:2:\"id\";i:1;}s:5:\"table\";a:6:{s:5:\"class\";i:1;s:2:\"id\";i:1;s:5:\"width\";i:1;s:6:\"border\";i:1;s:11:\"cellspacing\";i:1;s:11:\"cellpadding\";i:1;}s:2:\"tr\";a:4:{s:5:\"class\";i:1;s:2:\"id\";i:1;s:5:\"align\";i:1;s:6:\"valign\";i:1;}s:2:\"th\";a:6:{s:5:\"class\";i:1;s:2:\"id\";i:1;s:5:\"align\";i:1;s:6:\"valign\";i:1;s:7:\"colspan\";i:1;s:7:\"rowspan\";i:1;}s:2:\"td\";a:6:{s:5:\"class\";i:1;s:2:\"id\";i:1;s:5:\"align\";i:1;s:6:\"valign\";i:1;s:7:\"colspan\";i:1;s:7:\"rowspan\";i:1;}}',7,-1,1720,34,34);
INSERT INTO `gl_conf_values`VALUES ('advanced_html','a:1:{s:3:\"img\";a:7:{s:5:\"width\";i:1;s:6:\"height\";i:1;s:3:\"src\";i:1;s:5:\"align\";i:1;s:6:\"valign\";i:1;s:6:\"border\";i:1;s:3:\"alt\";i:1;}}','**placeholder','Core','a:1:{s:3:\"img\";a:7:{s:5:\"width\";i:1;s:6:\"height\";i:1;s:3:\"src\";i:1;s:5:\"align\";i:1;s:6:\"valign\";i:1;s:6:\"border\";i:1;s:3:\"alt\";i:1;}}',7,-1,1721,34,34);
INSERT INTO `gl_conf_values`VALUES ('skip_html_filter_for_root','i:1;','select','Core','i:0;',7,0,1730,34,34);
INSERT INTO `gl_conf_values`VALUES ('allowed_protocols','a:3:{i:0;s:4:\"http\";i:1;s:3:\"ftp\";i:2;s:5:\"https\";}','%text','Core','a:3:{i:0;s:4:\"http\";i:1;s:3:\"ftp\";i:2;s:5:\"https\";}',7,-1,1740,34,34);
INSERT INTO `gl_conf_values`VALUES ('fs_censoring','N;','fieldset','Core','N;',7,-1,0,35,35);
INSERT INTO `gl_conf_values`VALUES ('censormode','i:0;','select','Core','i:1;',7,18,1760,35,35);
INSERT INTO `gl_conf_values`VALUES ('censorreplace','s:10:\"*censored*\";','text','Core','s:10:\"*censored*\";',7,-1,1770,35,35);
INSERT INTO `gl_conf_values`VALUES ('censorlist','a:14:{i:0;s:4:\"fuck\";i:1;s:4:\"cunt\";i:2;s:6:\"fucker\";i:3;s:7:\"fucking\";i:4;s:5:\"pussy\";i:5;s:4:\"cock\";i:6;s:4:\"c0ck\";i:7;s:5:\" cum \";i:8;s:4:\"twat\";i:9;s:4:\"clit\";i:10;s:5:\"bitch\";i:11;s:3:\"fuk\";i:12;s:6:\"fuking\";i:13;s:12:\"motherfucker\";}','%text','Core','a:14:{i:0;s:4:\"fuck\";i:1;s:4:\"cunt\";i:2;s:6:\"fucker\";i:3;s:7:\"fucking\";i:4;s:5:\"pussy\";i:5;s:4:\"cock\";i:6;s:4:\"c0ck\";i:7;s:5:\" cum \";i:8;s:4:\"twat\";i:9;s:4:\"clit\";i:10;s:5:\"bitch\";i:11;s:3:\"fuk\";i:12;s:6:\"fuking\";i:13;s:12:\"motherfucker\";}',7,-1,1780,35,35);
INSERT INTO `gl_conf_values`VALUES ('fs_iplookup','N;','fieldset','Core','N;',7,-1,0,36,36);
INSERT INTO `gl_conf_values`VALUES ('ip_lookup','unset','text','Core','s:28:\"/nettools/whois.php?domain=*\";',7,-1,1790,36,36);
INSERT INTO `gl_conf_values`VALUES ('fs_perm_story','N;','fieldset','Core','N;',7,-1,0,37,37);
INSERT INTO `gl_conf_values`VALUES ('default_permissions_story','a:4:{i:0;i:3;i:1;i:2;i:2;i:2;i:3;i:2;}','@select','Core','a:4:{i:0;i:3;i:1;i:2;i:2;i:2;i:3;i:2;}',7,12,1820,37,37);
INSERT INTO `gl_conf_values`VALUES ('fs_perm_topic','N;','fieldset','Core','N;',7,-1,0,37,38);
INSERT INTO `gl_conf_values`VALUES ('default_permissions_topic','a:4:{i:0;i:3;i:1;i:2;i:2;i:2;i:3;i:2;}','@select','Core','a:4:{i:0;i:3;i:1;i:2;i:2;i:2;i:3;i:2;}',7,12,1830,37,38);
INSERT INTO `gl_conf_values`VALUES ('fs_perm_block','N;','fieldset','Core','N;',7,-1,0,37,39);
INSERT INTO `gl_conf_values`VALUES ('default_permissions_block','a:4:{i:0;i:3;i:1;i:2;i:2;i:2;i:3;i:2;}','@select','Core','a:4:{i:0;i:3;i:1;i:2;i:2;i:2;i:3;i:2;}',7,12,1810,37,39);
INSERT INTO `gl_conf_values`VALUES ('fs_webservices','N;','fieldset','Core','N;',7,-1,0,40,40);
INSERT INTO `gl_conf_values`VALUES ('disable_webservices','i:1;','select','Core','i:1;',7,0,1840,40,40);
INSERT INTO `gl_conf_values`VALUES ('restrict_webservices','i:0;','select','Core','i:0;',7,0,1850,40,40);
INSERT INTO `gl_conf_values`VALUES ('atom_max_stories','i:10;','text','Core','i:10;',7,0,1860,40,40);
INSERT INTO `gl_conf_values`VALUES ('language','s:14:\"japanese_utf-8\";','select','Core','s:7:\"english\";',6,-1,350,28,28);
INSERT INTO `gl_conf_values`VALUES ('language_files','a:4:{s:2:\"ja\";s:14:\"japanese_utf-8\";s:2:\"en\";s:13:\"english_utf-8\";s:2:\"ko\";s:12:\"korean_utf-8\";s:2:\"zh\";s:24:\"chinese_simplified_utf-8\";}','*text','Core','a:4:{s:2:\"en\";s:13:\"english_utf-8\";s:2:\"ja\";s:14:\"japanese_utf-8\";s:2:\"ko\";s:12:\"korean_utf-8\";s:2:\"zh\";s:24:\"chinese_simpiefied_utf-8\";}',6,-1,470,28,29);
INSERT INTO `gl_conf_values`VALUES ('languages','a:4:{s:2:\"ja\";s:8:\"Japanese\";s:2:\"en\";s:7:\"English\";s:2:\"ko\";s:6:\"Korian\";s:2:\"zh\";s:7:\"Chinese\";}','*text','Core','unset:a:2:{s:2:\"en\";s:7:\"English\";s:2:\"de\";s:7:\"Deutsch\";}',6,-1,480,28,29);
INSERT INTO `gl_conf_values`VALUES ('sg_main','N;','subgroup','japanize','N;',0,-1,0,NULL,0);
INSERT INTO `gl_conf_values`VALUES ('fs_main','N;','fieldset','japanize','N;',0,-1,0,NULL,0);
INSERT INTO `gl_conf_values`VALUES ('censor','i:0;','select','staticpages','i:0;',0,0,90,0,0);
INSERT INTO `gl_conf_values`VALUES ('filter_html','i:0;','select','staticpages','i:0;',0,0,80,0,0);
INSERT INTO `gl_conf_values`VALUES ('show_date','i:1;','select','staticpages','i:1;',0,0,70,0,0);
INSERT INTO `gl_conf_values`VALUES ('show_hits','i:1;','select','staticpages','i:1;',0,0,60,0,0);
INSERT INTO `gl_conf_values`VALUES ('in_block','i:1;','select','staticpages','i:1;',0,0,50,0,0);
INSERT INTO `gl_conf_values`VALUES ('delete_pages','i:0;','select','staticpages','i:0;',0,0,40,0,0);
INSERT INTO `gl_conf_values`VALUES ('sort_list_by','s:4:\"date\";','select','staticpages','s:5:\"title\";',0,4,35,0,0);
INSERT INTO `gl_conf_values`VALUES ('sort_menu_by','s:5:\"label\";','select','staticpages','s:5:\"label\";',0,3,30,0,0);
INSERT INTO `gl_conf_values`VALUES ('sort_by','s:2:\"id\";','select','staticpages','s:2:\"id\";',0,2,20,0,0);
INSERT INTO `gl_conf_values`VALUES ('allow_php','i:1;','select','staticpages','i:1;',0,0,10,0,0);
INSERT INTO `gl_conf_values`VALUES ('sg_main','N;','subgroup','staticpages','N;',0,-1,0,0,0);
INSERT INTO `gl_conf_values`VALUES ('fs_main','N;','fieldset','staticpages','N;',0,-1,0,0,0);
INSERT INTO `gl_conf_values`VALUES ('cron_backup','b:1;','select','dbman','b:0;',0,0,150,NULL,0);
INSERT INTO `gl_conf_values`VALUES ('backup_except','a:1:{i:0;s:10:\"/^gl_gus_/\";}','%text','dbman','a:1:{i:0;s:10:\"/^gl_gus_/\";}',0,-1,140,NULL,0);
INSERT INTO `gl_conf_values`VALUES ('compression_level','i:8;','select','dbman','i:8;',0,1,130,NULL,0);
INSERT INTO `gl_conf_values`VALUES ('chunk_size','i:100;','text','dbman','i:100;',0,-1,120,NULL,0);
INSERT INTO `gl_conf_values`VALUES ('allow_restore','b:1;','select','dbman','b:0;',0,0,110,NULL,0);
INSERT INTO `gl_conf_values`VALUES ('fs_backup','N;','fieldset','dbman','N;',0,-1,2,NULL,1);
INSERT INTO `gl_conf_values`VALUES ('fs_main','N;','fieldset','dbman','N;',0,-1,1,NULL,0);
INSERT INTO `gl_conf_values`VALUES ('sg_main','N;','subgroup','dbman','N;',0,-1,0,NULL,0);
INSERT INTO `gl_conf_values`VALUES ('sg_main','N;','subgroup','navman','N;',0,-1,0,NULL,0);
INSERT INTO `gl_conf_values`VALUES ('fs_main','N;','fieldset','navman','N;',0,-1,0,NULL,0);
INSERT INTO `gl_conf_values`VALUES ('prefix_id','s:9:\"navmitem-\";','text','navman','s:9:\"navmitem-\";',0,0,0,NULL,0);
INSERT INTO `gl_conf_values`VALUES ('tagname','s:4:\"navi\";','text','navman','s:4:\"navi\";',0,0,1,NULL,0);
INSERT INTO `gl_conf_values`VALUES ('templatevar','a:5:{i:0;s:17:\"header_navigation\";i:1;s:17:\"footer_navigation\";i:2;s:11:\"breadcrumbs\";i:3;s:15:\"info_navigation\";i:4;s:20:\"multilang_navigation\";}','%text','navman','a:3:{i:0;s:17:\"header_navigation\";i:1;s:17:\"footer_navigation\";i:2;s:11:\"breadcrumbs\";}',0,-1,2,NULL,0);
INSERT INTO `gl_conf_values`VALUES ('menuitem_group','a:5:{i:0;s:12:\"global_items\";i:1;s:11:\"local_items\";i:2;s:11:\"breadcrumbs\";i:3;s:10:\"info_items\";i:4;s:15:\"multilang_items\";}','%text','navman','a:3:{i:0;s:12:\"global_items\";i:1;s:11:\"local_items\";i:2;s:11:\"breadcrumbs\";}',0,-1,3,NULL,0);
INSERT INTO `gl_conf_values`VALUES ('use_theme','i:1;','select','navman','s:1:\"0\";',0,0,4,NULL,0);
INSERT INTO `gl_conf_values`VALUES ('fs_breadcrumbs','N;','fieldset','navman','N;',0,-1,0,NULL,1);
INSERT INTO `gl_conf_values`VALUES ('enable_breadcrumbs','s:1:\"1\";','select','navman','s:1:\"1\";',0,0,5,NULL,1);
INSERT INTO `gl_conf_values`VALUES ('current_with_link','s:1:\"0\";','select','navman','s:1:\"0\";',0,0,6,NULL,1);
INSERT INTO `gl_conf_values`VALUES ('show_bc_inhome','s:1:\"1\";','select','navman','s:1:\"1\";',0,0,7,NULL,1);
INSERT INTO `gl_conf_values`VALUES ('fs_permissions','N;','fieldset','navman','N;',0,-1,0,NULL,2);
INSERT INTO `gl_conf_values`VALUES ('default_permissions','a:4:{i:0;i:3;i:1;i:2;i:2;i:2;i:3;i:2;}','@select','navman','a:4:{i:0;i:3;i:1;i:2;i:2;i:2;i:3;i:2;}',0,12,8,NULL,2);
INSERT INTO `gl_conf_values`VALUES ('sg_main','N;','subgroup','tkgmaps','N;',0,-1,0,NULL,0);
INSERT INTO `gl_conf_values`VALUES ('enable_links','i:1;','select','captcha','i:1;',0,0,130,0,10);
INSERT INTO `gl_conf_values`VALUES ('enable_calendar','i:1;','select','captcha','i:1;',0,0,120,0,10);
INSERT INTO `gl_conf_values`VALUES ('enable_story','i:1;','select','captcha','i:1;',0,0,110,0,10);
INSERT INTO `gl_conf_values`VALUES ('enable_registration','i:1;','select','captcha','i:1;',0,0,80,0,10);
INSERT INTO `gl_conf_values`VALUES ('enable_mediagallery','i:1;','select','captcha','i:1;',0,0,90,0,10);
INSERT INTO `gl_conf_values`VALUES ('enable_rating','i:1;','select','captcha','i:1;',0,0,100,0,10);
INSERT INTO `gl_conf_values`VALUES ('enable_forum','i:1;','select','captcha','i:1;',0,0,70,0,10);
INSERT INTO `gl_conf_values`VALUES ('enable_emailstory','i:1;','select','captcha','i:1;',0,0,60,0,10);
INSERT INTO `gl_conf_values`VALUES ('remoteusers','i:0;','select','captcha','i:0;',0,0,20,0,10);
INSERT INTO `gl_conf_values`VALUES ('enable_comment','i:1;','select','captcha','i:1;',0,0,40,0,10);
INSERT INTO `gl_conf_values`VALUES ('enable_contact','i:1;','select','captcha','i:1;',0,0,50,0,10);
INSERT INTO `gl_conf_values`VALUES ('anonymous_only','i:1;','select','captcha','i:1;',0,0,10,0,10);
INSERT INTO `gl_conf_values`VALUES ('logging','i:0;','select','captcha','i:0;',0,0,60,0,0);
INSERT INTO `gl_conf_values`VALUES ('input_id','i:1561700747;','text','captcha','i:1561700747;',0,0,70,0,0);
INSERT INTO `gl_conf_values`VALUES ('use_slider','i:1;','select','captcha','i:1;',0,0,80,0,0);
INSERT INTO `gl_conf_values`VALUES ('fs_integration','N;','fieldset','captcha','N;',0,-1,0,0,10);
INSERT INTO `gl_conf_values`VALUES ('debug','s:1:\"1\";','select','captcha','i:0;',0,0,50,0,0);
INSERT INTO `gl_conf_values`VALUES ('fs_config','N;','fieldset','captcha','N;',0,-1,0,0,0);
INSERT INTO `gl_conf_values`VALUES ('tab_main','N;','tab','captcha','N;',0,-1,0,0,0);
INSERT INTO `gl_conf_values`VALUES ('meta_tags','s:1:\"1\";','select','Core','i:0;',0,23,2000,0,0);
INSERT INTO `gl_conf_values`VALUES ('meta_description','s:187:\"英語・中国語・韓国語でボランティア　外国人 留学生　国際人の就職　就職講座、旅行、留学、部屋探し、イベント情報の国際交流サイト\";','textarea','Core','s:82:\"Geeklog, the open source content management system designed with security in mind.\";',0,-1,2010,0,0);
INSERT INTO `gl_conf_values`VALUES ('meta_keywords','s:163:\"英語,中国語,韓国語,ボランティア,外国人,留学生,国際人,就職,就職講座,旅行,留学,部屋探し,イベント情報,国際交流サイト\";','textarea','Core','s:68:\"Geeklog, Blog, Content Management System, CMS, Open Source, Security\";',0,-1,2020,0,0);
INSERT INTO `gl_conf_values`VALUES ('article_comment_close_enabled','s:1:\"1\";','select','Core','i:0;',4,0,1685,21,21);
INSERT INTO `gl_conf_values`VALUES ('search_def_sort','s:9:\"hits|desc\";','select','Core','s:9:\"hits|desc\";',0,27,676,6,6);
INSERT INTO `gl_conf_values`VALUES ('aftersave','s:4:\"list\";','select','staticpages','s:4:\"list\";',0,9,100,0,0);
INSERT INTO `gl_conf_values`VALUES ('atom_max_items','i:10;','text','staticpages','i:10;',0,-1,110,0,0);
INSERT INTO `gl_conf_values`VALUES ('meta_tags','i:0;','select','staticpages','i:0;',0,0,120,0,0);
INSERT INTO `gl_conf_values`VALUES ('comment_code','i:-1;','select','staticpages','i:-1;',0,17,125,0,0);
INSERT INTO `gl_conf_values`VALUES ('draft_flag','i:0;','select','staticpages','i:0;',0,0,127,0,0);
INSERT INTO `gl_conf_values`VALUES ('fs_whatsnew','N;','fieldset','staticpages','N;',0,-1,0,1,1);
INSERT INTO `gl_conf_values`VALUES ('newstaticpagesinterval','i:1209600;','text','staticpages','i:1209600;',0,-1,10,1,1);
INSERT INTO `gl_conf_values`VALUES ('hidenewstaticpages','s:4:\"hide\";','select','staticpages','s:4:\"hide\";',0,5,20,1,1);
INSERT INTO `gl_conf_values`VALUES ('title_trim_length','i:20;','text','staticpages','i:20;',0,-1,30,1,1);
INSERT INTO `gl_conf_values`VALUES ('includecenterblocks','i:0;','select','staticpages','i:0;',0,0,40,1,1);
INSERT INTO `gl_conf_values`VALUES ('includephp','i:0;','select','staticpages','i:0;',0,0,50,1,1);
INSERT INTO `gl_conf_values`VALUES ('fs_search','N;','fieldset','staticpages','N;',0,-1,0,2,2);
INSERT INTO `gl_conf_values`VALUES ('includesearch','i:1;','select','staticpages','i:1;',0,0,10,2,2);
INSERT INTO `gl_conf_values`VALUES ('includesearchcenterblocks','i:0;','select','staticpages','i:0;',0,0,20,2,2);
INSERT INTO `gl_conf_values`VALUES ('includesearchphp','i:0;','select','staticpages','i:0;',0,0,30,2,2);
INSERT INTO `gl_conf_values`VALUES ('fs_permissions','N;','fieldset','staticpages','N;',0,-1,0,3,3);
INSERT INTO `gl_conf_values`VALUES ('default_permissions','a:4:{i:0;i:3;i:1;i:2;i:2;i:2;i:3;i:2;}','@select','staticpages','a:4:{i:0;i:3;i:1;i:2;i:2;i:2;i:3;i:2;}',0,12,130,3,3);
INSERT INTO `gl_conf_values`VALUES ('fs_main','N;','fieldset','tkgmaps','N;',0,-1,0,NULL,0);
INSERT INTO `gl_conf_values`VALUES ('gmapapikey','s:39:\"取得したkeyを入れてください\";','text','tkgmaps','s:39:\"取得したkeyを入れてください\";',0,-1,10,NULL,0);
INSERT INTO `gl_conf_values`VALUES ('setmaptype','unset','text','tkgmaps','s:12:\"G_NORMAL_MAP\";',0,-1,20,NULL,0);
INSERT INTO `gl_conf_values`VALUES ('infodispevent','s:5:\"click\";','select','tkgmaps','s:5:\"click\";',0,2,30,NULL,0);
INSERT INTO `gl_conf_values`VALUES ('infodispcenter','i:1;','select','tkgmaps','i:1;',0,0,40,NULL,0);
INSERT INTO `gl_conf_values`VALUES ('fs_controls','N;','fieldset','tkgmaps','N;',0,-1,0,NULL,1);
INSERT INTO `gl_conf_values`VALUES ('largectrl','i:1;','select','tkgmaps','i:1;',0,0,50,NULL,1);
INSERT INTO `gl_conf_values`VALUES ('smallctrl','i:0;','select','tkgmaps','i:0;',0,0,60,NULL,1);
INSERT INTO `gl_conf_values`VALUES ('smallzoomctrl','i:0;','select','tkgmaps','i:0;',0,0,70,NULL,1);
INSERT INTO `gl_conf_values`VALUES ('maptypectrl','i:1;','select','tkgmaps','i:1;',0,0,80,NULL,1);
INSERT INTO `gl_conf_values`VALUES ('overviewctrl','i:1;','select','tkgmaps','i:1;',0,0,90,NULL,1);
INSERT INTO `gl_conf_values`VALUES ('scalectrl','i:1;','select','tkgmaps','i:1;',0,0,100,NULL,1);
INSERT INTO `gl_conf_values`VALUES ('fs_maptypes','N;','fieldset','tkgmaps','N;',0,-1,0,NULL,2);
INSERT INTO `gl_conf_values`VALUES ('maptypes','a:3:{i:0;s:12:\"G_NORMAL_MAP\";i:1;s:15:\"G_SATELLITE_MAP\";i:2;s:12:\"G_HYBRID_MAP\";}','%text','tkgmaps','a:3:{i:0;s:12:\"G_NORMAL_MAP\";i:1;s:15:\"G_SATELLITE_MAP\";i:2;s:12:\"G_HYBRID_MAP\";}',0,-1,150,NULL,2);
INSERT INTO `gl_conf_values`VALUES ('sg_mediagallery','N;','subgroup','tkgmaps','N;',1,-1,0,NULL,0);
INSERT INTO `gl_conf_values`VALUES ('fs_mediagallery','N;','fieldset','tkgmaps','N;',1,-1,0,NULL,3);
INSERT INTO `gl_conf_values`VALUES ('mg2gmaps','i:1;','select','tkgmaps','i:1;',1,0,310,NULL,3);
INSERT INTO `gl_conf_values`VALUES ('mg2duplication','i:1;','select','tkgmaps','i:1;',1,0,320,NULL,3);
INSERT INTO `gl_conf_values`VALUES ('fs_mginfo','N;','fieldset','tkgmaps','N;',1,-1,0,NULL,4);
INSERT INTO `gl_conf_values`VALUES ('mginfoformat','s:98:\"[image][br]Title: [title][br]Information: [description][keywords][DateTimeOriginal][Place][Artist]\";','text','tkgmaps','s:98:\"[image][br]Title: [title][br]Information: [description][keywords][DateTimeOriginal][Place][Artist]\";',1,0,350,NULL,4);
INSERT INTO `gl_conf_values`VALUES ('mginfoimgformat','s:66:\"<img src=\"[img_url]\" width=\"120\" height=\"90\" alt=\"[title]\"[xhtml]>\";','text','tkgmaps','s:66:\"<img src=\"[img_url]\" width=\"120\" height=\"90\" alt=\"[title]\"[xhtml]>\";',1,0,360,NULL,4);
INSERT INTO `gl_conf_values`VALUES ('mginfokeywordsformat','s:24:\"[br]Keywords: [keywords]\";','text','tkgmaps','s:24:\"[br]Keywords: [keywords]\";',1,0,370,NULL,4);
INSERT INTO `gl_conf_values`VALUES ('mginfoexifformat','a:3:{s:16:\"DateTimeOriginal\";s:34:\"[br]Date Taken: [DateTimeOriginal]\";s:5:\"Place\";s:18:\"[br]Place: [Place]\";s:6:\"Artist\";s:22:\"[br]Taken by: [Artist]\";}','*text','tkgmaps','a:3:{s:16:\"DateTimeOriginal\";s:34:\"[br]Date Taken: [DateTimeOriginal]\";s:5:\"Place\";s:18:\"[br]Place: [Place]\";s:6:\"Artist\";s:22:\"[br]Taken by: [Artist]\";}',1,0,380,NULL,4);
INSERT INTO `gl_conf_values`VALUES ('fs_mgtagdisp','N;','fieldset','tkgmaps','N;',1,-1,0,NULL,5);
INSERT INTO `gl_conf_values`VALUES ('mgdispmgpoint','i:1;','select','tkgmaps','i:1;',1,0,410,NULL,5);
INSERT INTO `gl_conf_values`VALUES ('mgpointmapdesc','s:15:\"画像の場所\";','text','tkgmaps','s:15:\"画像の場所\";',1,-1,420,NULL,5);
INSERT INTO `gl_conf_values`VALUES ('mgpointmapdesc_pos','i:1;','select','tkgmaps','i:1;',1,1,430,NULL,5);
INSERT INTO `gl_conf_values`VALUES ('mgpointmapwidth','i:230;','text','tkgmaps','i:230;',1,-1,440,NULL,5);
INSERT INTO `gl_conf_values`VALUES ('mgpointmapheight','i:170;','text','tkgmaps','i:170;',1,-1,450,NULL,5);
INSERT INTO `gl_conf_values`VALUES ('mgpointmapzoom','i:12;','text','tkgmaps','i:12;',1,-1,460,NULL,5);
INSERT INTO `gl_conf_values`VALUES ('mgpointmaptype','s:14:\"G_PHYSICAL_MAP\";','text','tkgmaps','s:14:\"G_PHYSICAL_MAP\";',1,-1,470,NULL,5);
INSERT INTO `gl_conf_values`VALUES ('mgdispmgexif','i:1;','select','tkgmaps','i:1;',1,0,510,NULL,5);
INSERT INTO `gl_conf_values`VALUES ('sg_main','N;','subgroup','banner','N;',0,-1,0,NULL,0);
INSERT INTO `gl_conf_values`VALUES ('fs_public','N;','fieldset','banner','N;',0,-1,0,NULL,0);
INSERT INTO `gl_conf_values`VALUES ('bannerloginrequired','i:0;','select','banner','i:0;',0,0,10,NULL,0);
INSERT INTO `gl_conf_values`VALUES ('bannercols','i:3;','text','banner','i:3;',0,0,20,NULL,0);
INSERT INTO `gl_conf_values`VALUES ('bannerperpage','i:10;','text','banner','i:10;',0,0,30,NULL,0);
INSERT INTO `gl_conf_values`VALUES ('show_top10','b:1;','select','banner','b:1;',0,1,40,NULL,0);
INSERT INTO `gl_conf_values`VALUES ('show_category_descriptions','b:1;','select','banner','b:1;',0,1,50,NULL,0);
INSERT INTO `gl_conf_values`VALUES ('fs_admin','N;','fieldset','banner','N;',0,-1,0,NULL,1);
INSERT INTO `gl_conf_values`VALUES ('bannertemplatevariables','i:0;','select','banner','i:0;',0,0,60,NULL,1);
INSERT INTO `gl_conf_values`VALUES ('hidenewbanner','i:1;','select','banner','i:0;',0,0,70,NULL,1);
INSERT INTO `gl_conf_values`VALUES ('newbannerinterval','i:1209600;','text','banner','i:1209600;',0,0,80,NULL,1);
INSERT INTO `gl_conf_values`VALUES ('hidebannermenu','i:0;','select','banner','i:0;',0,0,90,NULL,1);
INSERT INTO `gl_conf_values`VALUES ('bannersubmission','i:1;','select','banner','i:1;',0,0,100,NULL,1);
INSERT INTO `gl_conf_values`VALUES ('notification','i:0;','select','banner','i:0;',0,0,110,NULL,1);
INSERT INTO `gl_conf_values`VALUES ('delete_banner','i:0;','select','banner','i:0;',0,0,120,NULL,1);
INSERT INTO `gl_conf_values`VALUES ('aftersave','s:4:\"list\";','select','banner','s:4:\"list\";',0,9,130,NULL,1);
INSERT INTO `gl_conf_values`VALUES ('root','s:4:\"site\";','text','banner','s:4:\"site\";',0,0,140,NULL,1);
INSERT INTO `gl_conf_values`VALUES ('admin_editlink','b:1;','select','banner','b:1;',0,1,150,NULL,1);
INSERT INTO `gl_conf_values`VALUES ('fs_adminlist','N;','fieldset','banner','N;',0,-1,0,NULL,2);
INSERT INTO `gl_conf_values`VALUES ('admin_disptitle','b:1;','select','banner','b:1;',0,1,200,NULL,2);
INSERT INTO `gl_conf_values`VALUES ('admin_dispdescription','b:1;','select','banner','b:1;',0,1,210,NULL,2);
INSERT INTO `gl_conf_values`VALUES ('admin_dispaccess','b:1;','select','banner','b:1;',0,1,220,NULL,2);
INSERT INTO `gl_conf_values`VALUES ('admin_dispcategory','b:1;','select','banner','b:1;',0,1,230,NULL,2);
INSERT INTO `gl_conf_values`VALUES ('admin_disppublishstart','b:1;','select','banner','b:1;',0,1,240,NULL,2);
INSERT INTO `gl_conf_values`VALUES ('admin_disppublishend','b:1;','select','banner','b:1;',0,1,250,NULL,2);
INSERT INTO `gl_conf_values`VALUES ('admin_disphits','b:1;','select','banner','b:1;',0,1,260,NULL,2);
INSERT INTO `gl_conf_values`VALUES ('fs_permissions','N;','fieldset','banner','N;',0,-1,0,NULL,3);
INSERT INTO `gl_conf_values`VALUES ('default_permissions','a:4:{i:0;i:3;i:1;i:2;i:2;i:2;i:3;i:2;}','@select','banner','a:4:{i:0;i:3;i:1;i:2;i:2;i:2;i:3;i:2;}',0,12,300,NULL,3);
INSERT INTO `gl_conf_values`VALUES ('sg_main','N;','subgroup','googleanalytics','N;',0,-1,0,0,0);
INSERT INTO `gl_conf_values`VALUES ('fs_main','N;','fieldset','googleanalytics','N;',0,-1,0,0,0);
INSERT INTO `gl_conf_values`VALUES ('gatrackingid','s:12:\"UA-286323-14\";','text','googleanalytics','s:12:\"UA-XXXXXXX-X\";',0,-1,10,0,0);
INSERT INTO `gl_conf_values`VALUES ('gatrackingid_mobile','s:12:\"UA-286323-15\";','text','googleanalytics','unset:s:12:\"UA-XXXXXXX-X\";',0,-1,20,0,0);
INSERT INTO `gl_conf_values`VALUES ('asynchronous','i:1;','select','googleanalytics','i:1;',0,0,30,0,0);
INSERT INTO `gl_conf_values`VALUES ('nomobilebottracking','i:1;','select','googleanalytics','i:1;',0,0,40,0,0);
INSERT INTO `gl_conf_values`VALUES ('fs_mobilebotua','N;','fieldset','googleanalytics','N;',0,-1,0,1,1);
INSERT INTO `gl_conf_values`VALUES ('mobilebotua','a:6:{i:0;s:13:\"BaiduMobaider\";i:1;s:7:\"Y!J-SRD\";i:2;s:7:\"Y!J-MRD\";i:3;s:12:\"moba-crawler\";i:4;s:10:\"mobile goo\";i:5;s:13:\"LD_mobile_bot\";}','%text','googleanalytics','a:8:{i:0;s:16:\"Googlebot-Mobile\";i:1;s:13:\"BaiduMobaider\";i:2;s:7:\"Y!J-SRD\";i:3;s:7:\"Y!J-MRD\";i:4;s:12:\"moba-crawler\";i:5;s:10:\"mobile goo\";i:6;s:13:\"LD_mobile_bot\";i:7;s:9:\"froute.jp\";}',0,-1,110,1,1);
INSERT INTO `gl_conf_values`VALUES ('tab_pro','N;','tab','assist','N;',0,-1,0,9,9);
INSERT INTO `gl_conf_values`VALUES ('autotag_permissions_assist','a:4:{i:0;i:2;i:1;i:2;i:2;i:2;i:3;i:2;}','@select','assist','a:4:{i:0;i:2;i:1;i:2;i:2;i:2;i:3;i:2;}',0,13,40,1,1);
INSERT INTO `gl_conf_values`VALUES ('autotag_permissions_conf','a:4:{i:0;i:2;i:1;i:2;i:2;i:2;i:3;i:2;}','@select','assist','a:4:{i:0;i:2;i:1;i:2;i:2;i:2;i:3;i:2;}',0,13,30,1,1);
INSERT INTO `gl_conf_values`VALUES ('autotag_permissions_newstories2','a:4:{i:0;i:2;i:1;i:2;i:2;i:2;i:3;i:2;}','@select','assist','a:4:{i:0;i:2;i:1;i:2;i:2;i:2;i:3;i:2;}',0,13,20,1,1);
INSERT INTO `gl_conf_values`VALUES ('fs_main','N;','fieldset','assist','N;',0,-1,0,0,0);
INSERT INTO `gl_conf_values`VALUES ('title_trim_length','i:20;','text','assist','i:20;',0,-1,10,0,0);
INSERT INTO `gl_conf_values`VALUES ('intervalday','i:90;','text','assist','i:90;',0,-1,20,0,0);
INSERT INTO `gl_conf_values`VALUES ('limitcnt','i:10;','text','assist','i:10;',0,-1,30,0,0);
INSERT INTO `gl_conf_values`VALUES ('newmarkday','i:3;','text','assist','i:3;',0,-1,40,0,0);
INSERT INTO `gl_conf_values`VALUES ('topics','s:0:\"\";','text','assist','s:0:\"\";',0,-1,50,0,0);
INSERT INTO `gl_conf_values`VALUES ('new_img','s:50:\"<span class=\"uk-label uk-label-danger\">new!</span>\";','textarea','assist','s:36:\"<span class=\"assist_new\">new!</span>\";',0,-1,60,0,0);
INSERT INTO `gl_conf_values`VALUES ('rss_img','s:35:\"<span class=\"assist_new\">RSS</span>\";','textarea','assist','s:35:\"<span class=\"assist_new\">RSS</span>\";',0,-1,70,0,0);
INSERT INTO `gl_conf_values`VALUES ('user_login_method','a:4:{s:8:\"standard\";b:1;s:6:\"openid\";b:0;s:8:\"3rdparty\";b:0;s:5:\"oauth\";b:0;}','@select','Core','a:4:{s:8:\"standard\";b:1;s:6:\"openid\";b:0;s:8:\"3rdparty\";b:0;s:5:\"oauth\";b:0;}',4,1,320,16,16);
INSERT INTO `gl_conf_values`VALUES ('whosonline_photo','i:0;','select','Core','i:0;',3,0,930,14,14);
INSERT INTO `gl_conf_values`VALUES ('facebook_login','i:0;','select','Core','i:0;',4,1,350,16,16);
INSERT INTO `gl_conf_values`VALUES ('facebook_consumer_key','s:0:\"\";','text','Core','s:0:\"\";',4,-1,351,16,16);
INSERT INTO `gl_conf_values`VALUES ('facebook_consumer_secret','s:0:\"\";','text','Core','s:0:\"\";',4,-1,352,16,16);
INSERT INTO `gl_conf_values`VALUES ('linkedin_login','i:0;','select','Core','i:0;',4,1,353,16,16);
INSERT INTO `gl_conf_values`VALUES ('linkedin_consumer_key','s:0:\"\";','text','Core','s:0:\"\";',4,-1,354,16,16);
INSERT INTO `gl_conf_values`VALUES ('linkedin_consumer_secret','s:0:\"\";','text','Core','s:0:\"\";',4,-1,355,16,16);
INSERT INTO `gl_conf_values`VALUES ('twitter_login','i:0;','select','Core','i:0;',4,1,356,16,16);
INSERT INTO `gl_conf_values`VALUES ('twitter_consumer_key','s:0:\"\";','text','Core','s:0:\"\";',4,-1,357,16,16);
INSERT INTO `gl_conf_values`VALUES ('twitter_consumer_secret','s:0:\"\";','text','Core','s:0:\"\";',4,-1,358,16,16);
INSERT INTO `gl_conf_values`VALUES ('fs_autotag_permissions','N;','fieldset','Core','N;',7,-1,0,37,41);
INSERT INTO `gl_conf_values`VALUES ('autotag_permissions_story','a:4:{i:0;i:2;i:1;i:2;i:2;i:2;i:3;i:2;}','@select','Core','a:4:{i:0;i:2;i:1;i:2;i:2;i:2;i:3;i:2;}',7,28,1870,37,41);
INSERT INTO `gl_conf_values`VALUES ('autotag_permissions_user','a:4:{i:0;i:2;i:1;i:2;i:2;i:2;i:3;i:2;}','@select','Core','a:4:{i:0;i:2;i:1;i:2;i:2;i:2;i:3;i:2;}',7,28,1880,37,41);
INSERT INTO `gl_conf_values`VALUES ('cdn_hosted','b:0;','select','Core','b:0;',0,1,1900,0,0);
INSERT INTO `gl_conf_values`VALUES ('owner_name','s:0:\"\";','text','Core','s:0:\"\";',0,-1,1000,0,0);
INSERT INTO `gl_conf_values`VALUES ('tab_site','N;','tab','Core','N;',0,-1,0,0,0);
INSERT INTO `gl_conf_values`VALUES ('tab_mail','N;','tab','Core','N;',0,-1,0,1,1);
INSERT INTO `gl_conf_values`VALUES ('tab_syndication','N;','tab','Core','N;',0,-1,0,2,2);
INSERT INTO `gl_conf_values`VALUES ('tab_paths','N;','tab','Core','N;',0,-1,0,3,3);
INSERT INTO `gl_conf_values`VALUES ('tab_search','N;','tab','Core','N;',0,-1,0,6,6);
INSERT INTO `gl_conf_values`VALUES ('tab_story','N;','tab','Core','N;',1,-1,0,7,7);
INSERT INTO `gl_conf_values`VALUES ('tab_trackback','N;','tab','Core','N;',1,-1,0,8,8);
INSERT INTO `gl_conf_values`VALUES ('tab_pingback','N;','tab','Core','N;',1,-1,0,9,9);
INSERT INTO `gl_conf_values`VALUES ('tab_theme','N;','tab','Core','N;',2,-1,0,10,10);
INSERT INTO `gl_conf_values`VALUES ('tab_theme_advanced','N;','tab','Core','N;',2,-1,0,11,11);
INSERT INTO `gl_conf_values`VALUES ('tab_admin_block','N;','tab','Core','N;',3,-1,0,12,12);
INSERT INTO `gl_conf_values`VALUES ('tab_topics_block','N;','tab','Core','N;',3,-1,0,13,13);
INSERT INTO `gl_conf_values`VALUES ('tab_whosonline_block','N;','tab','Core','N;',3,-1,0,14,14);
INSERT INTO `gl_conf_values`VALUES ('tab_whatsnew_block','N;','tab','Core','N;',3,-1,0,15,15);
INSERT INTO `gl_conf_values`VALUES ('tab_users','N;','tab','Core','N;',4,-1,0,16,16);
INSERT INTO `gl_conf_values`VALUES ('tab_spamx','N;','tab','Core','N;',4,-1,0,17,17);
INSERT INTO `gl_conf_values`VALUES ('tab_login','N;','tab','Core','N;',4,-1,0,18,18);
INSERT INTO `gl_conf_values`VALUES ('tab_user_submission','N;','tab','Core','N;',4,-1,0,19,19);
INSERT INTO `gl_conf_values`VALUES ('tab_submission','N;','tab','Core','N;',4,-1,0,20,20);
INSERT INTO `gl_conf_values`VALUES ('tab_comments','N;','tab','Core','N;',4,-1,0,21,21);
INSERT INTO `gl_conf_values`VALUES ('tab_imagelib','N;','tab','Core','N;',5,-1,0,22,22);
INSERT INTO `gl_conf_values`VALUES ('tab_upload','N;','tab','Core','N;',5,-1,0,23,23);
INSERT INTO `gl_conf_values`VALUES ('tab_articleimg','N;','tab','Core','N;',5,-1,0,24,24);
INSERT INTO `gl_conf_values`VALUES ('tab_topicicon','N;','tab','Core','N;',5,-1,0,25,25);
INSERT INTO `gl_conf_values`VALUES ('tab_userphoto','N;','tab','Core','N;',5,-1,0,26,26);
INSERT INTO `gl_conf_values`VALUES ('tab_gravatar','N;','tab','Core','N;',5,-1,0,27,27);
INSERT INTO `gl_conf_values`VALUES ('tab_language','N;','tab','Core','N;',6,-1,0,28,28);
INSERT INTO `gl_conf_values`VALUES ('tab_locale','N;','tab','Core','N;',6,-1,0,29,29);
INSERT INTO `gl_conf_values`VALUES ('tab_cookies','N;','tab','Core','N;',7,-1,0,30,30);
INSERT INTO `gl_conf_values`VALUES ('tab_misc','N;','tab','Core','N;',7,-1,0,31,31);
INSERT INTO `gl_conf_values`VALUES ('tab_debug','N;','tab','Core','N;',7,-1,0,32,32);
INSERT INTO `gl_conf_values`VALUES ('tab_daily_digest','N;','tab','Core','N;',7,-1,0,33,33);
INSERT INTO `gl_conf_values`VALUES ('tab_htmlfilter','N;','tab','Core','N;',7,-1,0,34,34);
INSERT INTO `gl_conf_values`VALUES ('tab_censoring','N;','tab','Core','N;',7,-1,0,35,35);
INSERT INTO `gl_conf_values`VALUES ('tab_iplookup','N;','tab','Core','N;',7,-1,0,36,36);
INSERT INTO `gl_conf_values`VALUES ('tab_permissions','N;','tab','Core','N;',7,-1,0,37,37);
INSERT INTO `gl_conf_values`VALUES ('tab_webservices','N;','tab','Core','N;',7,-1,0,40,40);
INSERT INTO `gl_conf_values`VALUES ('tab_topics','N;','tab','Core','N;',7,-1,0,45,45);
INSERT INTO `gl_conf_values`VALUES ('fs_breadcrumbs','N;','fieldset','Core','N;',7,-1,0,45,45);
INSERT INTO `gl_conf_values`VALUES ('multiple_breadcrumbs','i:0;','select','Core','i:0;',7,0,2000,45,45);
INSERT INTO `gl_conf_values`VALUES ('disable_breadcrumbs_topics','i:0;','select','Core','i:0;',7,0,2010,45,45);
INSERT INTO `gl_conf_values`VALUES ('disable_breadcrumbs_articles','i:0;','select','Core','i:0;',7,0,2020,45,45);
INSERT INTO `gl_conf_values`VALUES ('disable_breadcrumbs_plugins','i:0;','select','Core','i:0;',7,0,2030,45,45);
INSERT INTO `gl_conf_values`VALUES ('linktext_maxlen','i:50;','text','Core','i:50;',7,-1,1754,31,31);
INSERT INTO `gl_conf_values`VALUES ('mail_cc_enabled','i:1;','select','Core','i:1;',0,0,180,1,1);
INSERT INTO `gl_conf_values`VALUES ('mail_cc_default','i:0;','select','Core','i:0;',0,0,190,1,1);
INSERT INTO `gl_conf_values`VALUES ('fs_pass','N;','fieldset','Core','N;',4,-1,0,18,42);
INSERT INTO `gl_conf_values`VALUES ('pass_alg','i:1;','select','Core','i:1;',4,29,800,18,42);
INSERT INTO `gl_conf_values`VALUES ('pass_stretch','i:4096;','text','Core','i:4096;',4,-1,810,18,42);
INSERT INTO `gl_conf_values`VALUES ('comment_on_same_page','i:0;','select','Core','i:0;',4,0,1690,21,21);
INSERT INTO `gl_conf_values`VALUES ('show_comments_at_replying','i:0;','select','Core','i:0;',4,0,1691,21,21);
INSERT INTO `gl_conf_values`VALUES ('fs_autotag_permissions','N;','fieldset','staticpages','N;',0,-1,0,10,10);
INSERT INTO `gl_conf_values`VALUES ('autotag_permissions_staticpage','a:4:{i:0;i:2;i:1;i:2;i:2;i:2;i:3;i:2;}','@select','staticpages','a:4:{i:0;i:2;i:1;i:2;i:2;i:2;i:3;i:2;}',0,13,10,10,10);
INSERT INTO `gl_conf_values`VALUES ('autotag_permissions_staticpage_content','a:4:{i:0;i:2;i:1;i:2;i:2;i:0;i:3;i:0;}','@select','staticpages','a:4:{i:0;i:2;i:1;i:2;i:2;i:0;i:3;i:0;}',0,13,10,10,10);
INSERT INTO `gl_conf_values`VALUES ('tab_main','N;','tab','staticpages','N;',0,-1,0,0,0);
INSERT INTO `gl_conf_values`VALUES ('tab_whatsnew','N;','tab','staticpages','N;',0,-1,0,1,1);
INSERT INTO `gl_conf_values`VALUES ('tab_search','N;','tab','staticpages','N;',0,-1,0,2,2);
INSERT INTO `gl_conf_values`VALUES ('tab_permissions','N;','tab','staticpages','N;',0,-1,0,3,3);
INSERT INTO `gl_conf_values`VALUES ('tab_autotag_permissions','N;','tab','staticpages','N;',0,-1,0,10,10);
INSERT INTO `gl_conf_values`VALUES ('disable_breadcrumbs_staticpages','i:0;','select','staticpages','i:0;',0,0,128,0,0);
INSERT INTO `gl_conf_values`VALUES ('fs_autotag_permissions','N;','fieldset','autotags','N;',0,-1,0,10,10);
INSERT INTO `gl_conf_values`VALUES ('tab_autotag_permissions','N;','tab','autotags','N;',0,-1,0,10,0);
INSERT INTO `gl_conf_values`VALUES ('allow_php','b:1;','select','autotags','i:0;',0,1,30,0,0);
INSERT INTO `gl_conf_values`VALUES ('disallow','a:1:{i:0;s:7:\"geeklog\";}','%text','autotags','a:1:{i:0;s:7:\"geeklog\";}',0,1,20,0,0);
INSERT INTO `gl_conf_values`VALUES ('link_in_menu','i:0;','select','autotags','i:0;',0,1,10,0,0);
INSERT INTO `gl_conf_values`VALUES ('autotag_permissions_newstories','a:4:{i:0;i:2;i:1;i:2;i:2;i:2;i:3;i:2;}','@select','assist','a:4:{i:0;i:2;i:1;i:2;i:2;i:2;i:3;i:2;}',0,13,10,1,1);
INSERT INTO `gl_conf_values`VALUES ('fs_autotag_permissions','N;','fieldset','assist','N;',0,-1,0,1,1);
INSERT INTO `gl_conf_values`VALUES ('tab_autotag_permissions','N;','tab','assist','N;',0,-1,0,1,1);
INSERT INTO `gl_conf_values`VALUES ('disable_permission_ignore','i:0;','select','assist','i:0;',0,0,280,0,0);
INSERT INTO `gl_conf_values`VALUES ('default_img_url','s:0:\"\";','text','assist','s:0:\"\";',0,-1,260,0,0);
INSERT INTO `gl_conf_values`VALUES ('path_cache','s:58:\"/var/www/clients/client22/web57/private/yokoso/data/cache/\";','text','assist','s:58:\"/var/www/clients/client22/web57/private/yokoso/data/cache/\";',0,-1,270,0,0);
INSERT INTO `gl_conf_values`VALUES ('xmlns','s:0:\"\";','textarea','assist','s:0:\"\";',0,-1,160,0,0);
INSERT INTO `gl_conf_values`VALUES ('aftersave_admin','s:4:\"item\";','select','assist','s:4:\"item\";',0,9,150,0,0);
INSERT INTO `gl_conf_values`VALUES ('aftersave','s:4:\"item\";','select','assist','s:4:\"item\";',0,9,140,0,0);
INSERT INTO `gl_conf_values`VALUES ('onoff_emailfromadmin','i:1;','select','assist','i:1;',0,0,130,0,0);
INSERT INTO `gl_conf_values`VALUES ('tab_main','N;','tab','assist','N;',0,-1,0,0,0);
INSERT INTO `gl_conf_values`VALUES ('sg_main','N;','subgroup','assist','N;',0,-1,0,NULL,0);
INSERT INTO `gl_conf_values`VALUES ('sg_main','N;','subgroup','autotags','N;',0,-1,0,0,0);
INSERT INTO `gl_conf_values`VALUES ('tab_main','N;','tab','autotags','N;',0,-1,0,0,0);
INSERT INTO `gl_conf_values`VALUES ('fs_main','N;','fieldset','autotags','N;',0,-1,0,0,0);
INSERT INTO `gl_conf_values`VALUES ('sg_0','N;','subgroup','jquery','N;',0,-1,0,NULL,0);
INSERT INTO `gl_conf_values`VALUES ('fs_02','N;','fieldset','jquery','N;',0,-1,0,NULL,1);
INSERT INTO `gl_conf_values`VALUES ('use_lightbox','i:1;','select','jquery','i:0;',0,3,30,NULL,1);
INSERT INTO `gl_conf_values`VALUES ('use_feedback','i:0;','select','jquery','i:0;',0,3,60,NULL,1);
INSERT INTO `gl_conf_values`VALUES ('use_codehighlighter','i:0;','select','jquery','i:0;',0,3,70,NULL,1);
INSERT INTO `gl_conf_values`VALUES ('use_ckeditor','i:0;','select','jquery','i:0;',0,3,80,NULL,1);
INSERT INTO `gl_conf_values`VALUES ('fs_03','N;','fieldset','jquery','N;',0,-1,100,NULL,2);
INSERT INTO `gl_conf_values`VALUES ('lightbox_width','i:75;','text','jquery','i:75;',0,0,110,NULL,2);
INSERT INTO `gl_conf_values`VALUES ('lightbox_height','i:75;','text','jquery','i:75;',0,0,120,NULL,2);
INSERT INTO `gl_conf_values`VALUES ('max_backup','i:10;','text','dbman','i:0;',0,-1,160,NULL,0);
INSERT INTO `gl_conf_values`VALUES ('add_drop_table','b:1;','select','dbman','b:0;',0,0,210,NULL,1);
INSERT INTO `gl_conf_values`VALUES ('compress_data','b:1;','select','dbman','b:0;',0,0,220,NULL,1);
INSERT INTO `gl_conf_values`VALUES ('download_as_file','b:0;','select','dbman','b:0;',0,0,230,NULL,1);
INSERT INTO `gl_conf_values`VALUES ('microsoft_consumer_key','s:0:\"\";','text','Core','s:0:\"\";',4,-1,363,16,16);
INSERT INTO `gl_conf_values`VALUES ('google_login','i:0;','select','Core','i:0;',4,1,359,16,16);
INSERT INTO `gl_conf_values`VALUES ('comment_order','s:3:\"ASC\";','select','Core','s:3:\"ASC\";',4,31,1665,21,21);
INSERT INTO `gl_conf_values`VALUES ('cache_templates','b:0;','select','Core','b:1;',2,1,220,10,10);
INSERT INTO `gl_conf_values`VALUES ('template_comments','b:1;','select','Core','b:0;',2,1,1370,11,11);
INSERT INTO `gl_conf_values`VALUES ('related_topics','i:1;','select','Core','i:1;',1,32,1340,7,7);
INSERT INTO `gl_conf_values`VALUES ('related_topics_max','i:6;','text','Core','i:6;',1,-1,1350,7,7);
INSERT INTO `gl_conf_values`VALUES ('whats_related','i:1;','select','Core','i:1;',1,33,1360,7,7);
INSERT INTO `gl_conf_values`VALUES ('whats_related_max','i:0;','text','Core','i:0;',1,-1,1370,7,7);
INSERT INTO `gl_conf_values`VALUES ('whats_related_trim','i:26;','text','Core','i:26;',1,-1,1380,7,7);
INSERT INTO `gl_conf_values`VALUES ('whatsnew_cache_time','i:3600;','text','Core','i:3600;',3,-1,1060,15,15);
INSERT INTO `gl_conf_values`VALUES ('autotag_permissions_topic','a:4:{i:0;i:2;i:1;i:2;i:2;i:2;i:3;i:2;}','@select','Core','a:4:{i:0;i:2;i:1;i:2;i:2;i:2;i:3;i:2;}',7,28,1890,37,41);
INSERT INTO `gl_conf_values`VALUES ('autotag_permissions_related_topics','a:4:{i:0;i:2;i:1;i:2;i:2;i:0;i:3;i:0;}','@select','Core','a:4:{i:0;i:2;i:1;i:2;i:2;i:0;i:3;i:0;}',7,28,1900,37,41);
INSERT INTO `gl_conf_values`VALUES ('autotag_permissions_related_items','a:4:{i:0;i:2;i:1;i:2;i:2;i:0;i:3;i:0;}','@select','Core','a:4:{i:0;i:2;i:1;i:2;i:2;i:0;i:3;i:0;}',7,28,1910,37,41);
INSERT INTO `gl_conf_values`VALUES ('fs_multilanguage','N;','fieldset','Core','N;',6,-1,0,28,29);
INSERT INTO `gl_conf_values`VALUES ('yahoo_consumer_secret','s:0:\"\";','text','Core','s:0:\"\";',4,-1,367,16,16);
INSERT INTO `gl_conf_values`VALUES ('path_editors','s:51:\"/home/xs868602/yokosojapan.net/public_html/editors/\";','text','Core','s:0:\"\";',0,-1,132,3,3);
INSERT INTO `gl_conf_values`VALUES ('advanced_editor_name','s:8:\"ckeditor\";','select','Core','s:8:\"ckeditor\";',4,-1,845,20,20);
INSERT INTO `gl_conf_values`VALUES ('default_cache_time_block','i:0;','text','Core','i:0;',7,-1,1810,31,31);
INSERT INTO `gl_conf_values`VALUES ('titletoid','i:0;','select','Core','i:0;',7,1,1820,31,31);
INSERT INTO `gl_conf_values`VALUES ('sg_filemanager','N;','subgroup','Core','N;',8,-1,0,0,46);
INSERT INTO `gl_conf_values`VALUES ('tab_filemanager_general','N;','tab','Core','N;',8,-1,0,46,46);
INSERT INTO `gl_conf_values`VALUES ('fs_filemanager_general','N;','fieldset','Core','N;',8,-1,0,46,46);
INSERT INTO `gl_conf_values`VALUES ('filemanager_disabled','b:0;','select','Core','b:0;',8,1,2040,46,46);
INSERT INTO `gl_conf_values`VALUES ('filemanager_browse_only','b:0;','select','Core','b:0;',8,1,2050,46,46);
INSERT INTO `gl_conf_values`VALUES ('filemanager_default_view_mode','s:4:\"grid\";','select','Core','s:4:\"grid\";',8,34,2060,46,46);
INSERT INTO `gl_conf_values`VALUES ('filemanager_show_confirmation','b:1;','select','Core','b:1;',8,1,2070,46,46);
INSERT INTO `gl_conf_values`VALUES ('filemanager_search_box','b:1;','select','Core','b:1;',8,1,2080,46,46);
INSERT INTO `gl_conf_values`VALUES ('filemanager_file_sorting','s:7:\"default\";','select','Core','s:7:\"default\";',8,35,2090,46,46);
INSERT INTO `gl_conf_values`VALUES ('filemanager_chars_only_latin','b:1;','select','Core','b:1;',8,1,2100,46,46);
INSERT INTO `gl_conf_values`VALUES ('filemanager_date_format','s:11:\"Y-m-d H:i:s\";','text','Core','s:11:\"Y-m-d H:i:s\";',8,-1,2110,46,46);
INSERT INTO `gl_conf_values`VALUES ('filemanager_logger','b:0;','select','Core','b:0;',8,1,2120,46,46);
INSERT INTO `gl_conf_values`VALUES ('filemanager_show_thumbs','b:1;','select','Core','b:1;',8,1,2130,46,46);
INSERT INTO `gl_conf_values`VALUES ('filemanager_generate_thumbnails','b:1;','select','Core','b:1;',8,1,2140,46,46);
INSERT INTO `gl_conf_values`VALUES ('tab_filemanager_upload','N;','tab','Core','N;',8,-1,0,47,47);
INSERT INTO `gl_conf_values`VALUES ('fs_filemanager_upload','N;','fieldset','Core','N;',8,-1,0,47,47);
INSERT INTO `gl_conf_values`VALUES ('filemanager_upload_restrictions','a:23:{i:0;s:3:\"jpg\";i:1;s:4:\"jpeg\";i:2;s:3:\"gif\";i:3;s:3:\"png\";i:4;s:3:\"svg\";i:5;s:3:\"txt\";i:6;s:3:\"pdf\";i:7;s:3:\"odp\";i:8;s:3:\"ods\";i:9;s:3:\"odt\";i:10;s:3:\"rtf\";i:11;s:3:\"doc\";i:12;s:4:\"docx\";i:13;s:3:\"xls\";i:14;s:4:\"xlsx\";i:15;s:3:\"ppt\";i:16;s:4:\"pptx\";i:17;s:3:\"ogv\";i:18;s:3:\"mp4\";i:19;s:4:\"webm\";i:20;s:3:\"ogg\";i:21;s:3:\"mp3\";i:22;s:3:\"wav\";}','%text','Core','a:23:{i:0;s:3:\"jpg\";i:1;s:4:\"jpeg\";i:2;s:3:\"gif\";i:3;s:3:\"png\";i:4;s:3:\"svg\";i:5;s:3:\"txt\";i:6;s:3:\"pdf\";i:7;s:3:\"odp\";i:8;s:3:\"ods\";i:9;s:3:\"odt\";i:10;s:3:\"rtf\";i:11;s:3:\"doc\";i:12;s:4:\"docx\";i:13;s:3:\"xls\";i:14;s:4:\"xlsx\";i:15;s:3:\"ppt\";i:16;s:4:\"pptx\";i:17;s:3:\"ogv\";i:18;s:3:\"mp4\";i:19;s:4:\"webm\";i:20;s:3:\"ogg\";i:21;s:3:\"mp3\";i:22;s:3:\"wav\";}',8,-1,2150,47,47);
INSERT INTO `gl_conf_values`VALUES ('filemanager_upload_overwrite','b:1;','select','Core','b:0;',8,1,2160,47,47);
INSERT INTO `gl_conf_values`VALUES ('filemanager_upload_images_only','b:0;','select','Core','b:0;',8,1,2170,47,47);
INSERT INTO `gl_conf_values`VALUES ('filemanager_upload_file_size_limit','i:160000;','text','Core','i:16;',8,-1,2180,47,47);
INSERT INTO `gl_conf_values`VALUES ('filemanager_unallowed_files','a:1:{i:0;s:9:\".htaccess\";}','%text','Core','a:1:{i:0;s:9:\".htaccess\";}',8,-1,2190,47,47);
INSERT INTO `gl_conf_values`VALUES ('filemanager_unallowed_dirs','a:3:{i:0;s:7:\"_thumbs\";i:1;s:16:\".CDN_ACCESS_LOGS\";i:2;s:12:\"cloudservers\";}','%text','Core','a:3:{i:0;s:7:\"_thumbs\";i:1;s:16:\".CDN_ACCESS_LOGS\";i:2;s:12:\"cloudservers\";}',8,-1,2200,47,47);
INSERT INTO `gl_conf_values`VALUES ('filemanager_unallowed_files_regexp','s:8:\"/^\\./uis\";','text','Core','s:8:\"/^\\./uis\";',8,-1,2210,47,47);
INSERT INTO `gl_conf_values`VALUES ('filemanager_unallowed_dirs_regexp','s:8:\"/^\\./uis\";','text','Core','s:8:\"/^\\./uis\";',8,-1,2220,47,47);
INSERT INTO `gl_conf_values`VALUES ('tab_filemanager_images','N;','tab','Core','N;',8,-1,0,48,48);
INSERT INTO `gl_conf_values`VALUES ('fs_filemanager_images','N;','fieldset','Core','N;',8,-1,0,48,48);
INSERT INTO `gl_conf_values`VALUES ('filemanager_images_ext','a:5:{i:0;s:3:\"jpg\";i:1;s:4:\"jpeg\";i:2;s:3:\"gif\";i:3;s:3:\"png\";i:4;s:3:\"svg\";}','%text','Core','a:5:{i:0;s:3:\"jpg\";i:1;s:4:\"jpeg\";i:2;s:3:\"gif\";i:3;s:3:\"png\";i:4;s:3:\"svg\";}',8,-1,2230,48,48);
INSERT INTO `gl_conf_values`VALUES ('tab_filemanager_videos','N;','tab','Core','N;',8,-1,0,49,49);
INSERT INTO `gl_conf_values`VALUES ('fs_filemanager_videos','N;','fieldset','Core','N;',8,-1,0,49,49);
INSERT INTO `gl_conf_values`VALUES ('filemanager_show_video_player','b:1;','select','Core','b:1;',8,1,2240,49,49);
INSERT INTO `gl_conf_values`VALUES ('filemanager_videos_ext','a:3:{i:0;s:3:\"ogv\";i:1;s:3:\"mp4\";i:2;s:4:\"webm\";}','%text','Core','a:3:{i:0;s:3:\"ogv\";i:1;s:3:\"mp4\";i:2;s:4:\"webm\";}',8,-1,2250,49,49);
INSERT INTO `gl_conf_values`VALUES ('filemanager_videos_player_width','i:400;','text','Core','i:400;',8,-1,2260,49,49);
INSERT INTO `gl_conf_values`VALUES ('filemanager_videos_player_height','i:222;','text','Core','i:222;',8,-1,2270,49,49);
INSERT INTO `gl_conf_values`VALUES ('tab_filemanager_audios','N;','tab','Core','N;',8,-1,0,50,50);
INSERT INTO `gl_conf_values`VALUES ('fs_filemanager_audios','N;','fieldset','Core','N;',8,-1,0,50,50);
INSERT INTO `gl_conf_values`VALUES ('filemanager_show_audio_player','b:1;','select','Core','b:1;',8,1,2280,50,50);
INSERT INTO `gl_conf_values`VALUES ('filemanager_audios_ext','a:3:{i:0;s:3:\"ogg\";i:1;s:3:\"mp3\";i:2;s:3:\"wav\";}','%text','Core','a:3:{i:0;s:3:\"ogg\";i:1;s:3:\"mp3\";i:2;s:3:\"wav\";}',8,-1,2290,50,50);
INSERT INTO `gl_conf_values`VALUES ('tab_main','N;','tab','googleanalytics','N;',0,-1,0,0,0);
INSERT INTO `gl_conf_values`VALUES ('tab_mobilebotua','N;','tab','googleanalytics','N;',0,-1,0,1,1);
INSERT INTO `gl_conf_values`VALUES ('sg_main','N;','subgroup','captcha','N;',0,-1,0,0,0);
INSERT INTO `gl_conf_values`VALUES ('emails','s:17:\"komma@ivywe.co.jp\";','text','monitor','s:27:\"globalcommunity21@gmail.com\";',0,0,10,NULL,0);
INSERT INTO `gl_conf_values`VALUES ('fs_main','N;','fieldset','monitor','N;',0,-1,0,NULL,0);
INSERT INTO `gl_conf_values`VALUES ('sg_main','N;','subgroup','monitor','N;',0,-1,0,NULL,0);
INSERT INTO `gl_conf_values`VALUES ('sg_main','N;','subgroup','wkymlmguser','N;',0,-1,0,0,0);
INSERT INTO `gl_conf_values`VALUES ('tab_main','N;','tab','wkymlmguser','N;',0,-1,0,0,0);
INSERT INTO `gl_conf_values`VALUES ('fs_main','N;','fieldset','wkymlmguser','N;',0,-1,0,0,0);
INSERT INTO `gl_conf_values`VALUES ('wkymlmguserloginrequired','i:0;','select','wkymlmguser','i:0;',0,0,10,0,0);
INSERT INTO `gl_conf_values`VALUES ('hidewkymlmgusermenu','i:0;','select','wkymlmguser','i:0;',0,0,20,0,0);
INSERT INTO `gl_conf_values`VALUES ('sending_report_detail_success','b:0;','select','wkymlmguser','b:0;',0,1,30,0,0);
INSERT INTO `gl_conf_values`VALUES ('sending_report_detail_failure','b:1;','select','wkymlmguser','b:1;',0,1,40,0,0);
INSERT INTO `gl_conf_values`VALUES ('verbose_import_disp_success','b:0;','select','wkymlmguser','b:0;',0,1,50,0,0);
INSERT INTO `gl_conf_values`VALUES ('verbose_import_disp_failure','b:1;','select','wkymlmguser','b:1;',0,1,60,0,0);
INSERT INTO `gl_conf_values`VALUES ('verbose_import_log_success','b:0;','select','wkymlmguser','b:0;',0,1,70,0,0);
INSERT INTO `gl_conf_values`VALUES ('verbose_import_log_failure','b:1;','select','wkymlmguser','b:1;',0,1,80,0,0);
INSERT INTO `gl_conf_values`VALUES ('themespath','s:17:\"assist/templates/\";','text','assist','s:17:\"assist/templates/\";',0,-1,110,0,0);
INSERT INTO `gl_conf_values`VALUES ('templates_admin','s:8:\"standard\";','select','assist','s:8:\"standard\";',0,20,100,0,0);
INSERT INTO `gl_conf_values`VALUES ('newsletter_tid','s:10:\"newsletter\";','text','assist','s:10:\"newsletter\";',0,-1,80,0,0);
INSERT INTO `gl_conf_values`VALUES ('templates','s:5:\"theme\";','select','assist','s:8:\"standard\";',0,20,90,0,0);
INSERT INTO `gl_conf_values`VALUES ('page_navigation_max_pages','i:7;','text','Core','i:7;',7,-1,1800,31,31);
INSERT INTO `gl_conf_values`VALUES ('default_cache_time','i:0;','text','staticpages','i:0;',0,-1,129,0,0);
INSERT INTO `gl_conf_values`VALUES ('sg_main','N;','subgroup','xmlsitemap','N;',0,-1,0,0,0);
INSERT INTO `gl_conf_values`VALUES ('tab_main','N;','tab','xmlsitemap','N;',0,-1,0,0,0);
INSERT INTO `gl_conf_values`VALUES ('fs_main','N;','fieldset','xmlsitemap','N;',0,-1,0,0,0);
INSERT INTO `gl_conf_values`VALUES ('sitemap_file','s:11:\"sitemap.xml\";','text','xmlsitemap','s:11:\"sitemap.xml\";',0,-1,10,0,0);
INSERT INTO `gl_conf_values`VALUES ('mobile_sitemap_file','unset','text','xmlsitemap','s:18:\"mobile_sitemap.xml\";',0,-1,20,0,0);
INSERT INTO `gl_conf_values`VALUES ('types','a:4:{i:0;s:7:\"article\";i:1;s:8:\"calendar\";i:2;s:5:\"polls\";i:3;s:11:\"staticpages\";}','%text','xmlsitemap','a:4:{i:0;s:7:\"article\";i:1;s:8:\"calendar\";i:2;s:5:\"polls\";i:3;s:11:\"staticpages\";}',0,-1,30,0,0);
INSERT INTO `gl_conf_values`VALUES ('exclude','a:1:{i:0;s:5:\"links\";}','%text','xmlsitemap','a:1:{i:0;s:5:\"links\";}',0,-1,40,0,0);
INSERT INTO `gl_conf_values`VALUES ('tab_pri','N;','tab','xmlsitemap','N;',0,-1,0,1,1);
INSERT INTO `gl_conf_values`VALUES ('fs_pri','N;','fieldset','xmlsitemap','N;',0,-1,0,1,1);
INSERT INTO `gl_conf_values`VALUES ('priorities','a:4:{s:7:\"article\";d:0.5;s:8:\"calendar\";d:0.5;s:5:\"polls\";d:0.5;s:11:\"staticpages\";d:0.5;}','*text','xmlsitemap','a:4:{s:7:\"article\";d:0.5;s:8:\"calendar\";d:0.5;s:5:\"polls\";d:0.5;s:11:\"staticpages\";d:0.5;}',0,-1,50,1,1);
INSERT INTO `gl_conf_values`VALUES ('tab_freq','N;','tab','xmlsitemap','N;',0,-1,0,2,2);
INSERT INTO `gl_conf_values`VALUES ('fs_freq','N;','fieldset','xmlsitemap','N;',0,-1,0,2,2);
INSERT INTO `gl_conf_values`VALUES ('frequencies','a:4:{s:7:\"article\";s:5:\"daily\";s:8:\"calendar\";s:5:\"daily\";s:5:\"polls\";s:5:\"daily\";s:11:\"staticpages\";s:6:\"weekly\";}','@select','xmlsitemap','a:4:{s:7:\"article\";s:5:\"daily\";s:8:\"calendar\";s:5:\"daily\";s:5:\"polls\";s:5:\"daily\";s:11:\"staticpages\";s:6:\"weekly\";}',0,20,60,2,2);
INSERT INTO `gl_conf_values`VALUES ('tab_ping','N;','tab','xmlsitemap','N;',0,-1,0,3,3);
INSERT INTO `gl_conf_values`VALUES ('fs_ping','N;','fieldset','xmlsitemap','N;',0,-1,0,3,3);
INSERT INTO `gl_conf_values`VALUES ('ping_google','b:1;','select','xmlsitemap','b:1;',0,1,100,3,3);
INSERT INTO `gl_conf_values`VALUES ('ping_bing','b:1;','select','xmlsitemap','b:1;',0,1,110,3,3);
INSERT INTO `gl_conf_values`VALUES ('ping_ask','b:1;','select','xmlsitemap','b:1;',0,1,120,3,3);
INSERT INTO `gl_conf_values`VALUES ('loginrequired','i:0;','select','databox','i:0;',0,23,20,0,0);
INSERT INTO `gl_conf_values`VALUES ('perpage','i:9;','text','databox','i:9;',0,-1,10,0,0);
INSERT INTO `gl_conf_values`VALUES ('fs_main','N;','fieldset','databox','N;',0,-1,0,0,0);
INSERT INTO `gl_conf_values`VALUES ('tab_main','N;','tab','databox','N;',0,-1,0,0,0);
INSERT INTO `gl_conf_values`VALUES ('sg_main','N;','subgroup','databox','N;',0,-1,0,NULL,0);
INSERT INTO `gl_conf_values`VALUES ('hidemenu','i:0;','select','databox','i:0;',0,0,30,0,0);
INSERT INTO `gl_conf_values`VALUES ('categorycode','i:0;','select','databox','i:0;',0,1,40,0,0);
INSERT INTO `gl_conf_values`VALUES ('datacode','i:0;','select','databox','i:0;',0,1,50,0,0);
INSERT INTO `gl_conf_values`VALUES ('groupcode','i:0;','select','databox','i:0;',0,1,60,0,0);
INSERT INTO `gl_conf_values`VALUES ('top','s:17:\"/databox/list.php\";','text','databox','s:17:\"/databox/list.php\";',0,-1,70,0,0);
INSERT INTO `gl_conf_values`VALUES ('templates','s:8:\"standard\";','select','databox','s:8:\"standard\";',0,20,80,0,0);
INSERT INTO `gl_conf_values`VALUES ('templates_admin','s:8:\"standard\";','select','databox','s:8:\"standard\";',0,20,90,0,0);
INSERT INTO `gl_conf_values`VALUES ('themespath','s:18:\"databox/templates/\";','text','databox','s:18:\"databox/templates/\";',0,-1,100,0,0);
INSERT INTO `gl_conf_values`VALUES ('delete_data','i:0;','select','databox','i:0;',0,1,110,0,0);
INSERT INTO `gl_conf_values`VALUES ('datefield','s:8:\"modified\";','select','databox','s:8:\"modified\";',0,21,120,0,0);
INSERT INTO `gl_conf_values`VALUES ('meta_tags','i:0;','select','databox','i:0;',0,0,130,0,0);
INSERT INTO `gl_conf_values`VALUES ('layout','s:8:\"standard\";','select','databox','s:8:\"standard\";',0,22,140,0,0);
INSERT INTO `gl_conf_values`VALUES ('layout_admin','s:8:\"standard\";','select','databox','s:8:\"standard\";',0,22,150,0,0);
INSERT INTO `gl_conf_values`VALUES ('mail_to','a:0:{}','%text','databox','a:0:{}',0,0,160,0,0);
INSERT INTO `gl_conf_values`VALUES ('mail_to_owner','i:0;','select','databox','i:0;',0,0,170,0,0);
INSERT INTO `gl_conf_values`VALUES ('mail_to_draft','i:0;','select','databox','i:0;',0,0,180,0,0);
INSERT INTO `gl_conf_values`VALUES ('allow_data_update','i:1;','select','databox','i:1;',0,0,190,0,0);
INSERT INTO `gl_conf_values`VALUES ('allow_data_delete','i:0;','select','databox','i:0;',0,0,200,0,0);
INSERT INTO `gl_conf_values`VALUES ('allow_data_insert','i:0;','select','databox','i:0;',0,0,210,0,0);
INSERT INTO `gl_conf_values`VALUES ('admin_draft_default','i:0;','select','databox','i:0;',0,0,220,0,0);
INSERT INTO `gl_conf_values`VALUES ('user_draft_default','i:1;','select','databox','i:1;',0,0,230,0,0);
INSERT INTO `gl_conf_values`VALUES ('dateformat','s:5:\"Y/m/d\";','text','databox','s:5:\"Y/m/d\";',0,-1,240,0,0);
INSERT INTO `gl_conf_values`VALUES ('aftersave','s:4:\"item\";','select','databox','s:4:\"item\";',0,25,250,0,0);
INSERT INTO `gl_conf_values`VALUES ('aftersave_admin','s:4:\"item\";','select','databox','s:4:\"item\";',0,9,260,0,0);
INSERT INTO `gl_conf_values`VALUES ('grp_id_default','s:2:\"70\";','select','databox','s:2:\"70\";',0,24,270,0,0);
INSERT INTO `gl_conf_values`VALUES ('default_img_url','s:0:\"\";','text','databox','s:0:\"\";',0,-1,280,0,0);
INSERT INTO `gl_conf_values`VALUES ('maxlength_description','s:7:\"1677215\";','text','databox','s:7:\"1677215\";',0,-1,290,0,0);
INSERT INTO `gl_conf_values`VALUES ('maxlength_meta_description','s:5:\"65535\";','text','databox','s:5:\"65535\";',0,-1,300,0,0);
INSERT INTO `gl_conf_values`VALUES ('maxlength_meta_keywords','s:5:\"65535\";','text','databox','s:5:\"65535\";',0,-1,310,0,0);
INSERT INTO `gl_conf_values`VALUES ('hideuseroption','i:0;','select','databox','i:0;',0,0,320,0,0);
INSERT INTO `gl_conf_values`VALUES ('commentcode','i:0;','select','databox','i:0;',0,26,330,0,0);
INSERT INTO `gl_conf_values`VALUES ('tab_whatsnew','N;','tab','databox','N;',0,-1,0,1,1);
INSERT INTO `gl_conf_values`VALUES ('fs_whatsnew','N;','fieldset','databox','N;',0,-1,0,1,1);
INSERT INTO `gl_conf_values`VALUES ('whatsnew_interval','i:1209600;','text','databox','i:1209600;',0,-1,10,1,1);
INSERT INTO `gl_conf_values`VALUES ('hide_whatsnew','s:4:\"hide\";','select','databox','s:4:\"hide\";',0,5,20,1,1);
INSERT INTO `gl_conf_values`VALUES ('title_trim_length','i:20;','text','databox','i:20;',0,-1,30,1,1);
INSERT INTO `gl_conf_values`VALUES ('tab_search','N;','tab','databox','N;',0,-1,0,2,2);
INSERT INTO `gl_conf_values`VALUES ('fs_search','N;','fieldset','databox','N;',0,-1,0,2,2);
INSERT INTO `gl_conf_values`VALUES ('include_search','i:1;','select','databox','i:1;',0,0,10,2,2);
INSERT INTO `gl_conf_values`VALUES ('additionsearch','i:10;','text','databox','i:10;',0,-1,20,2,2);
INSERT INTO `gl_conf_values`VALUES ('tab_permissions','N;','tab','databox','N;',0,-1,0,3,3);
INSERT INTO `gl_conf_values`VALUES ('fs_permissions','N;','fieldset','databox','N;',0,-1,0,3,3);
INSERT INTO `gl_conf_values`VALUES ('default_permissions','a:4:{i:0;i:3;i:1;i:2;i:2;i:2;i:3;i:2;}','@select','databox','a:4:{i:0;i:3;i:1;i:2;i:2;i:2;i:3;i:2;}',0,12,130,3,3);
INSERT INTO `gl_conf_values`VALUES ('tab_autotag','N;','tab','databox','N;',0,-1,0,4,4);
INSERT INTO `gl_conf_values`VALUES ('fs_autotag','N;','fieldset','databox','N;',0,-1,0,4,4);
INSERT INTO `gl_conf_values`VALUES ('intervalday','i:90;','text','databox','i:90;',0,-1,10,4,4);
INSERT INTO `gl_conf_values`VALUES ('limitcnt','i:10;','text','databox','i:10;',0,-1,20,4,4);
INSERT INTO `gl_conf_values`VALUES ('newmarkday','i:3;','text','databox','i:3;',0,-1,30,4,4);
INSERT INTO `gl_conf_values`VALUES ('categories','s:0:\"\";','text','databox','s:0:\"\";',0,-1,40,4,4);
INSERT INTO `gl_conf_values`VALUES ('new_img','s:37:\"<span class=\"databox_new\">new!</span>\";','textarea','databox','s:37:\"<span class=\"databox_new\">new!</span>\";',0,-1,50,4,4);
INSERT INTO `gl_conf_values`VALUES ('rss_img','s:36:\"<span class=\"databox_rss\">RSS</span>\";','textarea','databox','s:36:\"<span class=\"databox_rss\">RSS</span>\";',0,-1,60,4,4);
INSERT INTO `gl_conf_values`VALUES ('tab_file','N;','tab','databox','N;',0,-1,0,5,5);
INSERT INTO `gl_conf_values`VALUES ('fs_file','N;','fieldset','databox','N;',0,-1,0,5,5);
INSERT INTO `gl_conf_values`VALUES ('imgfile_size','s:7:\"1048576\";','text','databox','s:7:\"1048576\";',0,-1,10,5,5);
INSERT INTO `gl_conf_values`VALUES ('imgfile_type','a:2:{i:0;s:10:\"image/jpeg\";i:1;s:9:\"image/gif\";}','%text','databox','a:2:{i:0;s:10:\"image/jpeg\";i:1;s:9:\"image/gif\";}',0,0,20,5,5);
INSERT INTO `gl_conf_values`VALUES ('imgfile_size2','s:7:\"1048576\";','text','databox','s:7:\"1048576\";',0,-1,30,5,5);
INSERT INTO `gl_conf_values`VALUES ('imgfile_type2','a:2:{i:0;s:10:\"image/jpeg\";i:1;s:9:\"image/gif\";}','%text','databox','a:2:{i:0;s:10:\"image/jpeg\";i:1;s:9:\"image/gif\";}',0,0,40,5,5);
INSERT INTO `gl_conf_values`VALUES ('imgfile_frd','s:15:\"images/databox/\";','text','databox','s:15:\"images/databox/\";',0,-1,50,5,5);
INSERT INTO `gl_conf_values`VALUES ('imgfile_thumb_frd','s:15:\"images/databox/\";','text','databox','s:15:\"images/databox/\";',0,-1,60,5,5);
INSERT INTO `gl_conf_values`VALUES ('imgfile_thumb_ok','s:1:\"1\";','select','databox','s:1:\"1\";',0,0,70,5,5);
INSERT INTO `gl_conf_values`VALUES ('imgfile_thumb_w','i:160;','text','databox','i:160;',0,-1,80,5,5);
INSERT INTO `gl_conf_values`VALUES ('imgfile_thumb_h','i:100;','text','databox','i:100;',0,-1,90,5,5);
INSERT INTO `gl_conf_values`VALUES ('imgfile_thumb_w2','i:640;','text','databox','i:640;',0,-1,100,5,5);
INSERT INTO `gl_conf_values`VALUES ('imgfile_thumb_h2','i:640;','text','databox','i:640;',0,-1,110,5,5);
INSERT INTO `gl_conf_values`VALUES ('imgfile_smallw','i:160;','text','databox','i:160;',0,-1,120,5,5);
INSERT INTO `gl_conf_values`VALUES ('imgfile_subdir','i:0;','select','databox','i:0;',0,0,130,5,5);
INSERT INTO `gl_conf_values`VALUES ('file_path','s:59:\"/var/www/virtual/yokosojapan.net/geeklog/data/databox_data/\";','text','databox','s:59:\"/var/www/virtual/yokosojapan.net/geeklog/data/databox_data/\";',0,-1,140,5,5);
INSERT INTO `gl_conf_values`VALUES ('file_size','s:0:\"\";','text','databox','s:0:\"\";',0,-1,150,5,5);
INSERT INTO `gl_conf_values`VALUES ('file_type','a:0:{}','%text','databox','a:0:{}',0,0,160,5,5);
INSERT INTO `gl_conf_values`VALUES ('tab_autotag_permissions','N;','tab','databox','N;',0,-1,0,6,6);
INSERT INTO `gl_conf_values`VALUES ('fs_autotag_permissions','N;','fieldset','databox','N;',0,-1,0,6,6);
INSERT INTO `gl_conf_values`VALUES ('autotag_permissions_databox','a:4:{i:0;i:2;i:1;i:2;i:2;i:2;i:3;i:2;}','@select','databox','a:4:{i:0;i:2;i:1;i:2;i:2;i:2;i:3;i:2;}',0,13,10,6,6);
INSERT INTO `gl_conf_values`VALUES ('tab_xml','N;','tab','databox','N;',0,-1,0,9,9);
INSERT INTO `gl_conf_values`VALUES ('fs_xml','N;','fieldset','databox','N;',0,-1,0,9,9);
INSERT INTO `gl_conf_values`VALUES ('path_xml','s:52:\"/var/www/virtual/yokosojapan.net/htdocs/databox_data\";','text','databox','s:52:\"/var/www/virtual/yokosojapan.net/htdocs/databox_data\";',0,-1,10,9,9);
INSERT INTO `gl_conf_values`VALUES ('path_xml_out','s:58:\"/var/www/virtual/yokosojapan.net/geeklog/data/databox_data\";','text','databox','s:58:\"/var/www/virtual/yokosojapan.net/geeklog/data/databox_data\";',0,-1,20,9,9);
INSERT INTO `gl_conf_values`VALUES ('github_login','i:0;','select','Core','i:0;',4,1,368,16,16);
INSERT INTO `gl_conf_values`VALUES ('github_consumer_key','s:0:\"\";','text','Core','s:0:\"\";',4,-1,369,16,16);
INSERT INTO `gl_conf_values`VALUES ('github_consumer_secret','s:0:\"\";','text','Core','s:0:\"\";',4,-1,370,16,16);
INSERT INTO `gl_conf_values`VALUES ('autotag_permissions_block','a:4:{i:0;i:2;i:1;i:2;i:2;i:0;i:3;i:0;}','@select','Core','a:4:{i:0;i:2;i:1;i:2;i:2;i:0;i:3;i:0;}',7,28,1920,37,41);
INSERT INTO `gl_conf_values`VALUES ('search_use_topic','b:0;','select','Core','b:0;',0,1,677,6,6);
INSERT INTO `gl_conf_values`VALUES ('url_routing','i:0;','select','Core','i:0;',0,37,1850,0,0);
INSERT INTO `gl_conf_values`VALUES ('mail_charset','s:0:\"\";','text','Core','s:0:\"\";',0,-1,195,1,1);
INSERT INTO `gl_conf_values`VALUES ('dbdump_max_files','i:10;','text','Core','i:10;',0,-1,185,5,5);
INSERT INTO `gl_conf_values`VALUES ('gravatar_identicon','unset','select','Core','s:9:\"identicon\";',5,38,1620,27,27);
INSERT INTO `gl_conf_values`VALUES ('cache_resource','b:0;','select','Core','b:1;',2,1,240,10,10);
INSERT INTO `gl_conf_values`VALUES ('invalidloginattempts','i:7;','text','Core','i:7;',4,-1,1710,18,18);
INSERT INTO `gl_conf_values`VALUES ('invalidloginmaxtime','i:1200;','text','Core','i:1200;',4,-1,1720,18,18);
INSERT INTO `gl_conf_values`VALUES ('langurl_topic','a:3:{i:0;s:0:\"\";i:1;s:9:\"index.php\";i:2;s:5:\"topic\";}','@hidden','Core','a:3:{i:0;s:0:\"\";i:1;s:9:\"index.php\";i:2;s:5:\"topic\";}',7,1,1830,31,31);
INSERT INTO `gl_conf_values`VALUES ('langurl_article','a:3:{i:0;s:0:\"\";i:1;s:11:\"article.php\";i:2;s:5:\"story\";}','@hidden','Core','a:3:{i:0;s:0:\"\";i:1;s:11:\"article.php\";i:2;s:5:\"story\";}',7,1,1830,31,31);
INSERT INTO `gl_conf_values`VALUES ('enable_twofactorauth','i:0;','select','Core','i:0;',4,0,1730,18,18);
INSERT INTO `gl_conf_values`VALUES ('require_user_email','i:1;','select','Core','i:1;',4,0,295,16,16);
INSERT INTO `gl_conf_values`VALUES ('404_log','b:0;','select','Core','i:1;',7,1,1840,31,31);
INSERT INTO `gl_conf_values`VALUES ('blocks_article_topic_list_repeat_after','i:1;','text','Core','i:1;',1,-1,1400,7,7);
INSERT INTO `gl_conf_values`VALUES ('page_navigation_mobile_max_pages','i:7;','text','Core','i:7;',7,-1,1805,31,31);
INSERT INTO `gl_conf_values`VALUES ('langurl_staticpages','a:3:{i:0;s:11:\"staticpages\";i:1;s:9:\"index.php\";i:2;s:4:\"page\";}','@hidden','Core','a:3:{i:0;s:11:\"staticpages\";i:1;s:9:\"index.php\";i:2;s:4:\"page\";}',7,1,1830,31,31);
INSERT INTO `gl_conf_values`VALUES ('sg_main','N;','subgroup','mediagallery','N;',0,-1,0,0,0);
INSERT INTO `gl_conf_values`VALUES ('tab_main','N;','tab','mediagallery','N;',0,-1,0,0,0);
INSERT INTO `gl_conf_values`VALUES ('fs_main','N;','fieldset','mediagallery','N;',0,-1,0,0,0);
INSERT INTO `gl_conf_values`VALUES ('gallery_only','s:1:\"0\";','select','mediagallery','s:1:\"0\";',0,0,1,0,0);
INSERT INTO `gl_conf_values`VALUES ('loginrequired','s:1:\"0\";','select','mediagallery','s:1:\"0\";',0,0,2,0,0);
INSERT INTO `gl_conf_values`VALUES ('htmlallowed','s:1:\"1\";','select','mediagallery','s:1:\"1\";',0,0,3,0,0);
INSERT INTO `gl_conf_values`VALUES ('usage_tracking','s:1:\"0\";','select','mediagallery','s:1:\"0\";',0,0,4,0,0);
INSERT INTO `gl_conf_values`VALUES ('whatsnew','s:1:\"1\";','select','mediagallery','s:1:\"1\";',0,0,5,0,0);
INSERT INTO `gl_conf_values`VALUES ('title_length','s:2:\"28\";','text','mediagallery','s:2:\"28\";',0,0,6,0,0);
INSERT INTO `gl_conf_values`VALUES ('whatsnew_time','s:1:\"7\";','text','mediagallery','s:1:\"7\";',0,0,7,0,0);
INSERT INTO `gl_conf_values`VALUES ('preserve_filename','s:2:\" 1\";','select','mediagallery','s:2:\" 1\";',0,0,8,0,0);
INSERT INTO `gl_conf_values`VALUES ('discard_original','s:1:\"0\";','select','mediagallery','s:1:\"0\";',0,0,9,0,0);
INSERT INTO `gl_conf_values`VALUES ('verbose','s:1:\"0\";','select','mediagallery','s:1:\"0\";',0,0,10,0,0);
INSERT INTO `gl_conf_values`VALUES ('disable_whatsnew_comments','s:1:\"1\";','select','mediagallery','s:1:\"1\";',0,0,11,0,0);
INSERT INTO `gl_conf_values`VALUES ('profile_hook','s:1:\"1\";','select','mediagallery','s:1:\"1\";',0,0,12,0,0);
INSERT INTO `gl_conf_values`VALUES ('fs_autotag','N;','fieldset','mediagallery','N;',0,-1,0,0,1);
INSERT INTO `gl_conf_values`VALUES ('at_border','s:1:\"1\";','select','mediagallery','s:1:\"1\";',0,0,13,0,1);
INSERT INTO `gl_conf_values`VALUES ('at_align','s:4:\"auto\";','select','mediagallery','s:4:\"auto\";',0,7,14,0,1);
INSERT INTO `gl_conf_values`VALUES ('at_width','s:1:\"0\";','text','mediagallery','s:1:\"0\";',0,0,15,0,1);
INSERT INTO `gl_conf_values`VALUES ('at_height','s:1:\"0\";','text','mediagallery','s:1:\"0\";',0,0,16,0,1);
INSERT INTO `gl_conf_values`VALUES ('at_src','s:2:\"tn\";','select','mediagallery','s:2:\"tn\";',0,8,17,0,1);
INSERT INTO `gl_conf_values`VALUES ('at_autoplay','s:1:\"0\";','select','mediagallery','s:1:\"0\";',0,0,18,0,1);
INSERT INTO `gl_conf_values`VALUES ('at_enable_link','s:1:\"1\";','select','mediagallery','s:1:\"1\";',0,9,19,0,1);
INSERT INTO `gl_conf_values`VALUES ('at_delay','s:1:\"5\";','text','mediagallery','s:1:\"5\";',0,0,20,0,1);
INSERT INTO `gl_conf_values`VALUES ('at_showtitle','s:1:\"0\";','select','mediagallery','s:1:\"0\";',0,0,21,0,1);
INSERT INTO `gl_conf_values`VALUES ('fs_rssfeed','N;','fieldset','mediagallery','N;',0,-1,0,0,2);
INSERT INTO `gl_conf_values`VALUES ('rss_full_enabled','s:1:\"1\";','select','mediagallery','s:1:\"1\";',0,0,22,0,2);
INSERT INTO `gl_conf_values`VALUES ('rss_feed_type','s:6:\"RSS2.0\";','select','mediagallery','s:6:\"RSS2.0\";',0,30,23,0,2);
INSERT INTO `gl_conf_values`VALUES ('rss_ignore_empty','s:1:\"1\";','select','mediagallery','s:1:\"1\";',0,0,24,0,2);
INSERT INTO `gl_conf_values`VALUES ('rss_anonymous_only','s:1:\"1\";','select','mediagallery','s:1:\"1\";',0,0,25,0,2);
INSERT INTO `gl_conf_values`VALUES ('hide_author_email','s:1:\"0\";','select','mediagallery','s:1:\"0\";',0,0,26,0,2);
INSERT INTO `gl_conf_values`VALUES ('rss_feed_name','s:7:\"mgmedia\";','text','mediagallery','s:7:\"mgmedia\";',0,0,27,0,2);
INSERT INTO `gl_conf_values`VALUES ('tab_display','N;','tab','mediagallery','N;',0,-1,0,1,0);
INSERT INTO `gl_conf_values`VALUES ('fs_display','N;','fieldset','mediagallery','N;',0,-1,0,1,0);
INSERT INTO `gl_conf_values`VALUES ('dfid','i:0;','select','mediagallery','i:19;',0,-1,28,1,0);
INSERT INTO `gl_conf_values`VALUES ('displayblocks','s:1:\"3\";','select','mediagallery','s:1:\"3\";',0,10,29,1,0);
INSERT INTO `gl_conf_values`VALUES ('subalbum_select','s:1:\"0\";','select','mediagallery','s:1:\"0\";',0,0,30,1,0);
INSERT INTO `gl_conf_values`VALUES ('jpg_orig_quality','s:2:\"85\";','text','mediagallery','s:2:\"85\";',0,0,31,1,0);
INSERT INTO `gl_conf_values`VALUES ('jpg_quality','s:2:\"85\";','text','mediagallery','s:2:\"85\";',0,0,32,1,0);
INSERT INTO `gl_conf_values`VALUES ('tn_jpg_quality','s:2:\"85\";','text','mediagallery','s:2:\"85\";',0,0,33,1,0);
INSERT INTO `gl_conf_values`VALUES ('gallery_tn_size','s:1:\"2\";','select','mediagallery','s:1:\"2\";',0,11,34,1,0);
INSERT INTO `gl_conf_values`VALUES ('gallery_tn_height','s:3:\"200\";','text','mediagallery','s:3:\"200\";',0,0,35,1,0);
INSERT INTO `gl_conf_values`VALUES ('gallery_tn_width','s:3:\"200\";','text','mediagallery','s:3:\"200\";',0,0,36,1,0);
INSERT INTO `gl_conf_values`VALUES ('enable_media_id','s:1:\"1\";','select','mediagallery','s:1:\"1\";',0,0,37,1,0);
INSERT INTO `gl_conf_values`VALUES ('full_in_popup','s:1:\"0\";','select','mediagallery','s:1:\"0\";',0,0,38,1,0);
INSERT INTO `gl_conf_values`VALUES ('seperator','s:2:\"::\";','text','mediagallery','s:2:\"::\";',0,0,39,1,0);
INSERT INTO `gl_conf_values`VALUES ('use_flowplayer','s:1:\"0\";','select','mediagallery','s:1:\"0\";',0,13,40,1,0);
INSERT INTO `gl_conf_values`VALUES ('custom_image_height','s:3:\"412\";','text','mediagallery','s:3:\"412\";',0,0,41,1,0);
INSERT INTO `gl_conf_values`VALUES ('custom_image_width','s:3:\"550\";','text','mediagallery','s:3:\"550\";',0,0,42,1,0);
INSERT INTO `gl_conf_values`VALUES ('popup_from_album','s:1:\"0\";','select','mediagallery','s:1:\"0\";',0,0,43,1,0);
INSERT INTO `gl_conf_values`VALUES ('autotag_caption','s:1:\"0\";','select','mediagallery','s:1:\"0\";',0,0,44,1,0);
INSERT INTO `gl_conf_values`VALUES ('random_width','s:3:\"120\";','text','mediagallery','s:3:\"120\";',0,0,45,1,0);
INSERT INTO `gl_conf_values`VALUES ('random_skin','s:8:\"mgShadow\";','select','mediagallery','s:8:\"mgShadow\";',0,-1,46,1,0);
INSERT INTO `gl_conf_values`VALUES ('truncate_breadcrumb','s:1:\"0\";','text','mediagallery','s:1:\"0\";',0,0,47,1,0);
INSERT INTO `gl_conf_values`VALUES ('fs_searchresults','N;','fieldset','mediagallery','N;',0,-1,0,1,1);
INSERT INTO `gl_conf_values`VALUES ('search_columns','s:1:\"3\";','text','mediagallery','s:1:\"3\";',0,0,48,1,1);
INSERT INTO `gl_conf_values`VALUES ('search_rows','s:2:\"20\";','text','mediagallery','s:2:\"20\";',0,0,49,1,1);
INSERT INTO `gl_conf_values`VALUES ('search_playback_type','s:1:\"0\";','select','mediagallery','s:1:\"0\";',0,14,50,1,1);
INSERT INTO `gl_conf_values`VALUES ('search_enable_views','s:1:\"1\";','select','mediagallery','s:1:\"1\";',0,0,51,1,1);
INSERT INTO `gl_conf_values`VALUES ('search_enable_rating','s:1:\"1\";','select','mediagallery','s:1:\"1\";',0,0,52,1,1);
INSERT INTO `gl_conf_values`VALUES ('search_album_skin','s:7:\"default\";','select','mediagallery','s:7:\"default\";',0,-1,53,1,1);
INSERT INTO `gl_conf_values`VALUES ('search_frame_skin','s:7:\"default\";','select','mediagallery','s:7:\"default\";',0,-1,54,1,1);
INSERT INTO `gl_conf_values`VALUES ('search_tn_size','s:1:\"1\";','select','mediagallery','s:1:\"1\";',0,31,55,1,1);
INSERT INTO `gl_conf_values`VALUES ('tab_batch','N;','tab','mediagallery','N;',0,-1,0,2,0);
INSERT INTO `gl_conf_values`VALUES ('fs_batch','N;','fieldset','mediagallery','N;',0,-1,0,2,0);
INSERT INTO `gl_conf_values`VALUES ('def_refresh_rate','s:2:\"30\";','text','mediagallery','s:2:\"30\";',0,0,56,2,0);
INSERT INTO `gl_conf_values`VALUES ('def_item_limit','s:2:\"10\";','text','mediagallery','s:2:\"10\";',0,0,57,2,0);
INSERT INTO `gl_conf_values`VALUES ('def_time_limit','s:2:\"90\";','text','mediagallery','s:2:\"90\";',0,0,58,2,0);
INSERT INTO `gl_conf_values`VALUES ('tab_userprefs','N;','tab','mediagallery','N;',0,-1,0,3,0);
INSERT INTO `gl_conf_values`VALUES ('fs_userprefs','N;','fieldset','mediagallery','N;',0,-1,0,3,0);
INSERT INTO `gl_conf_values`VALUES ('up_display_rows_enabled','s:1:\"1\";','select','mediagallery','s:1:\"1\";',0,0,59,3,0);
INSERT INTO `gl_conf_values`VALUES ('up_display_columns_enabled','s:1:\"1\";','select','mediagallery','s:1:\"1\";',0,0,60,3,0);
INSERT INTO `gl_conf_values`VALUES ('up_av_playback_enabled','s:1:\"1\";','select','mediagallery','s:1:\"1\";',0,0,61,3,0);
INSERT INTO `gl_conf_values`VALUES ('up_thumbnail_size_enabled','s:1:\"1\";','select','mediagallery','s:1:\"1\";',0,0,62,3,0);
INSERT INTO `gl_conf_values`VALUES ('tab_graphics','N;','tab','mediagallery','N;',0,-1,0,4,0);
INSERT INTO `gl_conf_values`VALUES ('fs_graphics','N;','fieldset','mediagallery','N;',0,-1,0,4,0);
INSERT INTO `gl_conf_values`VALUES ('jhead_enabled','s:1:\"0\";','select','mediagallery','s:1:\"0\";',0,0,63,4,0);
INSERT INTO `gl_conf_values`VALUES ('jhead_path','s:0:\"\";','text','mediagallery','s:0:\"\";',0,0,64,4,0);
INSERT INTO `gl_conf_values`VALUES ('jpegtran_enabled','s:1:\"0\";','select','mediagallery','s:1:\"0\";',0,0,65,4,0);
INSERT INTO `gl_conf_values`VALUES ('jpegtran_path','s:0:\"\";','text','mediagallery','s:0:\"\";',0,0,66,4,0);
INSERT INTO `gl_conf_values`VALUES ('ffmpeg_enabled','s:1:\"0\";','select','mediagallery','s:1:\"0\";',0,0,67,4,0);
INSERT INTO `gl_conf_values`VALUES ('ffmpeg_path','s:0:\"\";','text','mediagallery','s:0:\"\";',0,0,68,4,0);
INSERT INTO `gl_conf_values`VALUES ('zip_enabled','s:1:\"0\";','select','mediagallery','s:1:\"0\";',0,0,69,4,0);
INSERT INTO `gl_conf_values`VALUES ('zip_path','s:0:\"\";','text','mediagallery','s:0:\"\";',0,0,70,4,0);
INSERT INTO `gl_conf_values`VALUES ('tmp_path','s:64:\"/home/xs868602/yokosojapan.net/private/plugins/mediagallery/tmp/\";','text','mediagallery','s:66:\"/var/www/virtual/yokosojapan.net/geeklog/plugins/mediagallery/tmp/\";',0,0,71,4,0);
INSERT INTO `gl_conf_values`VALUES ('ftp_path','s:68:\"/home/xs868602/yokosojapan.net/private/plugins/mediagallery/uploads/\";','text','mediagallery','s:70:\"/var/www/virtual/yokosojapan.net/geeklog/plugins/mediagallery/uploads/\";',0,0,72,4,0);
INSERT INTO `gl_conf_values`VALUES ('sg_album','N;','subgroup','mediagallery','N;',1,-1,0,0,0);
INSERT INTO `gl_conf_values`VALUES ('tab_album','N;','tab','mediagallery','N;',1,-1,0,5,0);
INSERT INTO `gl_conf_values`VALUES ('fs_root_album','N;','fieldset','mediagallery','N;',1,-1,0,5,0);
INSERT INTO `gl_conf_values`VALUES ('root_album_name','s:10:\"Root Album\";','text','mediagallery','s:10:\"Root Album\";',1,0,73,5,0);
INSERT INTO `gl_conf_values`VALUES ('album_display_columns','i:3;','text','mediagallery','i:3;',1,0,74,5,0);
INSERT INTO `gl_conf_values`VALUES ('album_display_rows','i:4;','text','mediagallery','i:4;',1,0,75,5,0);
INSERT INTO `gl_conf_values`VALUES ('indextheme','s:7:\"default\";','select','mediagallery','s:7:\"default\";',1,-1,76,5,0);
INSERT INTO `gl_conf_values`VALUES ('indexskin','s:7:\"default\";','select','mediagallery','s:7:\"default\";',1,-1,77,5,0);
INSERT INTO `gl_conf_values`VALUES ('fs_album','N;','fieldset','mediagallery','N;',1,-1,0,5,1);
INSERT INTO `gl_conf_values`VALUES ('ad_skin','s:7:\"default\";','select','mediagallery','s:7:\"default\";',1,-1,78,5,1);
INSERT INTO `gl_conf_values`VALUES ('ad_enable_comments','s:1:\"1\";','select','mediagallery','s:1:\"1\";',1,0,79,5,1);
INSERT INTO `gl_conf_values`VALUES ('ad_exif_display','s:1:\"0\";','select','mediagallery','s:1:\"0\";',1,15,80,5,1);
INSERT INTO `gl_conf_values`VALUES ('ad_enable_rating','s:1:\"1\";','select','mediagallery','s:1:\"1\";',1,16,81,5,1);
INSERT INTO `gl_conf_values`VALUES ('ad_enable_album_views','s:1:\"1\";','select','mediagallery','s:1:\"1\";',1,0,82,5,1);
INSERT INTO `gl_conf_values`VALUES ('ad_enable_views','s:1:\"1\";','select','mediagallery','s:1:\"1\";',1,0,83,5,1);
INSERT INTO `gl_conf_values`VALUES ('ad_enable_keywords','s:1:\"1\";','select','mediagallery','s:1:\"1\";',1,0,84,5,1);
INSERT INTO `gl_conf_values`VALUES ('ad_display_album_desc','s:1:\"0\";','select','mediagallery','s:1:\"0\";',1,0,85,5,1);
INSERT INTO `gl_conf_values`VALUES ('ad_filename_title','s:1:\"0\";','select','mediagallery','s:1:\"0\";',1,0,86,5,1);
INSERT INTO `gl_conf_values`VALUES ('ad_enable_rss','s:1:\"0\";','select','mediagallery','s:1:\"0\";',1,0,87,5,1);
INSERT INTO `gl_conf_values`VALUES ('ad_rsschildren','s:1:\"1\";','select','mediagallery','s:1:\"1\";',1,0,88,5,1);
INSERT INTO `gl_conf_values`VALUES ('ad_podcast','s:1:\"0\";','select','mediagallery','s:1:\"0\";',1,0,89,5,1);
INSERT INTO `gl_conf_values`VALUES ('ad_mp3ribbon','s:1:\"0\";','select','mediagallery','s:1:\"0\";',1,0,90,5,1);
INSERT INTO `gl_conf_values`VALUES ('ad_enable_sort','s:1:\"1\";','select','mediagallery','s:1:\"1\";',1,0,91,5,1);
INSERT INTO `gl_conf_values`VALUES ('ad_album_sort_order','s:1:\"0\";','select','mediagallery','s:1:\"0\";',1,17,92,5,1);
INSERT INTO `gl_conf_values`VALUES ('ad_playback_type','s:1:\"2\";','select','mediagallery','s:1:\"2\";',1,18,93,5,1);
INSERT INTO `gl_conf_values`VALUES ('ad_enable_slideshow','s:1:\"1\";','select','mediagallery','s:1:\"1\";',1,19,94,5,1);
INSERT INTO `gl_conf_values`VALUES ('ad_enable_random','s:1:\"1\";','select','mediagallery','s:1:\"1\";',1,0,95,5,1);
INSERT INTO `gl_conf_values`VALUES ('ad_albums_first','s:1:\"1\";','select','mediagallery','s:1:\"1\";',1,0,96,5,1);
INSERT INTO `gl_conf_values`VALUES ('ad_allow_download','s:1:\"0\";','select','mediagallery','s:1:\"0\";',1,0,97,5,1);
INSERT INTO `gl_conf_values`VALUES ('ad_full_display','s:1:\"0\";','select','mediagallery','s:1:\"0\";',1,20,98,5,1);
INSERT INTO `gl_conf_values`VALUES ('ad_tn_size','s:1:\"1\";','select','mediagallery','s:1:\"1\";',1,11,99,5,1);
INSERT INTO `gl_conf_values`VALUES ('ad_tn_width','s:3:\"200\";','text','mediagallery','s:3:\"200\";',1,0,100,5,1);
INSERT INTO `gl_conf_values`VALUES ('ad_tn_height','s:3:\"200\";','text','mediagallery','s:3:\"200\";',1,0,101,5,1);
INSERT INTO `gl_conf_values`VALUES ('ad_max_image_width','s:1:\"0\";','text','mediagallery','s:1:\"0\";',1,0,102,5,1);
INSERT INTO `gl_conf_values`VALUES ('ad_max_image_height','s:1:\"0\";','text','mediagallery','s:1:\"0\";',1,0,103,5,1);
INSERT INTO `gl_conf_values`VALUES ('ad_max_filesize','s:1:\"0\";','text','mediagallery','s:1:\"0\";',1,0,104,5,1);
INSERT INTO `gl_conf_values`VALUES ('ad_display_image_size','s:1:\"2\";','select','mediagallery','s:1:\"2\";',1,21,105,5,1);
INSERT INTO `gl_conf_values`VALUES ('ad_display_rows','s:1:\"4\";','text','mediagallery','s:1:\"4\";',1,0,106,5,1);
INSERT INTO `gl_conf_values`VALUES ('ad_display_columns','s:1:\"3\";','text','mediagallery','s:1:\"3\";',1,0,107,5,1);
INSERT INTO `gl_conf_values`VALUES ('ad_image_skin','s:8:\"mgShadow\";','select','mediagallery','s:8:\"mgShadow\";',1,-1,108,5,1);
INSERT INTO `gl_conf_values`VALUES ('ad_display_skin','s:8:\"mgShadow\";','select','mediagallery','s:8:\"mgShadow\";',1,-1,109,5,1);
INSERT INTO `gl_conf_values`VALUES ('ad_album_skin','s:7:\"mgAlbum\";','select','mediagallery','s:7:\"mgAlbum\";',1,-1,110,5,1);
INSERT INTO `gl_conf_values`VALUES ('tab_watermark','N;','tab','mediagallery','N;',1,-1,0,6,0);
INSERT INTO `gl_conf_values`VALUES ('fs_watermark','N;','fieldset','mediagallery','N;',1,-1,0,6,0);
INSERT INTO `gl_conf_values`VALUES ('ad_wm_auto','s:1:\"0\";','select','mediagallery','s:1:\"0\";',1,0,111,6,0);
INSERT INTO `gl_conf_values`VALUES ('ad_wm_opacity','s:2:\"10\";','select','mediagallery','s:2:\"10\";',1,22,112,6,0);
INSERT INTO `gl_conf_values`VALUES ('ad_wm_location','s:1:\"1\";','select','mediagallery','s:1:\"1\";',1,23,113,6,0);
INSERT INTO `gl_conf_values`VALUES ('ad_wm_id','s:1:\"0\";','select','mediagallery','s:1:\"0\";',1,-1,114,6,0);
INSERT INTO `gl_conf_values`VALUES ('tab_allowedmediatypes','N;','tab','mediagallery','N;',1,-1,0,7,0);
INSERT INTO `gl_conf_values`VALUES ('fs_allowedmediatypes','N;','fieldset','mediagallery','N;',1,-1,0,7,0);
INSERT INTO `gl_conf_values`VALUES ('ad_valid_format_jpg','s:1:\"1\";','select','mediagallery','s:1:\"1\";',1,0,115,7,0);
INSERT INTO `gl_conf_values`VALUES ('ad_valid_format_png','s:1:\"1\";','select','mediagallery','s:1:\"1\";',1,0,116,7,0);
INSERT INTO `gl_conf_values`VALUES ('ad_valid_format_tif','s:1:\"1\";','select','mediagallery','s:1:\"1\";',1,0,117,7,0);
INSERT INTO `gl_conf_values`VALUES ('ad_valid_format_gif','s:1:\"1\";','select','mediagallery','s:1:\"1\";',1,0,118,7,0);
INSERT INTO `gl_conf_values`VALUES ('ad_valid_format_bmp','s:1:\"1\";','select','mediagallery','s:1:\"1\";',1,0,119,7,0);
INSERT INTO `gl_conf_values`VALUES ('ad_valid_format_tga','s:1:\"1\";','select','mediagallery','s:1:\"1\";',1,0,120,7,0);
INSERT INTO `gl_conf_values`VALUES ('ad_valid_format_psd','s:1:\"1\";','select','mediagallery','s:1:\"1\";',1,0,121,7,0);
INSERT INTO `gl_conf_values`VALUES ('ad_valid_format_mp3','s:1:\"1\";','select','mediagallery','s:1:\"1\";',1,0,122,7,0);
INSERT INTO `gl_conf_values`VALUES ('ad_valid_format_ogg','s:1:\"1\";','select','mediagallery','s:1:\"1\";',1,0,123,7,0);
INSERT INTO `gl_conf_values`VALUES ('ad_valid_format_asf','s:1:\"1\";','select','mediagallery','s:1:\"1\";',1,0,124,7,0);
INSERT INTO `gl_conf_values`VALUES ('ad_valid_format_swf','s:1:\"1\";','select','mediagallery','s:1:\"1\";',1,0,125,7,0);
INSERT INTO `gl_conf_values`VALUES ('ad_valid_format_mov','s:1:\"1\";','select','mediagallery','s:1:\"1\";',1,0,126,7,0);
INSERT INTO `gl_conf_values`VALUES ('ad_valid_format_mp4','s:1:\"1\";','select','mediagallery','s:1:\"1\";',1,0,127,7,0);
INSERT INTO `gl_conf_values`VALUES ('ad_valid_format_mpg','s:1:\"1\";','select','mediagallery','s:1:\"1\";',1,0,128,7,0);
INSERT INTO `gl_conf_values`VALUES ('ad_valid_format_flv','s:1:\"1\";','select','mediagallery','s:1:\"1\";',1,0,129,7,0);
INSERT INTO `gl_conf_values`VALUES ('ad_valid_format_rflv','s:1:\"1\";','select','mediagallery','s:1:\"1\";',1,0,130,7,0);
INSERT INTO `gl_conf_values`VALUES ('ad_valid_format_emb','s:1:\"1\";','select','mediagallery','s:1:\"1\";',1,0,131,7,0);
INSERT INTO `gl_conf_values`VALUES ('ad_valid_format_zip','s:1:\"1\";','select','mediagallery','s:1:\"1\";',1,0,132,7,0);
INSERT INTO `gl_conf_values`VALUES ('ad_valid_format_other','s:1:\"1\";','select','mediagallery','s:1:\"1\";',1,0,133,7,0);
INSERT INTO `gl_conf_values`VALUES ('tab_useruploads','N;','tab','mediagallery','N;',1,-1,0,8,0);
INSERT INTO `gl_conf_values`VALUES ('fs_useruploads','N;','fieldset','mediagallery','N;',1,-1,0,8,0);
INSERT INTO `gl_conf_values`VALUES ('ad_member_uploads','s:1:\"0\";','select','mediagallery','s:1:\"0\";',1,0,134,8,0);
INSERT INTO `gl_conf_values`VALUES ('ad_moderate','s:1:\"0\";','select','mediagallery','s:1:\"0\";',1,0,135,8,0);
INSERT INTO `gl_conf_values`VALUES ('ad_mod_group_id','s:2:\"66\";','select','mediagallery','s:2:\"66\";',1,-1,136,8,0);
INSERT INTO `gl_conf_values`VALUES ('ad_email_mod','s:1:\"0\";','select','mediagallery','s:1:\"0\";',1,0,137,8,0);
INSERT INTO `gl_conf_values`VALUES ('tab_accessrights','N;','tab','mediagallery','N;',1,-1,0,9,0);
INSERT INTO `gl_conf_values`VALUES ('fs_accessrights','N;','fieldset','mediagallery','N;',1,-1,0,9,0);
INSERT INTO `gl_conf_values`VALUES ('ad_group_id','s:2:\"66\";','select','mediagallery','s:2:\"66\";',1,-1,138,9,0);
INSERT INTO `gl_conf_values`VALUES ('fs_permissions','N;','fieldset','mediagallery','N;',1,-1,0,9,1);
INSERT INTO `gl_conf_values`VALUES ('ad_permissions','a:4:{i:0;i:3;i:1;i:2;i:2;i:2;i:3;i:2;}','@select','mediagallery','a:4:{i:0;i:3;i:1;i:2;i:2;i:2;i:3;i:2;}',1,12,139,9,1);
INSERT INTO `gl_conf_values`VALUES ('sg_av','N;','subgroup','mediagallery','N;',2,-1,0,0,0);
INSERT INTO `gl_conf_values`VALUES ('tab_wmedia','N;','tab','mediagallery','N;',2,-1,0,10,0);
INSERT INTO `gl_conf_values`VALUES ('fs_wmedia','N;','fieldset','mediagallery','N;',2,-1,0,10,0);
INSERT INTO `gl_conf_values`VALUES ('asf_autostart','s:1:\"1\";','select','mediagallery','s:1:\"1\";',2,0,140,10,0);
INSERT INTO `gl_conf_values`VALUES ('asf_enablecontextmenu','s:1:\"1\";','select','mediagallery','s:1:\"1\";',2,0,141,10,0);
INSERT INTO `gl_conf_values`VALUES ('asf_stretchtofit','s:1:\"1\";','select','mediagallery','s:1:\"1\";',2,0,142,10,0);
INSERT INTO `gl_conf_values`VALUES ('asf_showstatusbar','s:1:\"1\";','select','mediagallery','s:1:\"1\";',2,0,143,10,0);
INSERT INTO `gl_conf_values`VALUES ('asf_uimode','s:4:\"full\";','select','mediagallery','s:4:\"full\";',2,24,144,10,0);
INSERT INTO `gl_conf_values`VALUES ('asf_playcount','s:4:\"9999\";','text','mediagallery','s:4:\"9999\";',2,0,145,10,0);
INSERT INTO `gl_conf_values`VALUES ('asf_bgcolor','s:7:\"#FFFFFF\";','text','mediagallery','s:7:\"#FFFFFF\";',2,0,146,10,0);
INSERT INTO `gl_conf_values`VALUES ('asf_width','s:3:\"640\";','text','mediagallery','s:3:\"640\";',2,0,147,10,0);
INSERT INTO `gl_conf_values`VALUES ('asf_height','s:3:\"480\";','text','mediagallery','s:3:\"480\";',2,0,148,10,0);
INSERT INTO `gl_conf_values`VALUES ('tab_quicktime','N;','tab','mediagallery','N;',2,-1,0,11,0);
INSERT INTO `gl_conf_values`VALUES ('fs_quicktime','N;','fieldset','mediagallery','N;',2,-1,0,11,0);
INSERT INTO `gl_conf_values`VALUES ('mov_autoref','s:1:\"1\";','select','mediagallery','s:1:\"1\";',2,0,149,11,0);
INSERT INTO `gl_conf_values`VALUES ('mov_autoplay','s:1:\"1\";','select','mediagallery','s:1:\"1\";',2,0,150,11,0);
INSERT INTO `gl_conf_values`VALUES ('mov_controller','s:1:\"1\";','select','mediagallery','s:1:\"1\";',2,0,151,11,0);
INSERT INTO `gl_conf_values`VALUES ('mov_kioskmode','s:1:\"1\";','select','mediagallery','s:1:\"1\";',2,0,152,11,0);
INSERT INTO `gl_conf_values`VALUES ('mov_scale','s:5:\"tofit\";','select','mediagallery','s:5:\"tofit\";',2,25,153,11,0);
INSERT INTO `gl_conf_values`VALUES ('mov_loop','s:1:\"0\";','select','mediagallery','s:1:\"0\";',2,0,154,11,0);
INSERT INTO `gl_conf_values`VALUES ('mov_bgcolor','s:7:\"#FFFFFF\";','text','mediagallery','s:7:\"#FFFFFF\";',2,0,155,11,0);
INSERT INTO `gl_conf_values`VALUES ('mov_width','s:3:\"640\";','text','mediagallery','s:3:\"640\";',2,0,156,11,0);
INSERT INTO `gl_conf_values`VALUES ('mov_height','s:3:\"480\";','text','mediagallery','s:3:\"480\";',2,0,157,11,0);
INSERT INTO `gl_conf_values`VALUES ('tab_mp3','N;','tab','mediagallery','N;',2,-1,0,12,0);
INSERT INTO `gl_conf_values`VALUES ('fs_mp3','N;','fieldset','mediagallery','N;',2,-1,0,12,0);
INSERT INTO `gl_conf_values`VALUES ('mp3_autostart','s:1:\"1\";','select','mediagallery','s:1:\"1\";',2,0,158,12,0);
INSERT INTO `gl_conf_values`VALUES ('mp3_enablecontextmenu','s:1:\"1\";','select','mediagallery','s:1:\"1\";',2,0,159,12,0);
INSERT INTO `gl_conf_values`VALUES ('mp3_showstatusbar','s:1:\"1\";','select','mediagallery','s:1:\"1\";',2,0,160,12,0);
INSERT INTO `gl_conf_values`VALUES ('mp3_loop','s:1:\"0\";','select','mediagallery','s:1:\"0\";',2,0,161,12,0);
INSERT INTO `gl_conf_values`VALUES ('mp3_uimode','s:1:\"0\";','select','mediagallery','s:1:\"0\";',2,24,162,12,0);
INSERT INTO `gl_conf_values`VALUES ('tab_flashmedia','N;','tab','mediagallery','N;',2,-1,0,13,0);
INSERT INTO `gl_conf_values`VALUES ('fs_flashmedia','N;','fieldset','mediagallery','N;',2,-1,0,13,0);
INSERT INTO `gl_conf_values`VALUES ('swf_play','s:1:\"1\";','select','mediagallery','s:1:\"1\";',2,0,163,13,0);
INSERT INTO `gl_conf_values`VALUES ('swf_menu','s:1:\"0\";','select','mediagallery','s:1:\"0\";',2,0,164,13,0);
INSERT INTO `gl_conf_values`VALUES ('swf_scale','s:7:\"showall\";','select','mediagallery','s:7:\"showall\";',2,26,165,13,0);
INSERT INTO `gl_conf_values`VALUES ('swf_wmode','s:11:\"transparent\";','select','mediagallery','s:11:\"transparent\";',2,27,166,13,0);
INSERT INTO `gl_conf_values`VALUES ('swf_allowscriptaccess','s:10:\"sameDomain\";','select','mediagallery','s:10:\"sameDomain\";',2,28,167,13,0);
INSERT INTO `gl_conf_values`VALUES ('swf_quality','s:4:\"high\";','select','mediagallery','s:4:\"high\";',2,29,168,13,0);
INSERT INTO `gl_conf_values`VALUES ('swf_loop','s:1:\"0\";','select','mediagallery','s:1:\"0\";',2,0,169,13,0);
INSERT INTO `gl_conf_values`VALUES ('swf_bgcolor','s:7:\"#FFFFFF\";','text','mediagallery','s:7:\"#FFFFFF\";',2,0,170,13,0);
INSERT INTO `gl_conf_values`VALUES ('swf_width','s:3:\"640\";','text','mediagallery','s:3:\"640\";',2,0,171,13,0);
INSERT INTO `gl_conf_values`VALUES ('swf_height','s:3:\"480\";','text','mediagallery','s:3:\"480\";',2,0,172,13,0);
INSERT INTO `gl_conf_values`VALUES ('swf_flashvars','s:0:\"\";','text','mediagallery','s:0:\"\";',2,0,173,13,0);
INSERT INTO `gl_conf_values`VALUES ('swf_version','s:1:\"6\";','text','mediagallery','s:1:\"6\";',2,0,174,13,0);
INSERT INTO `gl_conf_values`VALUES ('sg_member_album','N;','subgroup','mediagallery','N;',3,-1,0,0,0);
INSERT INTO `gl_conf_values`VALUES ('tab_member_albums','N;','tab','mediagallery','N;',3,-1,0,14,0);
INSERT INTO `gl_conf_values`VALUES ('fs_member_albums','N;','fieldset','mediagallery','N;',3,-1,0,14,0);
INSERT INTO `gl_conf_values`VALUES ('member_albums','s:1:\"0\";','select','mediagallery','s:1:\"0\";',3,0,175,14,0);
INSERT INTO `gl_conf_values`VALUES ('allow_remote','s:1:\"0\";','select','mediagallery','s:1:\"0\";',3,0,176,14,0);
INSERT INTO `gl_conf_values`VALUES ('member_use_fullname','s:1:\"0\";','select','mediagallery','s:1:\"0\";',3,0,177,14,0);
INSERT INTO `gl_conf_values`VALUES ('feature_member_album','s:1:\"0\";','select','mediagallery','s:1:\"0\";',3,0,178,14,0);
INSERT INTO `gl_conf_values`VALUES ('member_quota','s:1:\"0\";','text','mediagallery','s:1:\"0\";',3,0,179,14,0);
INSERT INTO `gl_conf_values`VALUES ('member_auto_create','s:1:\"0\";','select','mediagallery','s:1:\"0\";',3,0,180,14,0);
INSERT INTO `gl_conf_values`VALUES ('member_create_new','s:1:\"0\";','select','mediagallery','s:1:\"0\";',3,0,181,14,0);
INSERT INTO `gl_conf_values`VALUES ('member_album_root','s:1:\"0\";','select','mediagallery','s:1:\"0\";',3,-1,182,14,0);
INSERT INTO `gl_conf_values`VALUES ('member_album_archive','s:1:\"0\";','select','mediagallery','s:1:\"0\";',3,-1,183,14,0);
INSERT INTO `gl_conf_values`VALUES ('tab_member_allowedmediatypes','N;','tab','mediagallery','N;',3,-1,0,15,0);
INSERT INTO `gl_conf_values`VALUES ('fs_member_allowedmediatypes','N;','fieldset','mediagallery','N;',3,-1,0,15,0);
INSERT INTO `gl_conf_values`VALUES ('member_valid_format_jpg','s:1:\"1\";','select','mediagallery','s:1:\"1\";',3,0,184,15,0);
INSERT INTO `gl_conf_values`VALUES ('member_valid_format_png','s:1:\"1\";','select','mediagallery','s:1:\"1\";',3,0,185,15,0);
INSERT INTO `gl_conf_values`VALUES ('member_valid_format_tif','s:1:\"1\";','select','mediagallery','s:1:\"1\";',3,0,186,15,0);
INSERT INTO `gl_conf_values`VALUES ('member_valid_format_gif','s:1:\"1\";','select','mediagallery','s:1:\"1\";',3,0,187,15,0);
INSERT INTO `gl_conf_values`VALUES ('member_valid_format_bmp','s:1:\"1\";','select','mediagallery','s:1:\"1\";',3,0,188,15,0);
INSERT INTO `gl_conf_values`VALUES ('member_valid_format_tga','s:1:\"1\";','select','mediagallery','s:1:\"1\";',3,0,189,15,0);
INSERT INTO `gl_conf_values`VALUES ('member_valid_format_psd','s:1:\"1\";','select','mediagallery','s:1:\"1\";',3,0,190,15,0);
INSERT INTO `gl_conf_values`VALUES ('member_valid_format_mp3','s:1:\"1\";','select','mediagallery','s:1:\"1\";',3,0,191,15,0);
INSERT INTO `gl_conf_values`VALUES ('member_valid_format_ogg','s:1:\"1\";','select','mediagallery','s:1:\"1\";',3,0,192,15,0);
INSERT INTO `gl_conf_values`VALUES ('member_valid_format_asf','s:1:\"1\";','select','mediagallery','s:1:\"1\";',3,0,193,15,0);
INSERT INTO `gl_conf_values`VALUES ('member_valid_format_swf','s:1:\"1\";','select','mediagallery','s:1:\"1\";',3,0,194,15,0);
INSERT INTO `gl_conf_values`VALUES ('member_valid_format_mov','s:1:\"1\";','select','mediagallery','s:1:\"1\";',3,0,195,15,0);
INSERT INTO `gl_conf_values`VALUES ('member_valid_format_mp4','s:1:\"1\";','select','mediagallery','s:1:\"1\";',3,0,196,15,0);
INSERT INTO `gl_conf_values`VALUES ('member_valid_format_mpg','s:1:\"1\";','select','mediagallery','s:1:\"1\";',3,0,197,15,0);
INSERT INTO `gl_conf_values`VALUES ('member_valid_format_flv','s:1:\"1\";','select','mediagallery','s:1:\"1\";',3,0,198,15,0);
INSERT INTO `gl_conf_values`VALUES ('member_valid_format_rflv','s:1:\"1\";','select','mediagallery','s:1:\"1\";',3,0,199,15,0);
INSERT INTO `gl_conf_values`VALUES ('member_valid_format_emb','s:1:\"1\";','select','mediagallery','s:1:\"1\";',3,0,200,15,0);
INSERT INTO `gl_conf_values`VALUES ('member_valid_format_zip','s:1:\"1\";','select','mediagallery','s:1:\"1\";',3,0,201,15,0);
INSERT INTO `gl_conf_values`VALUES ('member_valid_format_other','s:1:\"1\";','select','mediagallery','s:1:\"1\";',3,0,202,15,0);
INSERT INTO `gl_conf_values`VALUES ('tab_member_album_attributes','N;','tab','mediagallery','N;',3,-1,0,16,0);
INSERT INTO `gl_conf_values`VALUES ('fs_member_album_attributes','N;','fieldset','mediagallery','N;',3,-1,0,16,0);
INSERT INTO `gl_conf_values`VALUES ('member_enable_random','s:1:\"1\";','select','mediagallery','s:1:\"1\";',3,0,203,16,0);
INSERT INTO `gl_conf_values`VALUES ('member_max_width','s:1:\"0\";','text','mediagallery','s:1:\"0\";',3,0,204,16,0);
INSERT INTO `gl_conf_values`VALUES ('member_max_height','s:1:\"0\";','text','mediagallery','s:1:\"0\";',3,0,205,16,0);
INSERT INTO `gl_conf_values`VALUES ('member_max_filesize','s:1:\"0\";','text','mediagallery','s:1:\"0\";',3,0,206,16,0);
INSERT INTO `gl_conf_values`VALUES ('tab_member_useruploads','N;','tab','mediagallery','N;',3,-1,0,17,0);
INSERT INTO `gl_conf_values`VALUES ('fs_member_useruploads','N;','fieldset','mediagallery','N;',3,-1,0,17,0);
INSERT INTO `gl_conf_values`VALUES ('member_uploads','s:1:\"0\";','select','mediagallery','s:1:\"0\";',3,0,207,17,0);
INSERT INTO `gl_conf_values`VALUES ('member_moderate','s:1:\"0\";','select','mediagallery','s:1:\"0\";',3,0,208,17,0);
INSERT INTO `gl_conf_values`VALUES ('member_mod_group_id','s:2:\"66\";','select','mediagallery','s:2:\"66\";',3,-1,209,17,0);
INSERT INTO `gl_conf_values`VALUES ('member_email_mod','s:1:\"0\";','select','mediagallery','s:1:\"0\";',3,0,210,17,0);
INSERT INTO `gl_conf_values`VALUES ('tab_member_accessrights','N;','tab','mediagallery','N;',3,-1,0,18,0);
INSERT INTO `gl_conf_values`VALUES ('fs_member_permissions','N;','fieldset','mediagallery','N;',3,-1,0,18,0);
INSERT INTO `gl_conf_values`VALUES ('member_permissions','a:4:{i:0;i:3;i:1;i:3;i:2;i:0;i:3;i:0;}','@select','mediagallery','a:4:{i:0;i:3;i:1;i:3;i:2;i:0;i:3;i:0;}',3,12,211,18,0);
INSERT INTO `gl_conf_values`VALUES ('fs_pro','N;','fieldset','assist','N;',0,-1,0,9,9);
INSERT INTO `gl_conf_values`VALUES ('path_xml','s:47:\"/var/www/clients/client22/web57/web/assist_data\";','text','assist','s:47:\"/var/www/clients/client22/web57/web/assist_data\";',0,-1,10,9,9);
INSERT INTO `gl_conf_values`VALUES ('path_xml_out','s:58:\"/var/www/clients/client22/web57/private/yokoso/data/assist\";','text','assist','s:58:\"/var/www/clients/client22/web57/private/yokoso/data/assist\";',0,-1,20,9,9);
INSERT INTO `gl_conf_values`VALUES ('default_autotag_permissions','a:4:{i:0;i:2;i:1;i:2;i:2;i:2;i:3;i:2;}','@select','autotags','a:4:{i:0;i:2;i:1;i:2;i:2;i:2;i:3;i:2;}',0,13,10,10,10);
INSERT INTO `gl_conf_values`VALUES ('sg_main','N;','subgroup','langsel','N;',0,-1,0,0,0);
INSERT INTO `gl_conf_values`VALUES ('tab_main','N;','tab','langsel','N;',0,-1,0,0,0);
INSERT INTO `gl_conf_values`VALUES ('fs_main','N;','fieldset','langsel','N;',0,-1,0,0,0);
INSERT INTO `gl_conf_values`VALUES ('block_pos','i:2;','select','langsel','i:1;',0,1,10,0,0);
INSERT INTO `gl_conf_values`VALUES ('block_order','i:1;','text','langsel','i:1;',0,-1,20,0,0);
INSERT INTO `gl_conf_values`VALUES ('sg_main','N;','subgroup','recaptcha','N;',0,-1,0,0,0);
INSERT INTO `gl_conf_values`VALUES ('tab_main','N;','tab','recaptcha','N;',0,-1,0,0,0);
INSERT INTO `gl_conf_values`VALUES ('fs_system','N;','fieldset','recaptcha','N;',0,-1,0,0,0);
INSERT INTO `gl_conf_values`VALUES ('public_key','s:40:\"6Lff6Y0UAAAAAPsly7AhsXK-6_WoD4b7P5PPA7Dw\";','text','recaptcha','s:0:\"\";',0,-1,10,0,0);
INSERT INTO `gl_conf_values`VALUES ('private_key','s:40:\"6Lff6Y0UAAAAAP8Bkf0XHdd64zapMDTqsnHFJM58\";','text','recaptcha','s:0:\"\";',0,-1,20,0,0);
INSERT INTO `gl_conf_values`VALUES ('logging','i:0;','select','recaptcha','i:0;',0,0,30,0,0);
INSERT INTO `gl_conf_values`VALUES ('fs_integration','N;','fieldset','recaptcha','N;',0,-1,0,0,1);
INSERT INTO `gl_conf_values`VALUES ('anonymous_only','s:1:\"1\";','select','recaptcha','i:0;',0,0,40,0,1);
INSERT INTO `gl_conf_values`VALUES ('remoteusers','i:0;','select','recaptcha','i:0;',0,0,50,0,1);
INSERT INTO `gl_conf_values`VALUES ('enable_comment','i:1;','select','recaptcha','i:1;',0,0,60,0,1);
INSERT INTO `gl_conf_values`VALUES ('enable_contact','i:1;','select','recaptcha','i:1;',0,0,70,0,1);
INSERT INTO `gl_conf_values`VALUES ('enable_emailstory','i:1;','select','recaptcha','i:1;',0,0,80,0,1);
INSERT INTO `gl_conf_values`VALUES ('enable_forum','i:1;','select','recaptcha','i:1;',0,0,90,0,1);
INSERT INTO `gl_conf_values`VALUES ('enable_registration','i:1;','select','recaptcha','i:1;',0,0,100,0,1);
INSERT INTO `gl_conf_values`VALUES ('enable_mediagallery','i:1;','select','recaptcha','i:1;',0,0,110,0,1);
INSERT INTO `gl_conf_values`VALUES ('enable_rating','i:1;','select','recaptcha','i:1;',0,0,120,0,1);
INSERT INTO `gl_conf_values`VALUES ('enable_story','i:1;','select','recaptcha','i:1;',0,0,130,0,1);
INSERT INTO `gl_conf_values`VALUES ('enable_calendar','i:1;','select','recaptcha','i:1;',0,0,140,0,1);
INSERT INTO `gl_conf_values`VALUES ('enable_links','i:1;','select','recaptcha','i:1;',0,0,150,0,1);
INSERT INTO `gl_conf_values`VALUES ('sg_main','N;','subgroup','custommenu','N;',0,-1,0,0,0);
INSERT INTO `gl_conf_values`VALUES ('tab_main','N;','tab','custommenu','N;',0,-1,0,0,0);
INSERT INTO `gl_conf_values`VALUES ('fs_main','N;','fieldset','custommenu','N;',0,-1,0,0,0);
INSERT INTO `gl_conf_values`VALUES ('aftersave','s:4:\"list\";','select','custommenu','s:4:\"list\";',0,9,10,0,0);
INSERT INTO `gl_conf_values`VALUES ('menu_render','s:8:\"pulldown\";','select','custommenu','s:8:\"pulldown\";',0,10,20,0,0);
INSERT INTO `gl_conf_values`VALUES ('prefix_id','s:7:\"cmitem-\";','text','custommenu','s:7:\"cmitem-\";',0,0,30,0,0);
INSERT INTO `gl_conf_values`VALUES ('tab_permissions','N;','tab','custommenu','N;',0,-1,0,1,2);
INSERT INTO `gl_conf_values`VALUES ('fs_permissions','N;','fieldset','custommenu','N;',0,-1,0,1,2);
INSERT INTO `gl_conf_values`VALUES ('default_permissions','a:4:{i:0;i:3;i:1;i:2;i:2;i:2;i:3;i:2;}','@select','custommenu','a:4:{i:0;i:3;i:1;i:2;i:2;i:2;i:3;i:2;}',0,12,40,1,2);
INSERT INTO `gl_conf_values`VALUES ('sg_main','N;','subgroup','spamx','N;',0,-1,0,0,0);
INSERT INTO `gl_conf_values`VALUES ('tab_main','N;','tab','spamx','N;',0,-1,0,0,0);
INSERT INTO `gl_conf_values`VALUES ('fs_main','N;','fieldset','spamx','N;',0,-1,0,0,0);
INSERT INTO `gl_conf_values`VALUES ('logging','b:1;','select','spamx','b:1;',0,1,10,0,0);
INSERT INTO `gl_conf_values`VALUES ('timeout','i:5;','text','spamx','i:5;',0,-1,30,0,0);
INSERT INTO `gl_conf_values`VALUES ('notification_email','s:17:\"komma@ivywe.co.jp\";','text','spamx','unset:s:0:\"\";',0,-1,40,0,0);
INSERT INTO `gl_conf_values`VALUES ('spamx_action','i:128;','text','spamx','unset:i:128;',0,-1,50,0,0);
INSERT INTO `gl_conf_values`VALUES ('max_age','i:0;','text','spamx','i:0;',0,-1,60,0,0);
INSERT INTO `gl_conf_values`VALUES ('records_delete','a:2:{i:0;s:5:\"email\";i:1;s:2:\"IP\";}','%text','spamx','a:2:{i:0;s:5:\"email\";i:1;s:2:\"IP\";}',0,-1,70,0,0);
INSERT INTO `gl_conf_values`VALUES ('tab_modules','N;','tab','spamx','N;',0,-1,0,10,0);
INSERT INTO `gl_conf_values`VALUES ('fs_sfs','N;','fieldset','spamx','N;',0,-1,0,10,0);
INSERT INTO `gl_conf_values`VALUES ('sfs_enabled','b:0;','select','spamx','b:0;',0,1,10,10,0);
INSERT INTO `gl_conf_values`VALUES ('sfs_confidence','i:25;','text','spamx','i:25;',0,-1,20,10,0);
INSERT INTO `gl_conf_values`VALUES ('fs_snl','N;','fieldset','spamx','N;',0,-1,0,10,10);
INSERT INTO `gl_conf_values`VALUES ('snl_enabled','b:0;','select','spamx','b:0;',0,1,10,10,10);
INSERT INTO `gl_conf_values`VALUES ('snl_num_links','i:5;','text','spamx','i:5;',0,-1,20,10,10);
INSERT INTO `gl_conf_values`VALUES ('fs_akismet','N;','fieldset','spamx','N;',0,-1,0,10,20);
INSERT INTO `gl_conf_values`VALUES ('akismet_enabled','b:0;','select','spamx','b:0;',0,1,10,10,20);
INSERT INTO `gl_conf_values`VALUES ('akismet_api_key','s:0:\"\";','text','spamx','s:0:\"\";',0,-1,20,10,20);
INSERT INTO `gl_conf_values`VALUES ('ip_anonymization','i:-1;','text','Core','i:-1;',0,-1,2070,0,0);
INSERT INTO `gl_conf_values`VALUES ('autotag_permissions_likes_block','a:4:{i:0;i:2;i:1;i:2;i:2;i:0;i:3;i:0;}','@select','Core','a:4:{i:0;i:2;i:1;i:2;i:2;i:0;i:3;i:0;}',7,28,1940,37,41);
INSERT INTO `gl_conf_values`VALUES ('likes_users_listed','i:5;','text','Core','i:5;',4,-1,1740,51,51);
INSERT INTO `gl_conf_values`VALUES ('fs_likes_block_settings','N;','fieldset','Core','N;',4,-1,0,51,52);
INSERT INTO `gl_conf_values`VALUES ('likes_block_enable','b:1;','select','Core','b:1;',4,0,1750,51,52);
INSERT INTO `gl_conf_values`VALUES ('likes_block_isleft','i:1;','select','Core','i:1;',4,0,1760,51,52);
INSERT INTO `gl_conf_values`VALUES ('likes_block_order','i:10;','text','Core','i:10;',4,0,1770,51,52);
INSERT INTO `gl_conf_values`VALUES ('likes_block_topic_option','s:3:\"all\";','select','Core','s:3:\"all\";',4,43,1780,51,52);
INSERT INTO `gl_conf_values`VALUES ('likes_block_topic','a:0:{}','%select','Core','a:0:{}',4,-1,1790,51,52);
INSERT INTO `gl_conf_values`VALUES ('likes_block_cache_time','i:3600;','text','Core','i:3600;',4,-1,1800,51,52);
INSERT INTO `gl_conf_values`VALUES ('likes_block_displayed_actions','i:3;','select','Core','i:3;',4,46,1810,51,52);
INSERT INTO `gl_conf_values`VALUES ('likes_block_include_time','i:604800;','text','Core','i:604800;',4,-1,1820,51,52);
INSERT INTO `gl_conf_values`VALUES ('likes_block_max_items','i:10;','text','Core','i:10;',4,-1,1830,51,52);
INSERT INTO `gl_conf_values`VALUES ('likes_block_title_trim_length','i:20;','text','Core','i:20;',4,-1,1840,51,52);
INSERT INTO `gl_conf_values`VALUES ('likes_block_likes_new_line','b:1;','select','Core','b:1;',4,0,1850,51,52);
INSERT INTO `gl_conf_values`VALUES ('likes_block_type','s:0:\"\";','text','Core','s:0:\"\";',4,-1,1860,51,52);
INSERT INTO `gl_conf_values`VALUES ('likes_block_subtype','s:0:\"\";','text','Core','s:0:\"\";',4,-1,1870,51,52);
INSERT INTO `gl_conf_values`VALUES ('fs_likes_block_permissions','N;','fieldset','Core','N;',4,-1,0,51,53);
INSERT INTO `gl_conf_values`VALUES ('likes_block_group_id','s:1:\"4\";','select','Core','s:1:\"4\";',4,-1,1880,51,53);
INSERT INTO `gl_conf_values`VALUES ('likes_block_permissions','a:4:{i:0;i:2;i:1;i:2;i:2;i:2;i:3;i:2;}','@select','Core','a:4:{i:0;i:2;i:1;i:2;i:2;i:2;i:3;i:2;}',4,44,1890,51,53);
INSERT INTO `gl_conf_values`VALUES ('enable_eval_php_save','i:0;','select','staticpages','i:0;',0,0,15,0,0);
INSERT INTO `gl_conf_values`VALUES ('likes_pages','i:0;','select','staticpages','i:0;',0,41,130,0,0);

--
-- Table structure for table `gl_databox_addition`
--


CREATE TABLE `gl_databox_addition` (
  `seq` int(11) NOT NULL AUTO_INCREMENT,
  `id` int(11) NOT NULL,
  `field_id` int(11) NOT NULL,
  `value` mediumtext NOT NULL,
  PRIMARY KEY (`seq`),
  KEY `id` (`id`),
  KEY `field_id` (`field_id`),
  KEY `value` (`value`(16))
) ENGINE=MyISAM DEFAULT CHARSET=utf8 COLLATE=utf8_general_ci;

--
-- Dumping data for table `gl_databox_addition`
--


--
-- Table structure for table `gl_databox_base`
--


CREATE TABLE `gl_databox_base` (
  `id` int(11) NOT NULL AUTO_INCREMENT,
  `code` varchar(40) NOT NULL DEFAULT '',
  `title` varchar(128) DEFAULT NULL,
  `page_title` varchar(128) DEFAULT NULL,
  `description` mediumtext DEFAULT NULL,
  `defaulttemplatesdirectory` varchar(40) NOT NULL DEFAULT '',
  `comments` mediumint(8) unsigned NOT NULL DEFAULT 0,
  `comment_expire` datetime NOT NULL DEFAULT '0000-00-00 00:00:00',
  `commentcode` tinyint(4) NOT NULL DEFAULT 0,
  `meta_description` text DEFAULT NULL,
  `meta_keywords` text DEFAULT NULL,
  `language_id` char(2) DEFAULT NULL,
  `owner_id` mediumint(8) NOT NULL DEFAULT 1,
  `group_id` mediumint(8) NOT NULL DEFAULT 2,
  `perm_owner` tinyint(1) unsigned NOT NULL DEFAULT 3,
  `perm_group` tinyint(1) unsigned NOT NULL DEFAULT 3,
  `perm_members` tinyint(1) unsigned NOT NULL DEFAULT 2,
  `perm_anon` tinyint(1) unsigned NOT NULL DEFAULT 2,
  `modified` datetime NOT NULL,
  `created` datetime NOT NULL,
  `released` datetime NOT NULL,
  `expired` datetime NOT NULL DEFAULT '0000-00-00 00:00:00',
  `orderno` int(2) NOT NULL DEFAULT 0,
  `fieldset_id` int(11) NOT NULL DEFAULT 0,
  `trackbackcode` tinyint(4) NOT NULL DEFAULT 0,
  `draft_flag` tinyint(3) NOT NULL DEFAULT 0,
  `udatetime` timestamp NOT NULL DEFAULT current_timestamp() ON UPDATE current_timestamp(),
  `uuid` mediumint(8) NOT NULL,
  PRIMARY KEY (`id`),
  KEY `modified` (`modified`),
  KEY `created` (`created`),
  KEY `released` (`released`),
  KEY `expired` (`expired`)
) ENGINE=MyISAM AUTO_INCREMENT=2 DEFAULT CHARSET=utf8 COLLATE=utf8_general_ci;

--
-- Dumping data for table `gl_databox_base`
--

INSERT INTO `gl_databox_base`VALUES (1,'test_ja','test_ja','','','',0,'0000-00-00 00:00:00',0,'','','0',3,70,3,2,2,2,'2015-08-24 10:17:00','2015-08-24 10:17:00','2015-08-24 10:16:00','0000-00-00 00:00:00',0,1,0,0,'2015-08-24 10:17:05',3);

--
-- Table structure for table `gl_databox_category`
--


CREATE TABLE `gl_databox_category` (
  `seq` int(11) NOT NULL AUTO_INCREMENT,
  `id` int(11) NOT NULL,
  `category_id` int(11) NOT NULL,
  PRIMARY KEY (`seq`),
  KEY `id` (`id`)
) ENGINE=MyISAM DEFAULT CHARSET=utf8 COLLATE=utf8_general_ci;

--
-- Dumping data for table `gl_databox_category`
--


--
-- Table structure for table `gl_databox_def_category`
--


CREATE TABLE `gl_databox_def_category` (
  `category_id` int(11) NOT NULL AUTO_INCREMENT,
  `code` varchar(40) DEFAULT NULL,
  `name` varchar(64) NOT NULL,
  `description` mediumtext DEFAULT NULL,
  `defaulttemplatesdirectory` varchar(40) DEFAULT NULL,
  `orderno` int(2) DEFAULT NULL,
  `parent_id` int(11) DEFAULT NULL,
  `categorygroup_id` int(11) NOT NULL DEFAULT 0,
  `udatetime` timestamp NOT NULL DEFAULT current_timestamp(),
  `uuid` mediumint(8) NOT NULL,
  PRIMARY KEY (`category_id`)
) ENGINE=MyISAM DEFAULT CHARSET=utf8 COLLATE=utf8_general_ci;

--
-- Dumping data for table `gl_databox_def_category`
--


--
-- Table structure for table `gl_databox_def_field`
--


CREATE TABLE `gl_databox_def_field` (
  `field_id` int(11) NOT NULL,
  `name` varchar(64) NOT NULL,
  `templatesetvar` varchar(64) NOT NULL,
  `description` mediumtext DEFAULT NULL,
  `type` int(2) NOT NULL DEFAULT 0,
  `selection` mediumtext DEFAULT NULL,
  `selectlist` varchar(16) DEFAULT NULL,
  `checkrequried` binary(1) DEFAULT NULL,
  `size` int(11) DEFAULT NULL,
  `maxlength` int(11) DEFAULT NULL,
  `rows` int(11) DEFAULT NULL,
  `br` binary(1) DEFAULT NULL,
  `orderno` int(2) DEFAULT NULL,
  `allow_display` binary(1) DEFAULT '0',
  `allow_edit` binary(1) DEFAULT '0',
  `textcheck` binary(2) DEFAULT '0\0',
  `textconv` binary(2) DEFAULT '0\0',
  `searchtarget` binary(1) DEFAULT '0',
  `udatetime` timestamp NOT NULL DEFAULT current_timestamp(),
  `uuid` mediumint(8) NOT NULL,
  PRIMARY KEY (`field_id`)
) ENGINE=MyISAM DEFAULT CHARSET=utf8 COLLATE=utf8_general_ci;

--
-- Dumping data for table `gl_databox_def_field`
--


--
-- Table structure for table `gl_databox_def_fieldset`
--


CREATE TABLE `gl_databox_def_fieldset` (
  `fieldset_id` int(11) NOT NULL,
  `name` varchar(64) NOT NULL,
  `description` mediumtext DEFAULT NULL,
  `defaulttemplatesdirectory` varchar(40) NOT NULL,
  `layout` varchar(16) NOT NULL,
  `udatetime` timestamp NOT NULL DEFAULT current_timestamp(),
  `uuid` mediumint(8) NOT NULL,
  PRIMARY KEY (`fieldset_id`)
) ENGINE=MyISAM DEFAULT CHARSET=utf8 COLLATE=utf8_general_ci;

--
-- Dumping data for table `gl_databox_def_fieldset`
--

INSERT INTO `gl_databox_def_fieldset`VALUES (0,'',NULL,'','','2015-08-24 10:16:05',0);
INSERT INTO `gl_databox_def_fieldset`VALUES (1,'type1','','','0','2015-08-24 10:16:41',3);

--
-- Table structure for table `gl_databox_def_fieldset_assignments`
--


CREATE TABLE `gl_databox_def_fieldset_assignments` (
  `seq` int(11) NOT NULL AUTO_INCREMENT,
  `fieldset_id` int(11) NOT NULL,
  `field_id` int(11) NOT NULL,
  PRIMARY KEY (`seq`),
  KEY `fieldset_id` (`fieldset_id`)
) ENGINE=MyISAM DEFAULT CHARSET=utf8 COLLATE=utf8_general_ci;

--
-- Dumping data for table `gl_databox_def_fieldset_assignments`
--


--
-- Table structure for table `gl_databox_def_fieldset_group`
--


CREATE TABLE `gl_databox_def_fieldset_group` (
  `seq` int(11) NOT NULL AUTO_INCREMENT,
  `fieldset_id` int(11) NOT NULL,
  `group_id` int(11) NOT NULL,
  PRIMARY KEY (`seq`),
  KEY `fieldset_id` (`fieldset_id`)
) ENGINE=MyISAM DEFAULT CHARSET=utf8 COLLATE=utf8_general_ci;

--
-- Dumping data for table `gl_databox_def_fieldset_group`
--


--
-- Table structure for table `gl_databox_def_group`
--


CREATE TABLE `gl_databox_def_group` (
  `group_id` int(11) NOT NULL,
  `code` varchar(40) DEFAULT NULL,
  `name` varchar(64) NOT NULL,
  `description` mediumtext DEFAULT NULL,
  `orderno` int(2) DEFAULT NULL,
  `parent_flg` binary(1) NOT NULL DEFAULT '0',
  `input_type` binary(1) NOT NULL DEFAULT '0',
  `udatetime` timestamp NOT NULL DEFAULT current_timestamp(),
  `uuid` mediumint(8) NOT NULL,
  PRIMARY KEY (`group_id`)
) ENGINE=MyISAM DEFAULT CHARSET=utf8 COLLATE=utf8_general_ci;

--
-- Dumping data for table `gl_databox_def_group`
--

INSERT INTO `gl_databox_def_group`VALUES (0,NULL,'',NULL,NULL,0,0,'2015-08-24 10:16:05',0);

--
-- Table structure for table `gl_databox_mst`
--


CREATE TABLE `gl_databox_mst` (
  `id` int(11) NOT NULL AUTO_INCREMENT,
  `kind` varchar(16) NOT NULL,
  `no` int(2) NOT NULL,
  `value` varchar(64) NOT NULL,
  `value2` varchar(64) DEFAULT NULL,
  `disp` varchar(64) DEFAULT NULL,
  `orderno` int(2) DEFAULT NULL,
  `relno` int(11) DEFAULT NULL,
  `udatetime` timestamp NOT NULL DEFAULT current_timestamp(),
  `uuid` mediumint(8) NOT NULL,
  PRIMARY KEY (`id`),
  KEY `kind` (`kind`,`no`),
  KEY `kind_2` (`kind`,`orderno`)
) ENGINE=MyISAM DEFAULT CHARSET=utf8 COLLATE=utf8_general_ci;

--
-- Dumping data for table `gl_databox_mst`
--


--
-- Table structure for table `gl_databox_stats`
--


CREATE TABLE `gl_databox_stats` (
  `id` int(11) NOT NULL,
  `hits` int(11) NOT NULL DEFAULT 0,
  `udatetime` timestamp NOT NULL DEFAULT current_timestamp(),
  PRIMARY KEY (`id`)
) ENGINE=MyISAM DEFAULT CHARSET=utf8 COLLATE=utf8_general_ci;

--
-- Dumping data for table `gl_databox_stats`
--

INSERT INTO `gl_databox_stats`VALUES (1,89,'2019-01-24 08:15:46');

--
-- Table structure for table `gl_dateformats`
--


CREATE TABLE `gl_dateformats` (
  `dfid` tinyint(4) NOT NULL DEFAULT 0,
  `format` varchar(32) DEFAULT NULL,
  `description` varchar(64) DEFAULT NULL,
  PRIMARY KEY (`dfid`)
) ENGINE=MyISAM DEFAULT CHARSET=utf8 COLLATE=utf8_general_ci;

--
-- Dumping data for table `gl_dateformats`
--

INSERT INTO `gl_dateformats`VALUES (0,'','System Default');
INSERT INTO `gl_dateformats`VALUES (1,'%A %B %d, %Y @%I:%M%p','Sunday March 21, 1999 @10:00PM');
INSERT INTO `gl_dateformats`VALUES (2,'%A %b %d, %Y @%H:%M','Sunday March 21, 1999 @22:00');
INSERT INTO `gl_dateformats`VALUES (4,'%A %b %d @%H:%M','Sunday March 21 @22:00');
INSERT INTO `gl_dateformats`VALUES (5,'%H:%M %d %B %Y','22:00 21 March 1999');
INSERT INTO `gl_dateformats`VALUES (6,'%H:%M %A %d %B %Y','22:00 Sunday 21 March 1999');
INSERT INTO `gl_dateformats`VALUES (7,'%I:%M%p - %A %B %d %Y','10:00PM -- Sunday March 21 1999');
INSERT INTO `gl_dateformats`VALUES (8,'%a %B %d, %I:%M%p','Sun March 21, 10:00PM');
INSERT INTO `gl_dateformats`VALUES (9,'%a %B %d, %H:%M','Sun March 21, 22:00');
INSERT INTO `gl_dateformats`VALUES (10,'%m-%d-%y %H:%M','3-21-99 22:00');
INSERT INTO `gl_dateformats`VALUES (11,'%d-%m-%y %H:%M','21-3-99 22:00');
INSERT INTO `gl_dateformats`VALUES (12,'%m-%d-%y %I:%M%p','3-21-99 10:00PM');
INSERT INTO `gl_dateformats`VALUES (13,'%I:%M%p  %B %e, %Y','10:00PM  March 21, 1999');
INSERT INTO `gl_dateformats`VALUES (14,'%a %b %d, \'%y %I:%M%p','Sun Mar 21, \'99 10:00PM');
INSERT INTO `gl_dateformats`VALUES (15,'Day %j, %I ish','Day 80, 10 ish');
INSERT INTO `gl_dateformats`VALUES (16,'%y-%m-%d %I:%M','99-03-21 10:00');
INSERT INTO `gl_dateformats`VALUES (17,'%d/%m/%y %H:%M','21/03/99 22:00');
INSERT INTO `gl_dateformats`VALUES (18,'%a %d %b %I:%M%p','Sun 21 Mar 10:00PM');
INSERT INTO `gl_dateformats`VALUES (19,'%Y-%m-%d %H:%M','1999-03-21 22:00');

--
-- Table structure for table `gl_dpxy_notify`
--


CREATE TABLE `gl_dpxy_notify` (
  `id` int(10) NOT NULL AUTO_INCREMENT,
  `callback_name` varchar(30) NOT NULL DEFAULT '',
  `type` varchar(255) NOT NULL DEFAULT '',
  KEY `id` (`id`)
) ENGINE=MyISAM DEFAULT CHARSET=utf8 COLLATE=utf8_general_ci;

--
-- Dumping data for table `gl_dpxy_notify`
--


--
-- Table structure for table `gl_features`
--


CREATE TABLE `gl_features` (
  `ft_id` mediumint(8) NOT NULL AUTO_INCREMENT,
  `ft_name` varchar(50) NOT NULL,
  `ft_descr` varchar(255) NOT NULL DEFAULT '',
  `ft_gl_core` tinyint(1) NOT NULL DEFAULT 0,
  PRIMARY KEY (`ft_id`),
  KEY `ft_name` (`ft_name`)
) ENGINE=MyISAM AUTO_INCREMENT=179 DEFAULT CHARSET=utf8 COLLATE=utf8_general_ci;

--
-- Dumping data for table `gl_features`
--

INSERT INTO `gl_features`VALUES (1,'story.edit','記事を編集する権限',1);
INSERT INTO `gl_features`VALUES (2,'story.moderate','承認待ちの記事を承認・却下する権限',1);
INSERT INTO `gl_features`VALUES (3,'story.submit','承認待ちなしで記事を掲載する権限',1);
INSERT INTO `gl_features`VALUES (4,'story.ping','記事の更新ピング、ピングバック、トラックバックを送信する権限',1);
INSERT INTO `gl_features`VALUES (5,'user.edit','ユーザを編集する権限',1);
INSERT INTO `gl_features`VALUES (6,'user.delete','ユーザを削除する権限',1);
INSERT INTO `gl_features`VALUES (7,'user.mail','メンバーにEメールを送信する権限',1);
INSERT INTO `gl_features`VALUES (8,'syndication.edit','フィードを管理する権限',1);
INSERT INTO `gl_features`VALUES (9,'webservices.atompub','Atompubウェブサービスル使用する権限',1);
INSERT INTO `gl_features`VALUES (10,'block.edit','ブロックを編集する権限',1);
INSERT INTO `gl_features`VALUES (11,'topic.edit','話題を編集する権限',1);
INSERT INTO `gl_features`VALUES (13,'plugin.edit','プラグインを編集する権限',1);
INSERT INTO `gl_features`VALUES (14,'group.edit','グループを編集する権限',1);
INSERT INTO `gl_features`VALUES (15,'group.delete','グループを削除する権限',1);
INSERT INTO `gl_features`VALUES (16,'block.delete','ブロックを削除する権限',1);
INSERT INTO `gl_features`VALUES (17,'plugin.install','Can install/uninstall plugins',1);
INSERT INTO `gl_features`VALUES (18,'plugin.upload','Can upload new plugins',1);
INSERT INTO `gl_features`VALUES (19,'group.assign','Ability to assign users to groups',1);
INSERT INTO `gl_features`VALUES (20,'comment.moderate','Ability to moderate comments',1);
INSERT INTO `gl_features`VALUES (21,'comment.submit','Comments are automatically published',1);
INSERT INTO `gl_features`VALUES (30,'japanize.edit','Access to Japanize  editor',0);
INSERT INTO `gl_features`VALUES (69,'staticpages.PHP','Ability to use PHP in static pages',0);
INSERT INTO `gl_features`VALUES (68,'staticpages.delete','Ability to delete static pages',0);
INSERT INTO `gl_features`VALUES (67,'staticpages.edit','Access to Static Pages editor',0);
INSERT INTO `gl_features`VALUES (137,'dbman.edit','Access to Dbman editor',0);
INSERT INTO `gl_features`VALUES (35,'dataproxy.admin','DataProxy Admin',0);
INSERT INTO `gl_features`VALUES (53,'sitemap.admin','Sitemap Admin',0);
INSERT INTO `gl_features`VALUES (42,'tkgmaps.admin','GoogleMaps Admin',0);
INSERT INTO `gl_features`VALUES (43,'navman.admin','Navman Admin',0);
INSERT INTO `gl_features`VALUES (58,'autoping.edit','Access to Auto Ping editor',0);
INSERT INTO `gl_features`VALUES (155,'config.xmlsitemap.tab_main','Access to configure general XMLSitemap settings',0);
INSERT INTO `gl_features`VALUES (70,'assist.edit','Access to Assist  editor',0);
INSERT INTO `gl_features`VALUES (63,'tinymce.edit','Access to TinyMCE editor',0);
INSERT INTO `gl_features`VALUES (65,'twitter.edit','Access to Twitter editor',0);
INSERT INTO `gl_features`VALUES (66,'htmlfilter.skip','Skip filtering posts for HTML',1);
INSERT INTO `gl_features`VALUES (71,'banner.edit','Access to banner editor',0);
INSERT INTO `gl_features`VALUES (72,'banner.moderate','Ability to moderate pending banner',0);
INSERT INTO `gl_features`VALUES (73,'banner.submit','May skip the banner submission queue',0);
INSERT INTO `gl_features`VALUES (74,'googleanalytics.admi','GoogleAnalytics Admin',0);
INSERT INTO `gl_features`VALUES (75,'wkymlmguser.admin','メルマガユーザ Admin',0);
INSERT INTO `gl_features`VALUES (131,'assist.admin','Full access to Assist plugin',0);
INSERT INTO `gl_features`VALUES (79,'config.Core.tab_site','Access to configure site',1);
INSERT INTO `gl_features`VALUES (80,'config.Core.tab_mail','Access to configure mail',1);
INSERT INTO `gl_features`VALUES (81,'config.Core.tab_syndication','Access to configure syndication',1);
INSERT INTO `gl_features`VALUES (82,'config.Core.tab_paths','Access to configure paths',1);
INSERT INTO `gl_features`VALUES (83,'config.Core.tab_pear','Access to configure PEAR',1);
INSERT INTO `gl_features`VALUES (84,'config.Core.tab_mysql','Access to configure MySQL',1);
INSERT INTO `gl_features`VALUES (85,'config.Core.tab_search','Access to configure search',1);
INSERT INTO `gl_features`VALUES (86,'config.Core.tab_story','Access to configure story',1);
INSERT INTO `gl_features`VALUES (87,'config.Core.tab_trackback','Access to configure trackback',1);
INSERT INTO `gl_features`VALUES (88,'config.Core.tab_pingback','Access to configure pingback',1);
INSERT INTO `gl_features`VALUES (89,'config.Core.tab_theme','Access to configure theme',1);
INSERT INTO `gl_features`VALUES (90,'config.Core.tab_theme_advanced','Access to configure theme advanced settings',1);
INSERT INTO `gl_features`VALUES (91,'config.Core.tab_admin_block','Access to configure admin block',1);
INSERT INTO `gl_features`VALUES (92,'config.Core.tab_topics_block','Access to configure topics block',1);
INSERT INTO `gl_features`VALUES (93,'config.Core.tab_whosonline_block','Access to configure who\'s online block',1);
INSERT INTO `gl_features`VALUES (94,'config.Core.tab_whatsnew_block','Access to configure what\'s new block',1);
INSERT INTO `gl_features`VALUES (95,'config.Core.tab_users','Access to configure users',1);
INSERT INTO `gl_features`VALUES (96,'config.Core.tab_spamx','Access to configure Spam-x',1);
INSERT INTO `gl_features`VALUES (97,'config.Core.tab_login','Access to configure login settings',1);
INSERT INTO `gl_features`VALUES (98,'config.Core.tab_user_submission','Access to configure user submission',1);
INSERT INTO `gl_features`VALUES (99,'config.Core.tab_submission','Access to configure submission settings',1);
INSERT INTO `gl_features`VALUES (100,'config.Core.tab_comments','Access to configure comments',1);
INSERT INTO `gl_features`VALUES (101,'config.Core.tab_imagelib','Access to configure image library',1);
INSERT INTO `gl_features`VALUES (102,'config.Core.tab_upload','Access to configure upload',1);
INSERT INTO `gl_features`VALUES (103,'config.Core.tab_articleimg','Access to configure images in article',1);
INSERT INTO `gl_features`VALUES (104,'config.Core.tab_topicicon','Access to configure topic icons',1);
INSERT INTO `gl_features`VALUES (105,'config.Core.tab_userphoto','Access to configure photos',1);
INSERT INTO `gl_features`VALUES (106,'config.Core.tab_gravatar','Access to configure gravatar',1);
INSERT INTO `gl_features`VALUES (107,'config.Core.tab_language','Access to configure language',1);
INSERT INTO `gl_features`VALUES (108,'config.Core.tab_locale','Access to configure locale',1);
INSERT INTO `gl_features`VALUES (109,'config.Core.tab_cookies','Access to configure cookies',1);
INSERT INTO `gl_features`VALUES (110,'config.Core.tab_misc','Access to configure miscellaneous settings',1);
INSERT INTO `gl_features`VALUES (111,'config.Core.tab_debug','Access to configure debug',1);
INSERT INTO `gl_features`VALUES (112,'config.Core.tab_daily_digest','Access to configure daily digest',1);
INSERT INTO `gl_features`VALUES (113,'config.Core.tab_htmlfilter','Access to configure HTML filtering',1);
INSERT INTO `gl_features`VALUES (114,'config.Core.tab_censoring','Access to configure censoring',1);
INSERT INTO `gl_features`VALUES (115,'config.Core.tab_iplookup','Access to configure IP lookup',1);
INSERT INTO `gl_features`VALUES (116,'config.Core.tab_permissions','Access to configure default permissions for story, topic, block and autotags',1);
INSERT INTO `gl_features`VALUES (117,'config.Core.tab_webservices','Access to configure webservices',1);
INSERT INTO `gl_features`VALUES (144,'config.spamx.tab_modules','Access to configure Spam-x modules',0);
INSERT INTO `gl_features`VALUES (153,'monitor.admin','Full access to Monitor plugin',0);
INSERT INTO `gl_features`VALUES (154,'config.captcha.tab_main','Access to configure general captcha settings',0);
INSERT INTO `gl_features`VALUES (123,'config.staticpages.tab_main','Access to configure static pages main settings',0);
INSERT INTO `gl_features`VALUES (124,'config.staticpages.tab_whatsnew','Access to configure static pages what\'s new block',0);
INSERT INTO `gl_features`VALUES (125,'config.staticpages.tab_search','Access to configure static pages search results',0);
INSERT INTO `gl_features`VALUES (126,'config.staticpages.tab_permissions','Access to configure static pages default permissions',0);
INSERT INTO `gl_features`VALUES (127,'config.staticpages.tab_autotag_permissions','Access to configure static pages autotag usage permissions',0);
INSERT INTO `gl_features`VALUES (168,'config.autotags.tab_main','Access to configure general autotag settings',0);
INSERT INTO `gl_features`VALUES (166,'autotags.edit','Access to autotags editor',0);
INSERT INTO `gl_features`VALUES (167,'autotags.PHP','Ability to create Autotags which use a PHP function',0);
INSERT INTO `gl_features`VALUES (136,'jquery.admin','Full access to jQuery plugin',0);
INSERT INTO `gl_features`VALUES (138,'tinymce.edit','Access to TinyMCE editor',0);
INSERT INTO `gl_features`VALUES (145,'filemanager.admin','Ability to use File Manager',0);
INSERT INTO `gl_features`VALUES (146,'config.Filemanager.tab_general','Access to configure Filemanager General Settings',0);
INSERT INTO `gl_features`VALUES (147,'config.Filemanager.tab_upload','Access to configure Filemanager Upload Settings',0);
INSERT INTO `gl_features`VALUES (148,'config.Filemanager.tab_images','Access to configure Filemanager Images Settings',0);
INSERT INTO `gl_features`VALUES (149,'config.Filemanager.tab_videos','Access to configure Filemanager Videos Settings',0);
INSERT INTO `gl_features`VALUES (150,'config.Filemanager.tab_audios','Access to configure Filemanager Audios Settings',0);
INSERT INTO `gl_features`VALUES (151,'config.googleanalytics.tab_main','Access to configure general googleanalytics settings',0);
INSERT INTO `gl_features`VALUES (152,'config.googleanalytics.tab_mobilebotua','Access to configure googleanalytics mobile bot user agent',0);
INSERT INTO `gl_features`VALUES (156,'config.xmlsitemap.tab_pri','Access to configure XMLSitemap priorities',0);
INSERT INTO `gl_features`VALUES (157,'config.xmlsitemap.tab_freq','Access to configure XMLSitemap update frequency',0);
INSERT INTO `gl_features`VALUES (159,'mediagallery.admin','Ability to administer the Media Gallery Plugin',0);
INSERT INTO `gl_features`VALUES (160,'mediagallery.config','Ability to configure the Media Gallery Plugin',0);
INSERT INTO `gl_features`VALUES (161,'databox.admin','Full access to DataBox plugin',0);
INSERT INTO `gl_features`VALUES (162,'databox.submit','Can submit data to DataBox plugin',0);
INSERT INTO `gl_features`VALUES (163,'databox.edit','Can edit data to DataBox plugin',0);
INSERT INTO `gl_features`VALUES (164,'language.edit','Can manage Language Settings',1);
INSERT INTO `gl_features`VALUES (165,'theme.edit','Access to theme settings',1);
INSERT INTO `gl_features`VALUES (169,'config.autotags.tab_autotag_permissions','Access to configure default autotag usage permissions',0);
INSERT INTO `gl_features`VALUES (170,'langsel.admin','Full access to Language Selection Block plugin',0);
INSERT INTO `gl_features`VALUES (171,'recaptcha.edit','Access to reCAPTCHA editor',0);
INSERT INTO `gl_features`VALUES (172,'custommenu.admin','CustomMenu Admin',0);
INSERT INTO `gl_features`VALUES (173,'config.custommenu.tab_main','Access to configure general custommenu settings',0);
INSERT INTO `gl_features`VALUES (174,'config.custommenu.tab_permissions','Access to configure custommenu default permissions',0);
INSERT INTO `gl_features`VALUES (175,'spamx.admin','Full access to Spam-X plugin',0);
INSERT INTO `gl_features`VALUES (176,'spamx.skip','Skip checking posts for Spam',0);
INSERT INTO `gl_features`VALUES (177,'config.spamx.tab_main','Access to configure Spam-x main settings',0);
INSERT INTO `gl_features`VALUES (178,'config.spamx.tab_modules','Access to configure Spam-x modules',0);

--
-- Table structure for table `gl_group_assignments`
--


CREATE TABLE `gl_group_assignments` (
  `ug_main_grp_id` mediumint(8) NOT NULL DEFAULT 0,
  `ug_uid` mediumint(8) unsigned DEFAULT NULL,
  `ug_grp_id` mediumint(8) unsigned DEFAULT NULL,
  KEY `group_assignments_ug_main_grp_id` (`ug_main_grp_id`),
  KEY `group_assignments_ug_uid` (`ug_uid`),
  KEY `ug_main_grp_id` (`ug_main_grp_id`)
) ENGINE=MyISAM DEFAULT CHARSET=utf8 COLLATE=utf8_general_ci;

--
-- Dumping data for table `gl_group_assignments`
--

INSERT INTO `gl_group_assignments`VALUES (2,1,NULL);
INSERT INTO `gl_group_assignments`VALUES (3,NULL,1);
INSERT INTO `gl_group_assignments`VALUES (4,NULL,1);
INSERT INTO `gl_group_assignments`VALUES (6,NULL,1);
INSERT INTO `gl_group_assignments`VALUES (9,NULL,1);
INSERT INTO `gl_group_assignments`VALUES (10,NULL,1);
INSERT INTO `gl_group_assignments`VALUES (11,NULL,1);
INSERT INTO `gl_group_assignments`VALUES (77,NULL,1);
INSERT INTO `gl_group_assignments`VALUES (76,NULL,1);
INSERT INTO `gl_group_assignments`VALUES (75,NULL,1);
INSERT INTO `gl_group_assignments`VALUES (12,NULL,1);
INSERT INTO `gl_group_assignments`VALUES (9,NULL,11);
INSERT INTO `gl_group_assignments`VALUES (74,NULL,1);
INSERT INTO `gl_group_assignments`VALUES (1,4,NULL);
INSERT INTO `gl_group_assignments`VALUES (2,2,NULL);
INSERT INTO `gl_group_assignments`VALUES (5,NULL,1);
INSERT INTO `gl_group_assignments`VALUES (8,NULL,1);
INSERT INTO `gl_group_assignments`VALUES (14,NULL,1);
INSERT INTO `gl_group_assignments`VALUES (15,NULL,1);
INSERT INTO `gl_group_assignments`VALUES (20,NULL,1);
INSERT INTO `gl_group_assignments`VALUES (45,NULL,1);
INSERT INTO `gl_group_assignments`VALUES (1,3,NULL);
INSERT INTO `gl_group_assignments`VALUES (13,3,NULL);
INSERT INTO `gl_group_assignments`VALUES (2,3,NULL);
INSERT INTO `gl_group_assignments`VALUES (23,NULL,1);
INSERT INTO `gl_group_assignments`VALUES (36,NULL,1);
INSERT INTO `gl_group_assignments`VALUES (27,NULL,1);
INSERT INTO `gl_group_assignments`VALUES (28,NULL,1);
INSERT INTO `gl_group_assignments`VALUES (13,4,NULL);
INSERT INTO `gl_group_assignments`VALUES (2,4,NULL);
INSERT INTO `gl_group_assignments`VALUES (13,5,NULL);
INSERT INTO `gl_group_assignments`VALUES (2,5,NULL);
INSERT INTO `gl_group_assignments`VALUES (1,5,NULL);
INSERT INTO `gl_group_assignments`VALUES (57,NULL,1);
INSERT INTO `gl_group_assignments`VALUES (55,6,NULL);
INSERT INTO `gl_group_assignments`VALUES (2,6,NULL);
INSERT INTO `gl_group_assignments`VALUES (13,7,NULL);
INSERT INTO `gl_group_assignments`VALUES (2,7,NULL);
INSERT INTO `gl_group_assignments`VALUES (1,7,NULL);
INSERT INTO `gl_group_assignments`VALUES (13,2,NULL);
INSERT INTO `gl_group_assignments`VALUES (1,2,NULL);
INSERT INTO `gl_group_assignments`VALUES (47,NULL,1);
INSERT INTO `gl_group_assignments`VALUES (48,NULL,1);
INSERT INTO `gl_group_assignments`VALUES (55,NULL,1);
INSERT INTO `gl_group_assignments`VALUES (2,8,NULL);
INSERT INTO `gl_group_assignments`VALUES (49,NULL,1);
INSERT INTO `gl_group_assignments`VALUES (73,NULL,1);
INSERT INTO `gl_group_assignments`VALUES (47,8,NULL);
INSERT INTO `gl_group_assignments`VALUES (4,8,NULL);
INSERT INTO `gl_group_assignments`VALUES (14,8,NULL);
INSERT INTO `gl_group_assignments`VALUES (15,8,NULL);
INSERT INTO `gl_group_assignments`VALUES (23,8,NULL);
INSERT INTO `gl_group_assignments`VALUES (48,8,NULL);
INSERT INTO `gl_group_assignments`VALUES (27,8,NULL);
INSERT INTO `gl_group_assignments`VALUES (11,8,NULL);
INSERT INTO `gl_group_assignments`VALUES (20,8,NULL);
INSERT INTO `gl_group_assignments`VALUES (13,8,NULL);
INSERT INTO `gl_group_assignments`VALUES (12,8,NULL);
INSERT INTO `gl_group_assignments`VALUES (28,8,NULL);
INSERT INTO `gl_group_assignments`VALUES (10,8,NULL);
INSERT INTO `gl_group_assignments`VALUES (1,8,NULL);
INSERT INTO `gl_group_assignments`VALUES (36,8,NULL);
INSERT INTO `gl_group_assignments`VALUES (45,8,NULL);
INSERT INTO `gl_group_assignments`VALUES (3,8,NULL);
INSERT INTO `gl_group_assignments`VALUES (5,8,NULL);
INSERT INTO `gl_group_assignments`VALUES (6,8,NULL);
INSERT INTO `gl_group_assignments`VALUES (9,8,NULL);
INSERT INTO `gl_group_assignments`VALUES (8,8,NULL);
INSERT INTO `gl_group_assignments`VALUES (49,8,NULL);
INSERT INTO `gl_group_assignments`VALUES (13,12,NULL);
INSERT INTO `gl_group_assignments`VALUES (2,12,NULL);
INSERT INTO `gl_group_assignments`VALUES (53,NULL,1);
INSERT INTO `gl_group_assignments`VALUES (47,6,NULL);
INSERT INTO `gl_group_assignments`VALUES (4,6,NULL);
INSERT INTO `gl_group_assignments`VALUES (14,6,NULL);
INSERT INTO `gl_group_assignments`VALUES (15,6,NULL);
INSERT INTO `gl_group_assignments`VALUES (53,6,NULL);
INSERT INTO `gl_group_assignments`VALUES (23,6,NULL);
INSERT INTO `gl_group_assignments`VALUES (58,NULL,1);
INSERT INTO `gl_group_assignments`VALUES (62,NULL,1);
INSERT INTO `gl_group_assignments`VALUES (48,6,NULL);
INSERT INTO `gl_group_assignments`VALUES (27,6,NULL);
INSERT INTO `gl_group_assignments`VALUES (11,6,NULL);
INSERT INTO `gl_group_assignments`VALUES (20,6,NULL);
INSERT INTO `gl_group_assignments`VALUES (13,6,NULL);
INSERT INTO `gl_group_assignments`VALUES (12,6,NULL);
INSERT INTO `gl_group_assignments`VALUES (28,6,NULL);
INSERT INTO `gl_group_assignments`VALUES (10,6,NULL);
INSERT INTO `gl_group_assignments`VALUES (1,6,NULL);
INSERT INTO `gl_group_assignments`VALUES (36,6,NULL);
INSERT INTO `gl_group_assignments`VALUES (45,6,NULL);
INSERT INTO `gl_group_assignments`VALUES (3,6,NULL);
INSERT INTO `gl_group_assignments`VALUES (5,6,NULL);
INSERT INTO `gl_group_assignments`VALUES (6,6,NULL);
INSERT INTO `gl_group_assignments`VALUES (9,6,NULL);
INSERT INTO `gl_group_assignments`VALUES (8,6,NULL);
INSERT INTO `gl_group_assignments`VALUES (49,6,NULL);
INSERT INTO `gl_group_assignments`VALUES (61,NULL,1);
INSERT INTO `gl_group_assignments`VALUES (63,NULL,1);
INSERT INTO `gl_group_assignments`VALUES (64,NULL,1);
INSERT INTO `gl_group_assignments`VALUES (66,NULL,1);
INSERT INTO `gl_group_assignments`VALUES (13,223,NULL);
INSERT INTO `gl_group_assignments`VALUES (2,223,NULL);
INSERT INTO `gl_group_assignments`VALUES (1,223,NULL);
INSERT INTO `gl_group_assignments`VALUES (67,NULL,1);
INSERT INTO `gl_group_assignments`VALUES (68,NULL,1);
INSERT INTO `gl_group_assignments`VALUES (69,NULL,1);
INSERT INTO `gl_group_assignments`VALUES (70,NULL,1);
INSERT INTO `gl_group_assignments`VALUES (71,NULL,1);
INSERT INTO `gl_group_assignments`VALUES (72,NULL,1);

--
-- Table structure for table `gl_groups`
--


CREATE TABLE `gl_groups` (
  `grp_id` mediumint(8) NOT NULL AUTO_INCREMENT,
  `grp_name` varchar(50) NOT NULL DEFAULT '',
  `grp_descr` varchar(255) NOT NULL DEFAULT '',
  `grp_gl_core` tinyint(1) unsigned NOT NULL DEFAULT 0,
  `grp_default` tinyint(1) unsigned NOT NULL DEFAULT 0,
  PRIMARY KEY (`grp_id`),
  UNIQUE KEY `grp_name` (`grp_name`)
) ENGINE=MyISAM AUTO_INCREMENT=78 DEFAULT CHARSET=utf8 COLLATE=utf8_general_ci;

--
-- Dumping data for table `gl_groups`
--

INSERT INTO `gl_groups`VALUES (1,'Root','サイト管理者',1,0);
INSERT INTO `gl_groups`VALUES (2,'All Users','すべてのユーザ',1,0);
INSERT INTO `gl_groups`VALUES (3,'Story Admin','記事管理者',1,0);
INSERT INTO `gl_groups`VALUES (4,'Block Admin','ブロック管理者',1,0);
INSERT INTO `gl_groups`VALUES (5,'Syndication Admin','フィード管理者',1,0);
INSERT INTO `gl_groups`VALUES (6,'Topic Admin','話題管理者',1,0);
INSERT INTO `gl_groups`VALUES (7,'Remote Users','リモートユーザ',1,0);
INSERT INTO `gl_groups`VALUES (8,'Webservices Users','WebサービスAPIユーザ',0,0);
INSERT INTO `gl_groups`VALUES (9,'User Admin','ユーザ管理者',1,0);
INSERT INTO `gl_groups`VALUES (10,'Plugin Admin','プラグイン管理者',1,0);
INSERT INTO `gl_groups`VALUES (11,'Group Admin','グループ管理者兼ユーザ管理者',1,0);
INSERT INTO `gl_groups`VALUES (12,'Mail Admin','メール管理者',1,0);
INSERT INTO `gl_groups`VALUES (13,'Logged-in Users','すべての登録ユーザ',1,0);
INSERT INTO `gl_groups`VALUES (14,'Comment Admin','コメント管理者',1,0);
INSERT INTO `gl_groups`VALUES (15,'Comment Submitters','コメント承認者',0,0);
INSERT INTO `gl_groups`VALUES (20,'Japanize Admin','日本語化管理者',0,0);
INSERT INTO `gl_groups`VALUES (45,'Static Page Admin','Users in this group can administer the Static Pages plugin',0,0);
INSERT INTO `gl_groups`VALUES (58,'Dbman Admin','Users in this group can administer the Dbman plugin',0,0);
INSERT INTO `gl_groups`VALUES (23,'DataProxy Admin','データプロクシー管理者',0,0);
INSERT INTO `gl_groups`VALUES (36,'Sitemap Admin','サイトマップ管理者',0,0);
INSERT INTO `gl_groups`VALUES (27,'GoogleMaps Admin','GoogleMaps管理者',0,0);
INSERT INTO `gl_groups`VALUES (28,'Navman Admin','Has full access to Navman features',0,0);
INSERT INTO `gl_groups`VALUES (62,'Monitor Admin','Users in this group can administer the Monitor plugin',0,0);
INSERT INTO `gl_groups`VALUES (55,'Assist Admin','Has full access to Assist features',0,0);
INSERT INTO `gl_groups`VALUES (47,'Banner Admin','Has full access to banner features',0,0);
INSERT INTO `gl_groups`VALUES (48,'GoogleAnalytics Admin','Has full access to googleanalytics features',0,0);
INSERT INTO `gl_groups`VALUES (49,'メルマガユーザ Admin','メルマガユーザ Admin',0,0);
INSERT INTO `gl_groups`VALUES (53,'Configuration Admin','Has full access to configuration',1,0);
INSERT INTO `gl_groups`VALUES (73,'Autotags Admin','Has full access to Autotags features',0,0);
INSERT INTO `gl_groups`VALUES (57,'jQuery Admin','Users in this group can administer the jQuery plugin',0,0);
INSERT INTO `gl_groups`VALUES (61,'Filemanager Admin','Has full access to File Manager',1,0);
INSERT INTO `gl_groups`VALUES (63,'Captcha Admin','Has full access to Captcha features',0,0);
INSERT INTO `gl_groups`VALUES (64,'XMLSitemap Admin','Has full access to XMLSitemap features',0,0);
INSERT INTO `gl_groups`VALUES (66,'mediagallery Admin','Users in this group can administer the Media Gallery plugin',0,0);
INSERT INTO `gl_groups`VALUES (67,'mediagallery Config','Users in this group can configure the Media Gallery plugin',0,0);
INSERT INTO `gl_groups`VALUES (68,'DataBox Admin','Has full access to DataBox features',0,0);
INSERT INTO `gl_groups`VALUES (69,'DataBox Submitters','Can submit data to DataBox plugin',0,0);
INSERT INTO `gl_groups`VALUES (70,'DataBox Editor','Can edit data to DataBox plugin',0,0);
INSERT INTO `gl_groups`VALUES (71,'Language Admin','Has full access to language',1,0);
INSERT INTO `gl_groups`VALUES (72,'Theme Admin','Has full access to themes',1,0);
INSERT INTO `gl_groups`VALUES (74,'Language Selection Block Admin','Users in this group can administer the Language Selection Block plugin',0,0);
INSERT INTO `gl_groups`VALUES (75,'reCAPTCHA Admin','Users in this group can administer the ReCAPTCHA plugin',0,0);
INSERT INTO `gl_groups`VALUES (76,'CustomMenu Admin','Has full access to CustomMenu features',0,0);
INSERT INTO `gl_groups`VALUES (77,'spamx Admin','Users in this group can administer the Spam-X plugin',0,0);

--
-- Table structure for table `gl_ip_addresses`
--


CREATE TABLE `gl_ip_addresses` (
  `seq` int(11) NOT NULL AUTO_INCREMENT,
  `ipaddress` varchar(39) NOT NULL DEFAULT '0.0.0.0',
  `created_at` int(11) NOT NULL DEFAULT 0,
  `is_anonymized` int(11) NOT NULL DEFAULT 0,
  PRIMARY KEY (`seq`)
) ENGINE=MyISAM AUTO_INCREMENT=626332 DEFAULT CHARSET=utf8mb4 COLLATE=utf8mb4_general_ci;

--
-- Dumping data for table `gl_ip_addresses`
--

INSERT INTO `gl_ip_addresses`VALUES (626289,'196.51.29.215',1776770016,0);
INSERT INTO `gl_ip_addresses`VALUES (626291,'54.39.210.211',1776770133,0);
INSERT INTO `gl_ip_addresses`VALUES (626292,'5.57.13.168',1776770136,0);
INSERT INTO `gl_ip_addresses`VALUES (626322,'20.235.75.222',1776771746,0);
INSERT INTO `gl_ip_addresses`VALUES (626321,'15.235.27.199',1776771732,0);
INSERT INTO `gl_ip_addresses`VALUES (626325,'142.44.220.25',1776771864,0);
INSERT INTO `gl_ip_addresses`VALUES (626302,'216.73.216.142',1776770652,0);
INSERT INTO `gl_ip_addresses`VALUES (626304,'45.78.205.21',1776770969,0);
INSERT INTO `gl_ip_addresses`VALUES (626305,'66.249.74.165',1776770984,0);
INSERT INTO `gl_ip_addresses`VALUES (626310,'5.161.103.15',1776771120,0);
INSERT INTO `gl_ip_addresses`VALUES (626311,'148.113.130.147',1776771199,0);
INSERT INTO `gl_ip_addresses`VALUES (626297,'162.120.185.22',1776770523,0);
INSERT INTO `gl_ip_addresses`VALUES (626300,'114.146.82.131',1776770545,0);
INSERT INTO `gl_ip_addresses`VALUES (626299,'114.146.82.131',1776770544,0);
INSERT INTO `gl_ip_addresses`VALUES (626301,'114.146.82.131',1776770565,0);
INSERT INTO `gl_ip_addresses`VALUES (626303,'222.189.173.253',1776770802,0);
INSERT INTO `gl_ip_addresses`VALUES (626306,'46.250.171.186',1776771005,0);
INSERT INTO `gl_ip_addresses`VALUES (626019,'37.27.55.110',1776764921,0);
INSERT INTO `gl_ip_addresses`VALUES (626014,'37.27.55.110',1776764902,0);
INSERT INTO `gl_ip_addresses`VALUES (626015,'37.27.55.110',1776764906,0);
INSERT INTO `gl_ip_addresses`VALUES (626016,'112.86.225.187',1776764906,0);
INSERT INTO `gl_ip_addresses`VALUES (626017,'37.27.55.110',1776764912,0);
INSERT INTO `gl_ip_addresses`VALUES (626018,'37.27.55.110',1776764917,0);
INSERT INTO `gl_ip_addresses`VALUES (626209,'43.129.250.176',1776767260,0);
INSERT INTO `gl_ip_addresses`VALUES (626200,'17.241.219.75',1776766945,0);
INSERT INTO `gl_ip_addresses`VALUES (626201,'180.184.148.153',1776767119,0);
INSERT INTO `gl_ip_addresses`VALUES (626202,'14.8.2.0',1776767193,0);
INSERT INTO `gl_ip_addresses`VALUES (626204,'108.165.204.8',1776767204,0);
INSERT INTO `gl_ip_addresses`VALUES (626203,'14.8.2.0',1776767193,0);
INSERT INTO `gl_ip_addresses`VALUES (626225,'43.173.175.223',1776768004,0);
INSERT INTO `gl_ip_addresses`VALUES (626223,'15.235.27.135',1776767944,0);
INSERT INTO `gl_ip_addresses`VALUES (626224,'43.173.174.56',1776768003,0);
INSERT INTO `gl_ip_addresses`VALUES (626226,'54.39.210.80',1776768044,0);
INSERT INTO `gl_ip_addresses`VALUES (626227,'216.73.216.142',1776768103,0);
INSERT INTO `gl_ip_addresses`VALUES (626229,'66.249.82.2',1776768106,0);
INSERT INTO `gl_ip_addresses`VALUES (626230,'43.172.197.63',1776768112,0);
INSERT INTO `gl_ip_addresses`VALUES (626231,'162.120.184.22',1776768117,0);
INSERT INTO `gl_ip_addresses`VALUES (626232,'202.209.212.172',1776768118,0);
INSERT INTO `gl_ip_addresses`VALUES (626233,'202.209.212.172',1776768118,0);
INSERT INTO `gl_ip_addresses`VALUES (626234,'162.120.184.18',1776768122,0);
INSERT INTO `gl_ip_addresses`VALUES (626236,'17.22.237.111',1776768141,0);
INSERT INTO `gl_ip_addresses`VALUES (626237,'148.113.130.17',1776768145,0);
INSERT INTO `gl_ip_addresses`VALUES (626228,'193.186.4.153',1776768105,0);
INSERT INTO `gl_ip_addresses`VALUES (626235,'168.228.46.245',1776768130,0);
INSERT INTO `gl_ip_addresses`VALUES (626238,'142.44.233.100',1776768254,0);
INSERT INTO `gl_ip_addresses`VALUES (626239,'3.139.78.117',1776768358,0);
INSERT INTO `gl_ip_addresses`VALUES (626240,'15.235.98.59',1776768363,0);
INSERT INTO `gl_ip_addresses`VALUES (626242,'103.87.142.176',1776768416,0);
INSERT INTO `gl_ip_addresses`VALUES (626196,'51.161.65.17',1776766611,0);
INSERT INTO `gl_ip_addresses`VALUES (626197,'216.244.66.248',1776766611,0);
INSERT INTO `gl_ip_addresses`VALUES (626198,'216.244.66.248',1776766614,0);
INSERT INTO `gl_ip_addresses`VALUES (626208,'143.20.81.11',1776767257,0);
INSERT INTO `gl_ip_addresses`VALUES (626206,'66.249.74.165',1776767213,0);
INSERT INTO `gl_ip_addresses`VALUES (626199,'43.173.179.79',1776766831,0);
INSERT INTO `gl_ip_addresses`VALUES (626205,'5.59.230.24',1776767212,0);
INSERT INTO `gl_ip_addresses`VALUES (626207,'17.241.75.117',1776767229,0);
INSERT INTO `gl_ip_addresses`VALUES (530398,'180.145.34.120',1774510100,0);
INSERT INTO `gl_ip_addresses`VALUES (626245,'95.129.101.139',1776768554,0);
INSERT INTO `gl_ip_addresses`VALUES (626246,'216.244.66.248',1776768662,0);
INSERT INTO `gl_ip_addresses`VALUES (626287,'45.3.49.76',1776769984,0);
INSERT INTO `gl_ip_addresses`VALUES (626290,'104.207.44.91',1776770094,0);
INSERT INTO `gl_ip_addresses`VALUES (626293,'54.39.210.8',1776770265,0);
INSERT INTO `gl_ip_addresses`VALUES (626294,'157.55.39.7',1776770300,0);
INSERT INTO `gl_ip_addresses`VALUES (626295,'66.249.74.165',1776770309,0);
INSERT INTO `gl_ip_addresses`VALUES (626298,'66.249.82.15',1776770523,0);
INSERT INTO `gl_ip_addresses`VALUES (626307,'103.154.98.240',1776771033,0);
INSERT INTO `gl_ip_addresses`VALUES (626241,'20.194.157.185',1776768374,0);
INSERT INTO `gl_ip_addresses`VALUES (626243,'47.128.117.144',1776768497,0);
INSERT INTO `gl_ip_addresses`VALUES (626244,'43.153.50.161',1776768511,0);
INSERT INTO `gl_ip_addresses`VALUES (626082,'37.27.55.110',1776765193,0);
INSERT INTO `gl_ip_addresses`VALUES (626006,'37.27.55.110',1776764867,0);
INSERT INTO `gl_ip_addresses`VALUES (626021,'37.27.55.110',1776764933,0);
INSERT INTO `gl_ip_addresses`VALUES (626020,'37.27.55.110',1776764925,0);
INSERT INTO `gl_ip_addresses`VALUES (626000,'37.27.55.110',1776764845,0);
INSERT INTO `gl_ip_addresses`VALUES (626001,'37.27.55.110',1776764849,0);
INSERT INTO `gl_ip_addresses`VALUES (626037,'37.27.55.110',1776765003,0);
INSERT INTO `gl_ip_addresses`VALUES (626038,'37.27.55.110',1776765007,0);
INSERT INTO `gl_ip_addresses`VALUES (626039,'37.27.55.110',1776765011,0);
INSERT INTO `gl_ip_addresses`VALUES (626040,'116.179.32.102',1776765012,0);
INSERT INTO `gl_ip_addresses`VALUES (626041,'37.27.55.110',1776765015,0);
INSERT INTO `gl_ip_addresses`VALUES (626042,'37.27.55.110',1776765021,0);
INSERT INTO `gl_ip_addresses`VALUES (626043,'37.27.55.110',1776765024,0);
INSERT INTO `gl_ip_addresses`VALUES (626044,'37.27.55.110',1776765028,0);
INSERT INTO `gl_ip_addresses`VALUES (626045,'37.27.55.110',1776765032,0);
INSERT INTO `gl_ip_addresses`VALUES (626046,'37.27.55.110',1776765037,0);
INSERT INTO `gl_ip_addresses`VALUES (626047,'37.27.55.110',1776765042,0);
INSERT INTO `gl_ip_addresses`VALUES (626048,'37.27.55.110',1776765046,0);
INSERT INTO `gl_ip_addresses`VALUES (626049,'37.27.55.110',1776765050,0);
INSERT INTO `gl_ip_addresses`VALUES (626050,'37.27.55.110',1776765053,0);
INSERT INTO `gl_ip_addresses`VALUES (626051,'37.27.55.110',1776765058,0);
INSERT INTO `gl_ip_addresses`VALUES (626052,'37.27.55.110',1776765065,0);
INSERT INTO `gl_ip_addresses`VALUES (626053,'37.27.55.110',1776765069,0);
INSERT INTO `gl_ip_addresses`VALUES (626054,'37.27.55.110',1776765075,0);
INSERT INTO `gl_ip_addresses`VALUES (626055,'37.27.55.110',1776765079,0);
INSERT INTO `gl_ip_addresses`VALUES (626146,'37.27.55.110',1776765455,0);
INSERT INTO `gl_ip_addresses`VALUES (626155,'37.27.55.110',1776765478,0);
INSERT INTO `gl_ip_addresses`VALUES (626078,'37.27.55.110',1776765173,0);
INSERT INTO `gl_ip_addresses`VALUES (626079,'37.27.55.110',1776765179,0);
INSERT INTO `gl_ip_addresses`VALUES (626188,'106.146.58.168',1776766102,0);
INSERT INTO `gl_ip_addresses`VALUES (626189,'106.146.58.168',1776766117,0);
INSERT INTO `gl_ip_addresses`VALUES (626126,'37.27.55.110',1776765377,0);
INSERT INTO `gl_ip_addresses`VALUES (626187,'51.161.65.156',1776766029,0);
INSERT INTO `gl_ip_addresses`VALUES (626179,'216.73.216.142',1776765634,0);
INSERT INTO `gl_ip_addresses`VALUES (626160,'37.27.55.110',1776765496,0);
INSERT INTO `gl_ip_addresses`VALUES (626186,'54.39.89.22',1776765875,0);
INSERT INTO `gl_ip_addresses`VALUES (626192,'57.141.16.120',1776766472,0);
INSERT INTO `gl_ip_addresses`VALUES (626193,'51.161.37.202',1776766478,0);
INSERT INTO `gl_ip_addresses`VALUES (626195,'193.186.4.180',1776766607,0);
INSERT INTO `gl_ip_addresses`VALUES (626210,'14.255.114.138',1776767295,0);
INSERT INTO `gl_ip_addresses`VALUES (626211,'17.246.15.60',1776767318,0);
INSERT INTO `gl_ip_addresses`VALUES (626212,'17.246.15.78',1776767446,0);
INSERT INTO `gl_ip_addresses`VALUES (626213,'23.98.142.190',1776767504,0);
INSERT INTO `gl_ip_addresses`VALUES (626215,'103.230.244.12',1776767713,0);
INSERT INTO `gl_ip_addresses`VALUES (626216,'52.167.144.191',1776767729,0);
INSERT INTO `gl_ip_addresses`VALUES (626217,'121.229.156.14',1776767732,0);
INSERT INTO `gl_ip_addresses`VALUES (626218,'15.235.27.71',1776767739,0);
INSERT INTO `gl_ip_addresses`VALUES (626214,'142.44.228.2',1776767634,0);
INSERT INTO `gl_ip_addresses`VALUES (626219,'142.44.220.246',1776767843,0);
INSERT INTO `gl_ip_addresses`VALUES (626220,'207.46.13.18',1776767875,0);
INSERT INTO `gl_ip_addresses`VALUES (626221,'66.249.74.166',1776767877,0);
INSERT INTO `gl_ip_addresses`VALUES (626222,'122.192.133.66',1776767881,0);
INSERT INTO `gl_ip_addresses`VALUES (626183,'17.22.245.207',1776765811,0);
INSERT INTO `gl_ip_addresses`VALUES (626182,'169.159.134.130',1776765794,0);
INSERT INTO `gl_ip_addresses`VALUES (626190,'142.44.233.237',1776766185,0);
INSERT INTO `gl_ip_addresses`VALUES (626181,'223.109.252.162',1776765714,0);
INSERT INTO `gl_ip_addresses`VALUES (626180,'222.189.173.235',1776765694,0);
INSERT INTO `gl_ip_addresses`VALUES (626184,'196.188.33.58',1776765843,0);
INSERT INTO `gl_ip_addresses`VALUES (626185,'89.245.14.75',1776765852,0);
INSERT INTO `gl_ip_addresses`VALUES (626308,'45.78.206.144',1776771050,0);
INSERT INTO `gl_ip_addresses`VALUES (626309,'14.249.22.239',1776771082,0);
INSERT INTO `gl_ip_addresses`VALUES (626315,'174.64.199.79',1776771439,0);
INSERT INTO `gl_ip_addresses`VALUES (626316,'77.139.233.130',1776771445,0);
INSERT INTO `gl_ip_addresses`VALUES (626314,'126.160.49.27',1776771424,0);
INSERT INTO `gl_ip_addresses`VALUES (626313,'47.128.117.155',1776771409,0);
INSERT INTO `gl_ip_addresses`VALUES (626112,'37.27.55.110',1776765319,0);
INSERT INTO `gl_ip_addresses`VALUES (626319,'118.158.187.141',1776771545,0);
INSERT INTO `gl_ip_addresses`VALUES (626320,'54.39.210.208',1776771597,0);
INSERT INTO `gl_ip_addresses`VALUES (626327,'66.249.74.166',1776771966,0);
INSERT INTO `gl_ip_addresses`VALUES (626328,'194.187.171.158',1776771994,0);
INSERT INTO `gl_ip_addresses`VALUES (626329,'66.249.74.165',1776771998,0);
INSERT INTO `gl_ip_addresses`VALUES (626330,'66.249.74.165',1776772001,0);
INSERT INTO `gl_ip_addresses`VALUES (626331,'216.73.216.142',1776772043,0);
INSERT INTO `gl_ip_addresses`VALUES (626002,'37.27.55.110',1776764853,0);
INSERT INTO `gl_ip_addresses`VALUES (626003,'37.27.55.110',1776764858,0);
INSERT INTO `gl_ip_addresses`VALUES (626004,'216.244.66.248',1776764859,0);
INSERT INTO `gl_ip_addresses`VALUES (626005,'37.27.55.110',1776764862,0);
INSERT INTO `gl_ip_addresses`VALUES (626007,'37.27.55.110',1776764873,0);
INSERT INTO `gl_ip_addresses`VALUES (626008,'37.27.55.110',1776764877,0);
INSERT INTO `gl_ip_addresses`VALUES (626009,'37.27.55.110',1776764881,0);
INSERT INTO `gl_ip_addresses`VALUES (626010,'37.27.55.110',1776764884,0);
INSERT INTO `gl_ip_addresses`VALUES (626011,'37.27.55.110',1776764890,0);
INSERT INTO `gl_ip_addresses`VALUES (626012,'37.27.55.110',1776764894,0);
INSERT INTO `gl_ip_addresses`VALUES (626013,'37.27.55.110',1776764898,0);
INSERT INTO `gl_ip_addresses`VALUES (626022,'37.27.55.110',1776764936,0);
INSERT INTO `gl_ip_addresses`VALUES (626023,'37.27.55.110',1776764940,0);
INSERT INTO `gl_ip_addresses`VALUES (626024,'37.27.55.110',1776764944,0);
INSERT INTO `gl_ip_addresses`VALUES (626025,'37.27.55.110',1776764948,0);
INSERT INTO `gl_ip_addresses`VALUES (626026,'37.27.55.110',1776764951,0);
INSERT INTO `gl_ip_addresses`VALUES (626027,'37.27.55.110',1776764956,0);
INSERT INTO `gl_ip_addresses`VALUES (626028,'37.27.55.110',1776764962,0);
INSERT INTO `gl_ip_addresses`VALUES (626029,'37.27.55.110',1776764965,0);
INSERT INTO `gl_ip_addresses`VALUES (626030,'37.27.55.110',1776764970,0);
INSERT INTO `gl_ip_addresses`VALUES (626031,'37.27.55.110',1776764973,0);
INSERT INTO `gl_ip_addresses`VALUES (626032,'37.27.55.110',1776764978,0);
INSERT INTO `gl_ip_addresses`VALUES (626033,'37.27.55.110',1776764983,0);
INSERT INTO `gl_ip_addresses`VALUES (626034,'37.27.55.110',1776764988,0);
INSERT INTO `gl_ip_addresses`VALUES (626035,'37.27.55.110',1776764993,0);
INSERT INTO `gl_ip_addresses`VALUES (626036,'37.27.55.110',1776764998,0);
INSERT INTO `gl_ip_addresses`VALUES (626056,'37.27.55.110',1776765085,0);
INSERT INTO `gl_ip_addresses`VALUES (626057,'123.27.58.96',1776765086,0);
INSERT INTO `gl_ip_addresses`VALUES (626058,'37.27.55.110',1776765089,0);
INSERT INTO `gl_ip_addresses`VALUES (626059,'37.27.55.110',1776765093,0);
INSERT INTO `gl_ip_addresses`VALUES (626060,'37.27.55.110',1776765097,0);
INSERT INTO `gl_ip_addresses`VALUES (626061,'17.246.23.223',1776765099,0);
INSERT INTO `gl_ip_addresses`VALUES (626062,'37.27.55.110',1776765100,0);
INSERT INTO `gl_ip_addresses`VALUES (626063,'37.27.55.110',1776765107,0);
INSERT INTO `gl_ip_addresses`VALUES (626064,'37.27.55.110',1776765112,0);
INSERT INTO `gl_ip_addresses`VALUES (626065,'37.27.55.110',1776765116,0);
INSERT INTO `gl_ip_addresses`VALUES (626066,'37.27.55.110',1776765120,0);
INSERT INTO `gl_ip_addresses`VALUES (626067,'37.27.55.110',1776765124,0);
INSERT INTO `gl_ip_addresses`VALUES (626068,'37.27.55.110',1776765130,0);
INSERT INTO `gl_ip_addresses`VALUES (626069,'37.27.55.110',1776765134,0);
INSERT INTO `gl_ip_addresses`VALUES (626070,'37.27.55.110',1776765137,0);
INSERT INTO `gl_ip_addresses`VALUES (626071,'37.27.55.110',1776765142,0);
INSERT INTO `gl_ip_addresses`VALUES (626072,'37.27.55.110',1776765146,0);
INSERT INTO `gl_ip_addresses`VALUES (626073,'37.27.55.110',1776765150,0);
INSERT INTO `gl_ip_addresses`VALUES (626074,'37.27.55.110',1776765154,0);
INSERT INTO `gl_ip_addresses`VALUES (626075,'37.27.55.110',1776765160,0);
INSERT INTO `gl_ip_addresses`VALUES (626076,'37.27.55.110',1776765165,0);
INSERT INTO `gl_ip_addresses`VALUES (626077,'37.27.55.110',1776765168,0);
INSERT INTO `gl_ip_addresses`VALUES (626080,'37.27.55.110',1776765184,0);
INSERT INTO `gl_ip_addresses`VALUES (626081,'37.27.55.110',1776765187,0);
INSERT INTO `gl_ip_addresses`VALUES (626083,'37.27.55.110',1776765196,0);
INSERT INTO `gl_ip_addresses`VALUES (626084,'37.27.55.110',1776765201,0);
INSERT INTO `gl_ip_addresses`VALUES (626085,'37.27.55.110',1776765204,0);
INSERT INTO `gl_ip_addresses`VALUES (626086,'37.27.55.110',1776765209,0);
INSERT INTO `gl_ip_addresses`VALUES (626087,'37.27.55.110',1776765212,0);
INSERT INTO `gl_ip_addresses`VALUES (626088,'37.27.55.110',1776765217,0);
INSERT INTO `gl_ip_addresses`VALUES (626089,'37.27.55.110',1776765223,0);
INSERT INTO `gl_ip_addresses`VALUES (626090,'145.223.130.220',1776765225,0);
INSERT INTO `gl_ip_addresses`VALUES (626091,'37.27.55.110',1776765226,0);
INSERT INTO `gl_ip_addresses`VALUES (626092,'37.27.55.110',1776765231,0);
INSERT INTO `gl_ip_addresses`VALUES (626093,'37.27.55.110',1776765236,0);
INSERT INTO `gl_ip_addresses`VALUES (626094,'37.27.55.110',1776765240,0);
INSERT INTO `gl_ip_addresses`VALUES (626095,'14.161.192.241',1776765245,0);
INSERT INTO `gl_ip_addresses`VALUES (626096,'37.27.55.110',1776765247,0);
INSERT INTO `gl_ip_addresses`VALUES (626097,'37.27.55.110',1776765251,0);
INSERT INTO `gl_ip_addresses`VALUES (626098,'37.27.55.110',1776765255,0);
INSERT INTO `gl_ip_addresses`VALUES (626099,'37.27.55.110',1776765259,0);
INSERT INTO `gl_ip_addresses`VALUES (626100,'37.27.55.110',1776765263,0);
INSERT INTO `gl_ip_addresses`VALUES (626101,'37.27.55.110',1776765267,0);
INSERT INTO `gl_ip_addresses`VALUES (626102,'37.27.55.110',1776765270,0);
INSERT INTO `gl_ip_addresses`VALUES (626103,'37.27.55.110',1776765275,0);
INSERT INTO `gl_ip_addresses`VALUES (626104,'37.27.55.110',1776765281,0);
INSERT INTO `gl_ip_addresses`VALUES (626105,'37.27.55.110',1776765285,0);
INSERT INTO `gl_ip_addresses`VALUES (626106,'37.27.55.110',1776765291,0);
INSERT INTO `gl_ip_addresses`VALUES (626107,'37.27.55.110',1776765294,0);
INSERT INTO `gl_ip_addresses`VALUES (626108,'37.27.55.110',1776765299,0);
INSERT INTO `gl_ip_addresses`VALUES (626109,'37.27.55.110',1776765304,0);
INSERT INTO `gl_ip_addresses`VALUES (626110,'37.27.55.110',1776765312,0);
INSERT INTO `gl_ip_addresses`VALUES (626111,'37.27.55.110',1776765316,0);
INSERT INTO `gl_ip_addresses`VALUES (626323,'40.77.167.26',1776771760,0);
INSERT INTO `gl_ip_addresses`VALUES (626324,'216.73.216.142',1776771770,0);
INSERT INTO `gl_ip_addresses`VALUES (626326,'191.101.110.122',1776771957,0);
INSERT INTO `gl_ip_addresses`VALUES (626194,'52.167.144.216',1776766577,0);
INSERT INTO `gl_ip_addresses`VALUES (626191,'54.39.6.220',1776766335,0);
INSERT INTO `gl_ip_addresses`VALUES (626247,'216.73.216.142',1776768795,0);
INSERT INTO `gl_ip_addresses`VALUES (626272,'34.85.62.206',1776769544,0);
INSERT INTO `gl_ip_addresses`VALUES (626248,'161.35.48.220',1776768904,0);
INSERT INTO `gl_ip_addresses`VALUES (626249,'18.217.57.74',1776768954,0);
INSERT INTO `gl_ip_addresses`VALUES (626256,'111.225.149.119',1776769232,0);
INSERT INTO `gl_ip_addresses`VALUES (626264,'111.225.148.47',1776769430,0);
INSERT INTO `gl_ip_addresses`VALUES (626271,'142.44.233.241',1776769539,0);
INSERT INTO `gl_ip_addresses`VALUES (626250,'119.133.209.77',1776769015,0);
INSERT INTO `gl_ip_addresses`VALUES (626254,'66.249.74.166',1776769184,0);
INSERT INTO `gl_ip_addresses`VALUES (626270,'1.196.181.153',1776769530,0);
INSERT INTO `gl_ip_addresses`VALUES (626263,'110.249.201.186',1776769403,0);
INSERT INTO `gl_ip_addresses`VALUES (626267,'216.244.66.248',1776769497,0);
INSERT INTO `gl_ip_addresses`VALUES (626273,'110.249.202.224',1776769550,0);
INSERT INTO `gl_ip_addresses`VALUES (626274,'103.104.20.138',1776769571,0);
INSERT INTO `gl_ip_addresses`VALUES (626275,'111.225.148.195',1776769582,0);
INSERT INTO `gl_ip_addresses`VALUES (626276,'45.78.206.63',1776769649,0);
INSERT INTO `gl_ip_addresses`VALUES (626278,'17.241.227.123',1776769707,0);
INSERT INTO `gl_ip_addresses`VALUES (626279,'180.153.197.158',1776769716,0);
INSERT INTO `gl_ip_addresses`VALUES (626259,'111.225.149.29',1776769305,0);
INSERT INTO `gl_ip_addresses`VALUES (626252,'111.225.149.188',1776769158,0);
INSERT INTO `gl_ip_addresses`VALUES (626260,'110.249.202.159',1776769330,0);
INSERT INTO `gl_ip_addresses`VALUES (626261,'111.225.149.4',1776769355,0);
INSERT INTO `gl_ip_addresses`VALUES (626253,'110.249.201.11',1776769183,0);
INSERT INTO `gl_ip_addresses`VALUES (626251,'110.249.202.36',1776769134,0);
INSERT INTO `gl_ip_addresses`VALUES (626255,'110.249.202.241',1776769210,0);
INSERT INTO `gl_ip_addresses`VALUES (626262,'111.225.148.223',1776769378,0);
INSERT INTO `gl_ip_addresses`VALUES (626258,'110.249.201.196',1776769284,0);
INSERT INTO `gl_ip_addresses`VALUES (626257,'111.225.148.64',1776769256,0);
INSERT INTO `gl_ip_addresses`VALUES (626265,'110.249.201.65',1776769455,0);
INSERT INTO `gl_ip_addresses`VALUES (626266,'110.249.202.133',1776769477,0);
INSERT INTO `gl_ip_addresses`VALUES (626268,'111.225.149.241',1776769502,0);
INSERT INTO `gl_ip_addresses`VALUES (626269,'110.249.201.103',1776769526,0);
INSERT INTO `gl_ip_addresses`VALUES (626277,'51.161.37.198',1776769690,0);
INSERT INTO `gl_ip_addresses`VALUES (626280,'66.249.74.165',1776769759,0);
INSERT INTO `gl_ip_addresses`VALUES (626281,'216.244.66.248',1776769761,0);
INSERT INTO `gl_ip_addresses`VALUES (626282,'209.50.173.229',1776769789,0);
INSERT INTO `gl_ip_addresses`VALUES (626283,'148.113.128.187',1776769840,0);
INSERT INTO `gl_ip_addresses`VALUES (626284,'216.244.66.248',1776769876,0);
INSERT INTO `gl_ip_addresses`VALUES (626288,'54.39.203.75',1776769990,0);
INSERT INTO `gl_ip_addresses`VALUES (626285,'14.191.23.124',1776769963,0);
INSERT INTO `gl_ip_addresses`VALUES (626286,'66.249.74.165',1776769971,0);
INSERT INTO `gl_ip_addresses`VALUES (626296,'94.249.72.70',1776770379,0);
INSERT INTO `gl_ip_addresses`VALUES (626312,'15.235.96.195',1776771330,0);
INSERT INTO `gl_ip_addresses`VALUES (626317,'15.235.96.25',1776771464,0);
INSERT INTO `gl_ip_addresses`VALUES (626318,'103.143.183.248',1776771469,0);
INSERT INTO `gl_ip_addresses`VALUES (626113,'37.27.55.110',1776765324,0);
INSERT INTO `gl_ip_addresses`VALUES (626114,'37.27.55.110',1776765327,0);
INSERT INTO `gl_ip_addresses`VALUES (626115,'37.27.55.110',1776765332,0);
INSERT INTO `gl_ip_addresses`VALUES (626116,'37.27.55.110',1776765336,0);
INSERT INTO `gl_ip_addresses`VALUES (626117,'37.27.55.110',1776765340,0);
INSERT INTO `gl_ip_addresses`VALUES (626118,'37.27.55.110',1776765344,0);
INSERT INTO `gl_ip_addresses`VALUES (626119,'37.27.55.110',1776765348,0);
INSERT INTO `gl_ip_addresses`VALUES (626120,'37.27.55.110',1776765353,0);
INSERT INTO `gl_ip_addresses`VALUES (626121,'216.244.66.248',1776765354,0);
INSERT INTO `gl_ip_addresses`VALUES (626122,'37.27.55.110',1776765356,0);
INSERT INTO `gl_ip_addresses`VALUES (626123,'37.27.55.110',1776765361,0);
INSERT INTO `gl_ip_addresses`VALUES (626124,'37.27.55.110',1776765367,0);
INSERT INTO `gl_ip_addresses`VALUES (626125,'37.27.55.110',1776765371,0);
INSERT INTO `gl_ip_addresses`VALUES (626127,'217.182.195.239',1776765382,0);
INSERT INTO `gl_ip_addresses`VALUES (626128,'37.27.55.110',1776765383,0);
INSERT INTO `gl_ip_addresses`VALUES (626129,'37.27.55.110',1776765386,0);
INSERT INTO `gl_ip_addresses`VALUES (626130,'37.27.55.110',1776765390,0);
INSERT INTO `gl_ip_addresses`VALUES (626131,'37.27.55.110',1776765393,0);
INSERT INTO `gl_ip_addresses`VALUES (626132,'37.27.55.110',1776765398,0);
INSERT INTO `gl_ip_addresses`VALUES (626133,'160.20.87.171',1776765398,0);
INSERT INTO `gl_ip_addresses`VALUES (626134,'37.27.55.110',1776765402,0);
INSERT INTO `gl_ip_addresses`VALUES (626135,'37.27.55.110',1776765405,0);
INSERT INTO `gl_ip_addresses`VALUES (626136,'37.27.55.110',1776765411,0);
INSERT INTO `gl_ip_addresses`VALUES (626137,'37.27.55.110',1776765414,0);
INSERT INTO `gl_ip_addresses`VALUES (626138,'37.27.55.110',1776765418,0);
INSERT INTO `gl_ip_addresses`VALUES (626139,'37.27.55.110',1776765422,0);
INSERT INTO `gl_ip_addresses`VALUES (626140,'37.27.55.110',1776765426,0);
INSERT INTO `gl_ip_addresses`VALUES (626141,'37.27.55.110',1776765429,0);
INSERT INTO `gl_ip_addresses`VALUES (626142,'37.27.55.110',1776765435,0);
INSERT INTO `gl_ip_addresses`VALUES (626143,'37.27.55.110',1776765439,0);
INSERT INTO `gl_ip_addresses`VALUES (626144,'37.27.55.110',1776765445,0);
INSERT INTO `gl_ip_addresses`VALUES (626145,'37.27.55.110',1776765449,0);
INSERT INTO `gl_ip_addresses`VALUES (626147,'216.244.66.248',1776765457,0);
INSERT INTO `gl_ip_addresses`VALUES (626148,'37.27.55.110',1776765462,0);
INSERT INTO `gl_ip_addresses`VALUES (626149,'37.27.55.110',1776765465,0);
INSERT INTO `gl_ip_addresses`VALUES (626150,'216.244.66.248',1776765468,0);
INSERT INTO `gl_ip_addresses`VALUES (626151,'37.27.55.110',1776765470,0);
INSERT INTO `gl_ip_addresses`VALUES (626152,'216.244.66.248',1776765473,0);
INSERT INTO `gl_ip_addresses`VALUES (626153,'17.22.237.213',1776765473,0);
INSERT INTO `gl_ip_addresses`VALUES (626154,'37.27.55.110',1776765475,0);
INSERT INTO `gl_ip_addresses`VALUES (626156,'37.27.55.110',1776765482,0);
INSERT INTO `gl_ip_addresses`VALUES (626157,'66.249.82.2',1776765484,0);
INSERT INTO `gl_ip_addresses`VALUES (626158,'37.27.55.110',1776765486,0);
INSERT INTO `gl_ip_addresses`VALUES (626159,'37.27.55.110',1776765489,0);
INSERT INTO `gl_ip_addresses`VALUES (626161,'37.27.55.110',1776765499,0);
INSERT INTO `gl_ip_addresses`VALUES (626162,'193.186.4.181',1776765503,0);
INSERT INTO `gl_ip_addresses`VALUES (626163,'37.27.55.110',1776765504,0);
INSERT INTO `gl_ip_addresses`VALUES (626164,'66.249.74.166',1776765511,0);
INSERT INTO `gl_ip_addresses`VALUES (626165,'37.27.55.110',1776765511,0);
INSERT INTO `gl_ip_addresses`VALUES (626166,'37.27.55.110',1776765517,0);
INSERT INTO `gl_ip_addresses`VALUES (626167,'37.27.55.110',1776765520,0);
INSERT INTO `gl_ip_addresses`VALUES (626168,'37.27.55.110',1776765525,0);
INSERT INTO `gl_ip_addresses`VALUES (626169,'37.27.55.110',1776765529,0);
INSERT INTO `gl_ip_addresses`VALUES (626170,'37.27.55.110',1776765532,0);
INSERT INTO `gl_ip_addresses`VALUES (626171,'37.27.55.110',1776765537,0);
INSERT INTO `gl_ip_addresses`VALUES (626172,'37.27.55.110',1776765543,0);
INSERT INTO `gl_ip_addresses`VALUES (626173,'37.27.55.110',1776765548,0);
INSERT INTO `gl_ip_addresses`VALUES (626174,'37.27.55.110',1776765553,0);
INSERT INTO `gl_ip_addresses`VALUES (626175,'37.27.55.110',1776765558,0);
INSERT INTO `gl_ip_addresses`VALUES (626176,'37.27.55.110',1776765562,0);
INSERT INTO `gl_ip_addresses`VALUES (626177,'37.27.55.110',1776765566,0);
INSERT INTO `gl_ip_addresses`VALUES (626178,'37.27.55.110',1776765569,0);

--
-- Table structure for table `gl_language_items`
--


CREATE TABLE `gl_language_items` (
  `id` int(11) NOT NULL AUTO_INCREMENT,
  `var_name` varchar(30) NOT NULL,
  `language` varchar(30) NOT NULL,
  `name` varchar(30) NOT NULL,
  `value` varchar(255) NOT NULL DEFAULT '',
  PRIMARY KEY (`id`)
) ENGINE=MyISAM DEFAULT CHARSET=utf8 COLLATE=utf8_general_ci;

--
-- Dumping data for table `gl_language_items`
--


--
-- Table structure for table `gl_likes`
--


CREATE TABLE `gl_likes` (
  `lid` int(11) NOT NULL AUTO_INCREMENT,
  `type` varchar(30) NOT NULL,
  `subtype` varchar(15) NOT NULL DEFAULT '',
  `id` varchar(128) NOT NULL,
  `uid` mediumint(9) NOT NULL,
  `seq` int(11) NOT NULL DEFAULT 0,
  `action` tinyint(4) NOT NULL,
  `created` datetime NOT NULL,
  PRIMARY KEY (`lid`),
  KEY `type` (`type`,`subtype`,`id`),
  KEY `type_2` (`type`,`id`)
) ENGINE=MyISAM DEFAULT CHARSET=utf8mb4 COLLATE=utf8mb4_general_ci;

--
-- Dumping data for table `gl_likes`
--


--
-- Table structure for table `gl_menuitems`
--


CREATE TABLE `gl_menuitems` (
  `mid` varchar(40) NOT NULL DEFAULT '',
  `pmid` varchar(40) NOT NULL DEFAULT '',
  `is_enabled` tinyint(1) unsigned NOT NULL DEFAULT 1,
  `type` varchar(20) NOT NULL DEFAULT 'custom',
  `mode` varchar(20) NOT NULL DEFAULT 'fixation',
  `label` varchar(48) DEFAULT NULL,
  `label_var` varchar(48) DEFAULT NULL,
  `php_function` varchar(48) DEFAULT NULL,
  `url` varchar(255) DEFAULT NULL,
  `icon_url` varchar(255) DEFAULT NULL,
  `class_name` varchar(48) DEFAULT NULL,
  `tid` varchar(20) NOT NULL DEFAULT 'all',
  `menuorder` smallint(5) unsigned NOT NULL DEFAULT 1,
  `pattern` varchar(255) DEFAULT NULL,
  `is_preg` tinyint(1) NOT NULL DEFAULT 0,
  `owner_id` mediumint(8) unsigned NOT NULL DEFAULT 1,
  `group_id` mediumint(8) unsigned NOT NULL DEFAULT 1,
  `perm_owner` tinyint(1) unsigned NOT NULL DEFAULT 3,
  `perm_group` tinyint(1) unsigned NOT NULL DEFAULT 2,
  `perm_members` tinyint(1) unsigned NOT NULL DEFAULT 2,
  `perm_anon` tinyint(1) unsigned NOT NULL DEFAULT 2,
  PRIMARY KEY (`mid`)
) ENGINE=MyISAM DEFAULT CHARSET=utf8 COLLATE=utf8_general_ci;

--
-- Dumping data for table `gl_menuitems`
--

INSERT INTO `gl_menuitems`VALUES ('home','',1,'gldefault','variable','ホーム','LANG01[90]',NULL,'[site_url]/',NULL,NULL,'all',10,NULL,0,2,76,3,2,2,2);
INSERT INTO `gl_menuitems`VALUES ('contribute','',1,'gldefault','php','記事投稿','LANG01[71]','phpmenuitem_contribute','[site_url]/submit.php?type=story',NULL,NULL,'all',20,NULL,0,2,76,3,2,2,2);
INSERT INTO `gl_menuitems`VALUES ('search','',1,'gldefault','variable','検索オプション','LANG01[75]',NULL,'[site_url]/search.php',NULL,NULL,'all',30,NULL,0,2,76,3,2,2,2);
INSERT INTO `gl_menuitems`VALUES ('stats','',1,'gldefault','variable','サイト情報','LANG01[76]',NULL,'[site_url]/stats.php',NULL,NULL,'all',40,NULL,0,2,76,3,2,2,2);
INSERT INTO `gl_menuitems`VALUES ('directory','',1,'gldefault','variable','記事一覧','LANG01[117]',NULL,'[site_url]/directory.php',NULL,NULL,'all',50,NULL,0,2,76,3,2,2,2);
INSERT INTO `gl_menuitems`VALUES ('prefs','',0,'gldefault','variable','マイアカウント','LANG01[48]',NULL,'[site_url]/usersettings.php?mode=edit',NULL,NULL,'all',60,NULL,0,2,76,3,2,2,0);
INSERT INTO `gl_menuitems`VALUES ('login','',1,'custom','php','ユーザー機能','','phpmenuitem_login','',NULL,NULL,'all',140,NULL,0,2,76,3,2,2,2);
INSERT INTO `gl_menuitems`VALUES ('banner','',0,'plugin','fixation','バナー','',NULL,'https://www.yokosojapan.net/banner/index.php',NULL,NULL,'all',70,NULL,0,2,76,3,2,2,2);
INSERT INTO `gl_menuitems`VALUES ('sitemap','',1,'plugin','fixation','サイトマップ','',NULL,'https://www.yokosojapan.net/sitemap/index.php',NULL,NULL,'all',80,NULL,0,2,76,3,2,2,2);
INSERT INTO `gl_menuitems`VALUES ('mediagallery','',1,'plugin','fixation','メディアギャラリー','',NULL,'https://www.yokosojapan.net/mediagallery/index.php',NULL,NULL,'all',90,NULL,0,2,76,3,2,2,2);
INSERT INTO `gl_menuitems`VALUES ('medialist_1section','medialist_all',1,'custom','fixation','1section','','','/staticpages/index.php/_medialist_1section','','','all',110,'',0,2,2,3,2,0,0);
INSERT INTO `gl_menuitems`VALUES ('_medialist_sections','medialist_all',1,'custom','fixation','sections','','','/staticpages/index.php/_medialist_sections','','','all',120,'',0,2,2,3,2,0,0);
INSERT INTO `gl_menuitems`VALUES ('_medialist_sub','medialist_all',1,'custom','fixation','sub','','','/staticpages/index.php/_medialist_sub','','','all',130,'',0,2,2,3,2,0,0);
INSERT INTO `gl_menuitems`VALUES ('medialist_all','',1,'custom','fixation','開発メディアリスト一覧','','','/staticpages/index.php/_medialist_all','','','all',100,'',0,2,2,3,2,0,0);

--
-- Table structure for table `gl_mg_albums`
--


CREATE TABLE `gl_mg_albums` (
  `album_id` int(11) NOT NULL DEFAULT 0,
  `album_title` varchar(255) NOT NULL DEFAULT '',
  `album_desc` text NOT NULL,
  `album_parent` int(11) NOT NULL DEFAULT 0,
  `album_order` int(11) NOT NULL DEFAULT 0,
  `skin` varchar(255) NOT NULL DEFAULT 'default',
  `hidden` tinyint(4) NOT NULL DEFAULT 0,
  `podcast` tinyint(4) NOT NULL DEFAULT 0,
  `mp3ribbon` tinyint(4) NOT NULL DEFAULT 0,
  `album_cover` varchar(40) NOT NULL DEFAULT '-1',
  `album_cover_filename` varchar(255) DEFAULT '',
  `media_count` int(11) unsigned NOT NULL DEFAULT 0,
  `album_disk_usage` bigint(20) unsigned NOT NULL DEFAULT 0,
  `last_update` int(11) NOT NULL DEFAULT 0,
  `album_views` int(11) NOT NULL DEFAULT 0,
  `enable_album_views` tinyint(4) NOT NULL DEFAULT 0,
  `album_view_type` tinyint(4) NOT NULL DEFAULT 0,
  `image_skin` varchar(255) NOT NULL DEFAULT 'mgShadow',
  `album_skin` varchar(255) NOT NULL DEFAULT 'mgAlbum',
  `display_skin` varchar(255) NOT NULL DEFAULT 'mgShadow',
  `enable_comments` tinyint(4) NOT NULL DEFAULT 0,
  `exif_display` tinyint(4) NOT NULL DEFAULT 0,
  `enable_rating` tinyint(4) NOT NULL DEFAULT 0,
  `va_playback` tinyint(4) NOT NULL DEFAULT 0,
  `playback_type` tinyint(4) NOT NULL DEFAULT 0,
  `usealternate` tinyint(4) NOT NULL DEFAULT 0,
  `tn_attached` tinyint(4) NOT NULL DEFAULT 0,
  `tnheight` int(11) NOT NULL DEFAULT 0,
  `tnwidth` int(11) NOT NULL DEFAULT 0,
  `enable_slideshow` tinyint(4) NOT NULL DEFAULT 0,
  `enable_random` tinyint(4) NOT NULL DEFAULT 0,
  `enable_views` tinyint(4) NOT NULL DEFAULT 0,
  `enable_keywords` tinyint(4) NOT NULL DEFAULT 0,
  `display_album_desc` tinyint(4) NOT NULL DEFAULT 0,
  `enable_sort` tinyint(4) NOT NULL DEFAULT 0,
  `enable_rss` tinyint(4) NOT NULL DEFAULT 0,
  `enable_postcard` tinyint(4) NOT NULL DEFAULT 0,
  `albums_first` tinyint(4) NOT NULL DEFAULT 1,
  `allow_download` tinyint(4) NOT NULL DEFAULT 0,
  `full_display` tinyint(4) NOT NULL DEFAULT 0,
  `tn_size` tinyint(4) NOT NULL DEFAULT 0,
  `max_image_height` int(11) NOT NULL DEFAULT 0,
  `max_image_width` int(11) NOT NULL DEFAULT 0,
  `max_filesize` bigint(20) unsigned NOT NULL DEFAULT 0,
  `display_image_size` tinyint(4) NOT NULL DEFAULT 2,
  `display_rows` tinyint(4) NOT NULL DEFAULT 3,
  `display_columns` tinyint(4) NOT NULL DEFAULT 3,
  `valid_formats` int(11) unsigned NOT NULL DEFAULT 65535,
  `filename_title` tinyint(4) NOT NULL DEFAULT 0,
  `shopping_cart` tinyint(4) NOT NULL DEFAULT 0,
  `rsschildren` tinyint(4) NOT NULL DEFAULT 0,
  `wm_auto` tinyint(4) NOT NULL DEFAULT 0,
  `wm_id` int(11) NOT NULL DEFAULT 0,
  `opacity` int(11) NOT NULL DEFAULT 0,
  `wm_location` tinyint(4) NOT NULL DEFAULT 0,
  `album_sort_order` tinyint(4) NOT NULL DEFAULT 0,
  `member_uploads` tinyint(4) NOT NULL DEFAULT 0,
  `moderate` tinyint(4) NOT NULL DEFAULT 0,
  `email_mod` tinyint(4) NOT NULL DEFAULT 0,
  `featured` tinyint(4) NOT NULL DEFAULT 0,
  `cbposition` tinyint(1) NOT NULL DEFAULT 0,
  `cbpage` varchar(20) NOT NULL DEFAULT '',
  `owner_id` mediumint(9) NOT NULL DEFAULT 0,
  `group_id` mediumint(9) NOT NULL DEFAULT 0,
  `mod_group_id` mediumint(9) NOT NULL DEFAULT 0,
  `perm_owner` tinyint(1) unsigned NOT NULL DEFAULT 0,
  `perm_group` tinyint(1) unsigned NOT NULL DEFAULT 0,
  `perm_members` tinyint(1) unsigned NOT NULL DEFAULT 0,
  `perm_anon` tinyint(1) unsigned NOT NULL DEFAULT 0,
  `wm_opacity` int(11) NOT NULL,
  PRIMARY KEY (`album_id`),
  KEY `album_parent` (`album_parent`),
  KEY `last_update` (`last_update`)
) ENGINE=MyISAM DEFAULT CHARSET=utf8 COLLATE=utf8_general_ci;

--
-- Dumping data for table `gl_mg_albums`
--

INSERT INTO `gl_mg_albums`VALUES (1,'Block banner','',0,10,'default',1,0,0,'-1','a_image99',3,398064,1435230167,0,1,0,'mgShadow','mgAlbum','mgShadow',1,0,1,0,2,0,0,200,200,1,1,1,1,0,1,0,1,1,0,0,1,0,0,0,2,4,3,983039,0,0,0,0,0,10,1,0,0,0,0,0,1,'all',3,66,66,3,3,2,2,0);
INSERT INTO `gl_mg_albums`VALUES (2,'TOP PAGE','',0,20,'default',1,0,0,'2015100108350388','e_tophpp',8,4578118,1583778534,0,1,0,'mgShadow','mgAlbum','mgShadow',1,0,1,0,2,0,0,200,200,1,1,1,1,0,1,0,1,1,0,0,1,0,0,0,2,4,3,983039,0,0,0,0,0,10,1,0,0,0,0,0,1,'all',3,66,66,3,3,2,2,0);
INSERT INTO `gl_mg_albums`VALUES (3,'banner02','',1,30,'default',0,0,0,'-1','1_interviews-thumb',1,14933,1435223130,790,1,0,'mgShadow','mgAlbum','mgShadow',1,0,1,0,2,0,0,200,200,1,1,1,1,0,1,0,1,1,0,0,1,0,0,0,2,4,3,983039,0,0,0,0,0,10,1,0,0,0,0,0,1,'all',4,66,66,3,3,2,2,0);
INSERT INTO `gl_mg_albums`VALUES (4,'記事','',0,40,'default',0,0,0,'-1','',0,79866,1643790518,1199,1,0,'mgShadow','mgAlbum','mgShadow',1,0,1,0,2,0,0,200,200,1,1,1,1,0,1,0,0,1,0,0,2,0,0,0,2,4,3,983039,0,0,1,0,0,10,1,0,0,0,0,0,1,'all',3,66,66,3,2,2,2,0);
INSERT INTO `gl_mg_albums`VALUES (5,'サンプル','',0,50,'default',0,0,0,'-1','1_45302288_1917582434961926_2168587206032097280_o',9,2375525,1548879192,1896,1,0,'mgShadow','mgAlbum','mgShadow',1,0,1,0,2,0,0,200,200,1,1,1,1,0,1,0,0,1,0,0,2,0,0,0,2,4,3,983039,0,0,1,0,0,10,1,0,0,0,0,0,1,'all',3,66,66,3,2,2,2,0);
INSERT INTO `gl_mg_albums`VALUES (6,'2019年4月24日','',4,60,'default',0,0,0,'-1','',0,0,0,635,1,0,'mgShadow','mgAlbum','mgShadow',1,0,1,0,2,0,0,200,200,1,1,1,1,0,1,0,0,1,0,0,2,0,0,0,2,4,3,983039,0,0,1,0,0,10,1,0,0,0,0,0,1,'all',3,66,66,3,2,2,2,0);
INSERT INTO `gl_mg_albums`VALUES (7,'バナー','',0,70,'default',0,0,0,'20220202205929861','5_a_image99-1',8,580905,1643803169,2465,1,0,'mgShadow','mgAlbum','mgShadow',1,0,1,0,2,0,0,200,200,1,1,1,1,0,1,0,0,1,0,0,2,0,0,0,2,4,3,983039,0,0,1,0,0,10,1,0,0,0,0,0,1,'all',3,66,66,3,2,2,2,0);
INSERT INTO `gl_mg_albums`VALUES (8,'logo','',0,80,'default',0,0,0,'-1','2_logo-yokosojapan',1,36422,1764218018,0,1,0,'mgShadow','mgAlbum','mgShadow',1,0,1,0,2,0,0,200,200,1,1,1,1,0,1,0,0,1,0,0,1,0,0,0,2,4,3,983039,0,0,1,0,0,0,1,0,0,0,0,0,1,'all',3,66,66,3,2,2,2,10);
INSERT INTO `gl_mg_albums`VALUES (9,'TOP slider','',0,90,'default',0,0,0,'-1','',0,0,1764218480,3,1,0,'mgShadow','mgAlbum','mgShadow',1,0,1,0,2,0,0,200,200,1,1,1,1,0,1,0,0,1,0,0,1,0,0,0,2,4,3,983039,0,0,1,0,0,0,1,0,0,0,0,0,1,'all',3,66,66,3,2,2,2,10);
INSERT INTO `gl_mg_albums`VALUES (10,'ja','',9,100,'default',0,0,0,'-1','3_top-header',1,75378,1764218388,2,1,0,'mgShadow','mgAlbum','mgShadow',1,0,1,0,2,0,0,200,200,1,1,1,1,0,1,0,0,1,0,0,1,0,0,0,2,4,3,983039,0,0,1,0,0,0,1,0,0,0,0,0,1,'all',3,66,66,3,2,2,2,10);
INSERT INTO `gl_mg_albums`VALUES (11,'en','',9,110,'default',0,0,0,'-1','2_top-header',1,252018,1764218463,2,1,0,'mgShadow','mgAlbum','mgShadow',1,0,1,0,2,0,0,200,200,1,1,1,1,0,1,0,0,1,0,0,1,0,0,0,2,4,3,983039,0,0,1,0,0,0,1,0,0,0,0,0,1,'all',3,66,66,3,2,2,2,10);
INSERT INTO `gl_mg_albums`VALUES (12,'zh','',9,120,'default',0,0,0,'-1','9_top-header',1,252018,1764218480,2,1,0,'mgShadow','mgAlbum','mgShadow',1,0,1,0,2,0,0,200,200,1,1,1,1,0,1,0,0,1,0,0,1,0,0,0,2,4,3,983039,0,0,1,0,0,0,1,0,0,0,0,0,1,'all',3,66,66,3,2,2,2,10);
INSERT INTO `gl_mg_albums`VALUES (13,'ko','',9,130,'default',0,0,0,'-1','6_top-header',1,252018,1764218439,2,1,0,'mgShadow','mgAlbum','mgShadow',1,0,1,0,2,0,0,200,200,1,1,1,1,0,1,0,0,1,0,0,1,0,0,0,2,4,3,983039,0,0,1,0,0,0,1,0,0,0,0,0,1,'all',3,66,66,3,2,2,2,10);

--
-- Table structure for table `gl_mg_category`
--


CREATE TABLE `gl_mg_category` (
  `cat_id` mediumint(9) NOT NULL DEFAULT 0,
  `cat_name` varchar(255) NOT NULL DEFAULT '',
  `cat_description` varchar(255) NOT NULL DEFAULT '',
  `cat_order` mediumint(11) NOT NULL DEFAULT 0,
  PRIMARY KEY (`cat_id`)
) ENGINE=MyISAM DEFAULT CHARSET=utf8 COLLATE=utf8_general_ci;

--
-- Dumping data for table `gl_mg_category`
--


--
-- Table structure for table `gl_mg_exif_tags`
--


CREATE TABLE `gl_mg_exif_tags` (
  `name` varchar(255) NOT NULL DEFAULT '',
  `selected` tinyint(1) NOT NULL DEFAULT 0,
  PRIMARY KEY (`name`)
) ENGINE=MyISAM DEFAULT CHARSET=utf8 COLLATE=utf8_general_ci;

--
-- Dumping data for table `gl_mg_exif_tags`
--

INSERT INTO `gl_mg_exif_tags`VALUES ('ApertureValue',1);
INSERT INTO `gl_mg_exif_tags`VALUES ('ShutterSpeedValue',1);
INSERT INTO `gl_mg_exif_tags`VALUES ('ISO',1);
INSERT INTO `gl_mg_exif_tags`VALUES ('FocalLength',0);
INSERT INTO `gl_mg_exif_tags`VALUES ('Flash',1);
INSERT INTO `gl_mg_exif_tags`VALUES ('ACDComment',0);
INSERT INTO `gl_mg_exif_tags`VALUES ('AEWarning',0);
INSERT INTO `gl_mg_exif_tags`VALUES ('AFFocusPosition',0);
INSERT INTO `gl_mg_exif_tags`VALUES ('AFPointSelected',0);
INSERT INTO `gl_mg_exif_tags`VALUES ('AFPointUsed',0);
INSERT INTO `gl_mg_exif_tags`VALUES ('Adapter',0);
INSERT INTO `gl_mg_exif_tags`VALUES ('Artist',0);
INSERT INTO `gl_mg_exif_tags`VALUES ('BatteryLevel',0);
INSERT INTO `gl_mg_exif_tags`VALUES ('BitsPerSample',0);
INSERT INTO `gl_mg_exif_tags`VALUES ('BlurWarning',0);
INSERT INTO `gl_mg_exif_tags`VALUES ('BrightnessValue',0);
INSERT INTO `gl_mg_exif_tags`VALUES ('CCDSensitivity',0);
INSERT INTO `gl_mg_exif_tags`VALUES ('CameraID',0);
INSERT INTO `gl_mg_exif_tags`VALUES ('CameraSerialNumber',0);
INSERT INTO `gl_mg_exif_tags`VALUES ('Color',0);
INSERT INTO `gl_mg_exif_tags`VALUES ('ColorMode',0);
INSERT INTO `gl_mg_exif_tags`VALUES ('ColorSpace',0);
INSERT INTO `gl_mg_exif_tags`VALUES ('ComponentsConfiguration',0);
INSERT INTO `gl_mg_exif_tags`VALUES ('CompressedBitsPerPixel',0);
INSERT INTO `gl_mg_exif_tags`VALUES ('Compression',0);
INSERT INTO `gl_mg_exif_tags`VALUES ('ContinuousTakingBracket',0);
INSERT INTO `gl_mg_exif_tags`VALUES ('Contrast',0);
INSERT INTO `gl_mg_exif_tags`VALUES ('Converter',0);
INSERT INTO `gl_mg_exif_tags`VALUES ('Copyright',0);
INSERT INTO `gl_mg_exif_tags`VALUES ('CustomFunctions',0);
INSERT INTO `gl_mg_exif_tags`VALUES ('CustomerRender',0);
INSERT INTO `gl_mg_exif_tags`VALUES ('DateTime',1);
INSERT INTO `gl_mg_exif_tags`VALUES ('DigitalZoom',0);
INSERT INTO `gl_mg_exif_tags`VALUES ('DigitalZoomRatio',0);
INSERT INTO `gl_mg_exif_tags`VALUES ('DriveMode',0);
INSERT INTO `gl_mg_exif_tags`VALUES ('EasyShooting',0);
INSERT INTO `gl_mg_exif_tags`VALUES ('ExposureBiasValue',0);
INSERT INTO `gl_mg_exif_tags`VALUES ('ExposureIndex',0);
INSERT INTO `gl_mg_exif_tags`VALUES ('ExposureMode',0);
INSERT INTO `gl_mg_exif_tags`VALUES ('ExposureProgram',0);
INSERT INTO `gl_mg_exif_tags`VALUES ('FileSource',0);
INSERT INTO `gl_mg_exif_tags`VALUES ('FirmwareVersion',0);
INSERT INTO `gl_mg_exif_tags`VALUES ('FlashBias',0);
INSERT INTO `gl_mg_exif_tags`VALUES ('FlashDetails',0);
INSERT INTO `gl_mg_exif_tags`VALUES ('FlashEnergy',0);
INSERT INTO `gl_mg_exif_tags`VALUES ('FlashMode',0);
INSERT INTO `gl_mg_exif_tags`VALUES ('FlashPixVersion',0);
INSERT INTO `gl_mg_exif_tags`VALUES ('FlashSetting',0);
INSERT INTO `gl_mg_exif_tags`VALUES ('FlashStrength',0);
INSERT INTO `gl_mg_exif_tags`VALUES ('FocalPlaneResolutionUnit',0);
INSERT INTO `gl_mg_exif_tags`VALUES ('FocalPlaneXResolution',0);
INSERT INTO `gl_mg_exif_tags`VALUES ('FocalPlaneYResolution',0);
INSERT INTO `gl_mg_exif_tags`VALUES ('FocalUnits',0);
INSERT INTO `gl_mg_exif_tags`VALUES ('Focus',0);
INSERT INTO `gl_mg_exif_tags`VALUES ('FocusMode',0);
INSERT INTO `gl_mg_exif_tags`VALUES ('FocusWarning',0);
INSERT INTO `gl_mg_exif_tags`VALUES ('GainControl',0);
INSERT INTO `gl_mg_exif_tags`VALUES ('ImageAdjustment',0);
INSERT INTO `gl_mg_exif_tags`VALUES ('ImageDescription',0);
INSERT INTO `gl_mg_exif_tags`VALUES ('ImageHistory',0);
INSERT INTO `gl_mg_exif_tags`VALUES ('ImageLength',0);
INSERT INTO `gl_mg_exif_tags`VALUES ('ImageNumber',0);
INSERT INTO `gl_mg_exif_tags`VALUES ('ImageSharpening',0);
INSERT INTO `gl_mg_exif_tags`VALUES ('ImageSize',0);
INSERT INTO `gl_mg_exif_tags`VALUES ('ImageType',0);
INSERT INTO `gl_mg_exif_tags`VALUES ('ImageWidth',0);
INSERT INTO `gl_mg_exif_tags`VALUES ('InterColorProfile',0);
INSERT INTO `gl_mg_exif_tags`VALUES ('Interlace',0);
INSERT INTO `gl_mg_exif_tags`VALUES ('InteroperabilityIFD.InteroperabilityIndex',0);
INSERT INTO `gl_mg_exif_tags`VALUES ('InteroperabilityIFD.InteroperabilityVersion',0);
INSERT INTO `gl_mg_exif_tags`VALUES ('InteroperabilityIFD.RelatedImageFileFormat',0);
INSERT INTO `gl_mg_exif_tags`VALUES ('InteroperabilityIFD.RelatedImageLength',0);
INSERT INTO `gl_mg_exif_tags`VALUES ('InteroperabilityIFD.RelatedImageWidth',0);
INSERT INTO `gl_mg_exif_tags`VALUES ('JPEGTables',0);
INSERT INTO `gl_mg_exif_tags`VALUES ('JpegIFByteCount',0);
INSERT INTO `gl_mg_exif_tags`VALUES ('JpegIFOffset',0);
INSERT INTO `gl_mg_exif_tags`VALUES ('JpegQual',0);
INSERT INTO `gl_mg_exif_tags`VALUES ('LightSource',0);
INSERT INTO `gl_mg_exif_tags`VALUES ('LongFocalLength',0);
INSERT INTO `gl_mg_exif_tags`VALUES ('Macro',0);
INSERT INTO `gl_mg_exif_tags`VALUES ('Make',1);
INSERT INTO `gl_mg_exif_tags`VALUES ('ManualFocusDistance',0);
INSERT INTO `gl_mg_exif_tags`VALUES ('MaxApertureValue',0);
INSERT INTO `gl_mg_exif_tags`VALUES ('MeteringMode',0);
INSERT INTO `gl_mg_exif_tags`VALUES ('Model',1);
INSERT INTO `gl_mg_exif_tags`VALUES ('Noise',0);
INSERT INTO `gl_mg_exif_tags`VALUES ('NoiseReduction',0);
INSERT INTO `gl_mg_exif_tags`VALUES ('Orientation',0);
INSERT INTO `gl_mg_exif_tags`VALUES ('OwnerName',0);
INSERT INTO `gl_mg_exif_tags`VALUES ('PhotometricInterpret',0);
INSERT INTO `gl_mg_exif_tags`VALUES ('PhotoshopSettings',0);
INSERT INTO `gl_mg_exif_tags`VALUES ('PictInfo',0);
INSERT INTO `gl_mg_exif_tags`VALUES ('PictureMode',0);
INSERT INTO `gl_mg_exif_tags`VALUES ('PlanarConfiguration',0);
INSERT INTO `gl_mg_exif_tags`VALUES ('Predictor',0);
INSERT INTO `gl_mg_exif_tags`VALUES ('PrimaryChromaticities',0);
INSERT INTO `gl_mg_exif_tags`VALUES ('Quality',0);
INSERT INTO `gl_mg_exif_tags`VALUES ('ReferenceBlackWhite',0);
INSERT INTO `gl_mg_exif_tags`VALUES ('RelatedSoundFile',0);
INSERT INTO `gl_mg_exif_tags`VALUES ('ResolutionUnit',0);
INSERT INTO `gl_mg_exif_tags`VALUES ('RowsPerStrip',0);
INSERT INTO `gl_mg_exif_tags`VALUES ('SamplesPerPixel',0);
INSERT INTO `gl_mg_exif_tags`VALUES ('Saturation',0);
INSERT INTO `gl_mg_exif_tags`VALUES ('SceneCaptureMode',0);
INSERT INTO `gl_mg_exif_tags`VALUES ('SceneType',0);
INSERT INTO `gl_mg_exif_tags`VALUES ('SecurityClassification',0);
INSERT INTO `gl_mg_exif_tags`VALUES ('SelfTimer',0);
INSERT INTO `gl_mg_exif_tags`VALUES ('SelfTimerMode',0);
INSERT INTO `gl_mg_exif_tags`VALUES ('SensingMethod',0);
INSERT INTO `gl_mg_exif_tags`VALUES ('SequenceNumber',0);
INSERT INTO `gl_mg_exif_tags`VALUES ('Sharpness',0);
INSERT INTO `gl_mg_exif_tags`VALUES ('ShortFocalLength',0);
INSERT INTO `gl_mg_exif_tags`VALUES ('SlowSync',0);
INSERT INTO `gl_mg_exif_tags`VALUES ('Software',0);
INSERT INTO `gl_mg_exif_tags`VALUES ('SoftwareRelease',0);
INSERT INTO `gl_mg_exif_tags`VALUES ('SpatialFrequencyResponse',0);
INSERT INTO `gl_mg_exif_tags`VALUES ('SpecialMode',0);
INSERT INTO `gl_mg_exif_tags`VALUES ('SpectralSensitivity',0);
INSERT INTO `gl_mg_exif_tags`VALUES ('StripByteCounts',0);
INSERT INTO `gl_mg_exif_tags`VALUES ('StripOffsets',0);
INSERT INTO `gl_mg_exif_tags`VALUES ('SubIFDs',0);
INSERT INTO `gl_mg_exif_tags`VALUES ('SubfileType',0);
INSERT INTO `gl_mg_exif_tags`VALUES ('SubjectDistance',0);
INSERT INTO `gl_mg_exif_tags`VALUES ('SubjectLocation',0);
INSERT INTO `gl_mg_exif_tags`VALUES ('SubsecTime',0);
INSERT INTO `gl_mg_exif_tags`VALUES ('SubsecTimeDigitized',0);
INSERT INTO `gl_mg_exif_tags`VALUES ('SubsecTimeOriginal',0);
INSERT INTO `gl_mg_exif_tags`VALUES ('TIFF/EPStandardID',0);
INSERT INTO `gl_mg_exif_tags`VALUES ('TileByteCounts',0);
INSERT INTO `gl_mg_exif_tags`VALUES ('TileLength',0);
INSERT INTO `gl_mg_exif_tags`VALUES ('TileOffsets',0);
INSERT INTO `gl_mg_exif_tags`VALUES ('TileWidth',0);
INSERT INTO `gl_mg_exif_tags`VALUES ('TimeZoneOffset',0);
INSERT INTO `gl_mg_exif_tags`VALUES ('Tone',0);
INSERT INTO `gl_mg_exif_tags`VALUES ('TransferFunction',0);
INSERT INTO `gl_mg_exif_tags`VALUES ('UserComment',0);
INSERT INTO `gl_mg_exif_tags`VALUES ('Version',0);
INSERT INTO `gl_mg_exif_tags`VALUES ('WhiteBalance',0);
INSERT INTO `gl_mg_exif_tags`VALUES ('WhitePoint',0);
INSERT INTO `gl_mg_exif_tags`VALUES ('YCbCrCoefficients',0);
INSERT INTO `gl_mg_exif_tags`VALUES ('YCbCrPositioning',0);
INSERT INTO `gl_mg_exif_tags`VALUES ('YCbCrSubSampling',0);
INSERT INTO `gl_mg_exif_tags`VALUES ('xResolution',0);
INSERT INTO `gl_mg_exif_tags`VALUES ('yResolution',0);
INSERT INTO `gl_mg_exif_tags`VALUES ('ExifImageHeight',0);
INSERT INTO `gl_mg_exif_tags`VALUES ('ExifImageWidth',0);
INSERT INTO `gl_mg_exif_tags`VALUES ('IPTC/SupplementalCategories',0);
INSERT INTO `gl_mg_exif_tags`VALUES ('IPTC/Keywords',0);
INSERT INTO `gl_mg_exif_tags`VALUES ('IPTC/Caption',0);
INSERT INTO `gl_mg_exif_tags`VALUES ('IPTC/CaptionWriter',0);
INSERT INTO `gl_mg_exif_tags`VALUES ('IPTC/Headline',0);
INSERT INTO `gl_mg_exif_tags`VALUES ('IPTC/SpecialInstructions',0);
INSERT INTO `gl_mg_exif_tags`VALUES ('IPTC/Category',0);
INSERT INTO `gl_mg_exif_tags`VALUES ('IPTC/Byline',0);
INSERT INTO `gl_mg_exif_tags`VALUES ('IPTC/BylineTitle',0);
INSERT INTO `gl_mg_exif_tags`VALUES ('IPTC/Credit',0);
INSERT INTO `gl_mg_exif_tags`VALUES ('IPTC/Source',0);
INSERT INTO `gl_mg_exif_tags`VALUES ('IPTC/CopyrightNotice',0);
INSERT INTO `gl_mg_exif_tags`VALUES ('IPTC/ObjectName',0);
INSERT INTO `gl_mg_exif_tags`VALUES ('IPTC/City',0);
INSERT INTO `gl_mg_exif_tags`VALUES ('IPTC/ProvinceState',0);
INSERT INTO `gl_mg_exif_tags`VALUES ('IPTC/CountryName',0);
INSERT INTO `gl_mg_exif_tags`VALUES ('IPTC/OriginalTransmissionReference',0);
INSERT INTO `gl_mg_exif_tags`VALUES ('IPTC/DateCreated',0);
INSERT INTO `gl_mg_exif_tags`VALUES ('IPTC/CopyrightFlag',0);
INSERT INTO `gl_mg_exif_tags`VALUES ('IPTC/TimeCreated',0);

--
-- Table structure for table `gl_mg_media`
--


CREATE TABLE `gl_mg_media` (
  `media_id` varchar(40) NOT NULL DEFAULT '0',
  `media_filename` varchar(255) NOT NULL DEFAULT '',
  `media_original_filename` varchar(255) NOT NULL DEFAULT '',
  `media_mime_ext` varchar(255) NOT NULL DEFAULT '',
  `media_exif` tinyint(4) NOT NULL DEFAULT 1,
  `mime_type` varchar(255) NOT NULL DEFAULT '',
  `media_title` varchar(255) NOT NULL DEFAULT '',
  `media_desc` text NOT NULL,
  `media_keywords` varchar(255) NOT NULL DEFAULT '',
  `media_time` int(11) NOT NULL DEFAULT 0,
  `media_views` int(11) NOT NULL DEFAULT 0,
  `media_comments` int(11) NOT NULL DEFAULT 0,
  `media_votes` int(11) NOT NULL DEFAULT 0,
  `media_rating` decimal(4,2) NOT NULL DEFAULT 0.00,
  `media_resolution_x` int(11) NOT NULL DEFAULT 0,
  `media_resolution_y` int(11) NOT NULL DEFAULT 0,
  `remote_media` tinyint(4) NOT NULL DEFAULT 0,
  `remote_url` text DEFAULT NULL,
  `media_tn_attached` tinyint(4) NOT NULL DEFAULT 0,
  `media_tn_image` varchar(255) NOT NULL DEFAULT '',
  `include_ss` tinyint(4) unsigned NOT NULL DEFAULT 1,
  `media_user_id` mediumint(9) NOT NULL DEFAULT 0,
  `media_user_ip` varchar(14) NOT NULL DEFAULT '',
  `media_approval` tinyint(3) NOT NULL DEFAULT 0,
  `media_type` tinyint(4) NOT NULL DEFAULT 0,
  `media_upload_time` int(11) NOT NULL DEFAULT 0,
  `media_category` int(11) NOT NULL DEFAULT 0,
  `media_watermarked` tinyint(4) NOT NULL DEFAULT 0,
  `artist` varchar(255) NOT NULL DEFAULT '',
  `album` varchar(255) NOT NULL DEFAULT '',
  `genre` varchar(255) NOT NULL DEFAULT '',
  `v100` tinyint(4) NOT NULL DEFAULT 0,
  `maint` tinyint(4) NOT NULL DEFAULT 0,
  PRIMARY KEY (`media_id`),
  KEY `media_upload_time` (`media_upload_time`)
) ENGINE=MyISAM DEFAULT CHARSET=utf8 COLLATE=utf8_general_ci;

--
-- Dumping data for table `gl_mg_media`
--

INSERT INTO `gl_mg_media`VALUES ('20150625013412676','6_jpm1007','jpm1007.jpg','jpg',1,'image/jpeg','公益法人が企画・運営する実践的な内容','国土交通省所管の公益法人が企画・運営するインターンシップでの経験は今後の就職に必ず役立ちます。','',1435163655,0,0,0,0.00,0,0,0,'',0,'',0,3,'',0,0,1435163655,0,0,'','','',0,0);
INSERT INTO `gl_mg_media`VALUES ('20150625012522829','3_header','header.jpg','jpg',1,'image/jpeg','','','',1435159500,0,0,0,0.00,0,0,0,'',0,'',1,3,'',0,0,1435163126,0,0,'','','',0,0);
INSERT INTO `gl_mg_media`VALUES ('20150625014602138','1_20150422internship_event_ja_1_original','20150422internship_event_ja_1_original.jpg','jpg',1,'image/jpeg','全国各地で募集中！！締め切り間近！','お待たせしました。今年で６年目を迎える、JPM留学生インターンシップの受付を開始しました。','',1435164364,0,0,0,0.00,0,0,0,'',0,'',0,3,'',0,0,1435164364,0,0,'','','',0,0);
INSERT INTO `gl_mg_media`VALUES ('20150625174123964','f__01','研修01.jpg','jpg',1,'image/jpeg','企業担当者と合同の研修','','',1435221705,0,0,0,0.00,0,0,0,'',0,'',0,4,'',0,0,1435221705,0,0,'','','',0,0);
INSERT INTO `gl_mg_media`VALUES ('20150625180530560','1_interviews-thumb','interviews-thumb.jpg','jpg',1,'image/jpeg','TOP　インタビュー','','',1435223154,1501,0,0,0.00,0,0,0,'',0,'',1,4,'',0,0,1435223154,0,0,'','','',0,0);
INSERT INTO `gl_mg_media`VALUES ('20150625194514568','7__ss','国際紅白ss.jpg','jpg',1,'image/jpeg','','','',1435229122,0,0,0,0.00,0,0,0,'',0,'',1,4,'',0,0,1435229122,0,0,'','','',0,0);
INSERT INTO `gl_mg_media`VALUES ('20150625200242657','a_image99','image99.jpg','jpg',1,'image/jpeg','','','',1435230167,0,0,0,0.00,0,0,0,'',0,'',1,4,'',0,0,1435230167,0,0,'','','',0,0);
INSERT INTO `gl_mg_media`VALUES ('2015100108350388','e_tophpp','e_tophpphp.png','png',1,'image/png','『私たちは水を通してつながっている』','日本からはじまる、価値観の大転換\r\n『私たちは水を通してつながっている』\r\n','https://www.yokosojapan.net/article.php/20151005moviewater_feature_ja',1443634500,0,0,0,0.00,0,0,0,'',0,'',1,4,'',0,0,1444068698,0,0,'','','',0,0);
INSERT INTO `gl_mg_media`VALUES ('20151001075014672','0_p1_','0_p1_2hp.png','png',1,'image/png','','日本からはじまる、価値観の大転換!!\r\n行動するのは、まさに今です!!','https://www.yokosojapan.net/article.php/20151001water_feature_ja',1443646440,1,0,0,0.00,0,0,0,'',0,'',1,4,'',0,0,1444198735,0,0,'','','',0,0);
INSERT INTO `gl_mg_media`VALUES ('20151001075835139','0_p1_2','0_p1_hp.png','png',1,'image/png','','日本・日本人の役割とは？\r\n','https://www.yokosojapan.net/article.php/20151001water_feature_ja',1443650340,0,0,0,0.00,0,0,0,'',0,'',1,4,'',0,0,1444067812,0,0,'','','',0,0);
INSERT INTO `gl_mg_media`VALUES ('201907161434137','3_8p-2-thumb','8P-2-thumb.jpg','jpg',1,'image/jpeg','語学の本当のプロを目指す！！','','https://www.yokosojapan.net/article.php/life_%E8%AA%9E%E5%AD%A6%EF%BC%90%EF%BC%99%EF%BC%91%EF%BC%90_ja',1563255379,2404,0,0,0.00,0,0,0,'',0,'',1,3,'',0,0,1563255379,0,0,'','','',0,0);
INSERT INTO `gl_mg_media`VALUES ('20190131050105352','d_38501199_10156236372723580_8357990750104846336_n','38501199_10156236372723580_8357990750104846336_n.jpg','jpg',1,'image/jpeg','タイトルです。','このメディアの説明をここに入力します。','',1548879190,2380,0,0,0.00,0,0,0,'',0,'',1,3,'',0,0,1548879190,0,0,'','','',0,0);
INSERT INTO `gl_mg_media`VALUES ('20190131050102511','a_38478571_10213844470078584_7109436820785463296_n','38478571_10213844470078584_7109436820785463296_n.jpg','jpg',1,'image/jpeg','タイトルです。','このメディアの説明をここに入力します。','',1548879189,2517,0,0,0.00,0,0,0,'',0,'',1,3,'',0,0,1548879189,0,0,'','','',0,0);
INSERT INTO `gl_mg_media`VALUES ('20190131050101810','6_38471759_10156236372928580_98905082417905664_n','38471759_10156236372928580_98905082417905664_n.jpg','jpg',1,'image/jpeg','タイトルです。','このメディアの説明をここに入力します。','',1548879189,2429,0,0,0.00,0,0,0,'',0,'',1,3,'',0,0,1548879189,0,0,'','','',0,0);
INSERT INTO `gl_mg_media`VALUES ('2019013105005873','9_38433261_10156236372713580_1987123171328786432_n','38433261_10156236372713580_1987123171328786432_n.jpg','jpg',1,'image/jpeg','タイトルです。','このメディアの説明をここに入力します。','',1548879188,2398,0,0,0.00,0,0,0,'',0,'',1,3,'',0,0,1548879188,0,0,'','','',0,0);
INSERT INTO `gl_mg_media`VALUES ('20190716143412658','5_8p-3','8P-3.jpg','jpg',1,'image/jpeg','起業家を目指す君を協力にバック','','http://www.jigyo.ac.jp',1563255379,2313,0,0,0.00,0,0,0,'',0,'',1,3,'',0,0,1563255379,0,0,'','','',0,0);
INSERT INTO `gl_mg_media`VALUES ('20190131050055398','1_307229_199891830082331_161043762_n','307229_199891830082331_161043762_n.jpg','jpg',1,'image/jpeg','タイトルです。','','',1548879188,2322,0,0,0.00,0,0,0,'',0,'',1,3,'',0,0,1548879188,0,0,'','','',0,0);
INSERT INTO `gl_mg_media`VALUES ('20190716143414150','0_hij_banner','HIJ_banner.gif','gif',1,'image/gif','Homestay in Japan!!','','http://www.homestay-in-japan.com/',1563255380,2444,0,0,0.00,0,0,0,'',0,'',1,3,'',0,0,1563255380,0,0,'','','',0,0);
INSERT INTO `gl_mg_media`VALUES ('2019071614341542','b_lakeland-thumb','lakeland-thumb.jpg','jpg',1,'image/jpeg','LAKELAND JAPAN','','http://www.japan.lakeland.edu/',1563255380,2418,0,0,0.00,0,0,0,'',0,'',1,3,'',0,0,1563255380,0,0,'','','',0,0);
INSERT INTO `gl_mg_media`VALUES ('20190131050109957','8_44489505_2196060770403903_231222347518967808_n','44489505_2196060770403903_231222347518967808_n.jpg','jpg',1,'image/jpeg','タイトルです。','このメディアの説明をここに入力します。','',1548879190,2362,0,0,0.00,0,0,0,'',0,'',1,3,'',0,0,1548879190,0,0,'','','',0,0);
INSERT INTO `gl_mg_media`VALUES ('20190131050110513','a_44529190_2196714023671911_1760446441102245888_n','44529190_2196714023671911_1760446441102245888_n.jpg','jpg',1,'image/jpeg','タイトルです。','このメディアの説明をここに入力します。','',1548879191,2424,0,0,0.00,0,0,0,'',0,'',1,3,'',0,0,1548879191,0,0,'','','',0,0);
INSERT INTO `gl_mg_media`VALUES ('20190131050111489','4_44571488_1897486070304896_7260592516821417984_n','44571488_1897486070304896_7260592516821417984_n.jpg','jpg',1,'image/jpeg','タイトルです。','このメディアの説明をここに入力します。','',1548879191,2378,0,0,0.00,0,0,0,'',0,'',1,3,'',0,0,1548879191,0,0,'','','',0,0);
INSERT INTO `gl_mg_media`VALUES ('20190716143416116','e_souseiwater-thumb','souseiwater-thumb.jpg','jpg',1,'image/jpeg','環境問題解決の切り札','','https://www.yokosojapan.net/article.php/feature_%E5%89%B5%E7%94%9F%E6%B0%B4%EF%BC%91%EF%BC%90%EF%BC%90%EF%BC%96_ja',1563255380,2779,0,0,0.00,0,0,0,'',0,'',1,3,'',0,0,1563255380,0,0,'','','',0,0);
INSERT INTO `gl_mg_media`VALUES ('20190131050115896','1_45302288_1917582434961926_2168587206032097280_o','45302288_1917582434961926_2168587206032097280_o.jpg','jpg',1,'image/jpeg','タイトルです。','','',1548879192,2353,0,0,0.00,0,0,0,'',0,'',1,3,'',0,0,1548879192,0,0,'','','',0,0);
INSERT INTO `gl_mg_media`VALUES ('20190630014024435','6_irws2019','irws2020.jpg','jpg',1,'image/jpeg','第１０回　国際紅白歌合戦','参加者・ボランテイア募集中！！','http://www.irws.org/',1561826460,0,0,0,0.00,0,0,0,'',1,'',0,4,'',0,0,1583778296,0,0,'','','',0,0);
INSERT INTO `gl_mg_media`VALUES ('20190716143415680','3_takashimadaira_banner','takashimadaira_banner.jpg','jpg',1,'image/jpeg','高島平再生プロジェクト','日本の再生はここからはじまる','https://www.yokosojapan.net/article.php/feature_%E9%AB%98%E5%B3%B6%E5%B9%B3_ja',1563255380,2547,0,0,0.00,0,0,0,'',0,'',1,3,'',0,0,1563255380,0,0,'','','',0,0);
INSERT INTO `gl_mg_media`VALUES ('20190716143721983','b_gc_site','gcguidelogo','png',1,'image/png','Global Community students volunteers','','https://gc-volunteer-guide.jimdosite.com/',1563255420,2464,0,0,0.00,0,0,0,'https://gc-volunteer-guide.jimdosite.com/',1,'',1,2,'',0,0,1735610483,0,0,'','','',0,0);
INSERT INTO `gl_mg_media`VALUES ('20200310032854467','a_irws2020','irws2020.jpg','jpg',1,'image/jpeg','第10回国際紅白歌合戦','参加者・ボランテイア募集中！！','http://www.irws.org/',1583778534,0,0,0,0.00,0,0,0,'',0,'',1,4,'',0,0,1583778534,0,0,'','','',0,0);
INSERT INTO `gl_mg_media`VALUES ('20220202205929861','5_a_image99-1','a_image99-1.jpg','jpg',1,'image/jpeg','第11回国際紅白歌合戦','','http://irws.org',1643803169,3325,0,0,0.00,0,0,0,'',0,'',1,4,'',0,0,1643803169,0,0,'','','',0,0);
INSERT INTO `gl_mg_media`VALUES ('20251127133338424','2_logo-yokosojapan','logo-yokosojapan.png','png',1,'image/png','','','',1764218018,0,0,0,0.00,0,0,0,'',0,'',1,3,'',0,0,1764218018,0,0,'','','',0,0);
INSERT INTO `gl_mg_media`VALUES ('20251127133948343','3_top-header','top-header.jpg','jpg',1,'image/jpeg','','<h1 class=\"uk-text-nowrap uk-text-center gl-text-shadow uk-margin-large-top\" style=\"color:#fff\">\'Globalcommunity \'multicultural website focused on health,medical,environment and international exchange\r\n<br>英語・中国語・韓国語で ボランティア　外国人 留学生　国際派日本人の就職、旅行、留学、部屋探し<br>\r\n国際交流イベントの情報を提供する国際交流サイト\"GLOBAL COMMUNITY\"</h1>','',1764218388,0,0,0,0.00,0,0,0,'',0,'',1,3,'',0,0,1764218388,0,0,'','','',0,0);
INSERT INTO `gl_mg_media`VALUES ('20251127134039808','6_top-header','top-header.jpg','jpg',1,'image/jpeg','','<h1 class=\"uk-text-nowrap uk-text-center gl-text-shadow uk-margin-large-top\" style=\"color:#fff\">유학생과 일본인 학생이 만드는 신세대의 국제교류신문 “GLOBAL COMMUNITY”의 다언어 웹 메거진！<p>\r\n<a href=\"https://px.a8.net/svt/ejp?a8mat=3N22FA+8AA6UQ+3N0O+5YRHE\" rel=\"nofollow\">【全額返金保証】トライズなら1年で英語が身につく3つの理由</a>\r\n<img border=\"0\" width=\"1\" height=\"1\" src=\"https://www16.a8.net/0.gif?a8mat=3N22FA+8AA6UQ+3N0O+5YRHE\" alt=\"\"></p></h1>','',1764218439,0,0,0,0.00,0,0,0,'',0,'',1,3,'',0,0,1764218439,0,0,'','','',0,0);
INSERT INTO `gl_mg_media`VALUES ('20251127134103684','2_top-header','top-header.jpg','jpg',1,'image/jpeg','','<h1 class=\"uk-text-nowrap uk-text-center gl-text-shadow uk-margin-large-top\" style=\"color:#fff\">Internship　Multilingual Website for the new generation, <br>“<strong>GLOBAL COMMUNITY</strong>” edited by Japanese and Internationl students!</h1>','',1764218463,0,0,0,0.00,0,0,0,'',0,'',1,3,'',0,0,1764218463,0,0,'','','',0,0);
INSERT INTO `gl_mg_media`VALUES ('20251127134120701','9_top-header','top-header.jpg','jpg',1,'image/jpeg','','<h1 class=\"uk-text-nowrap uk-text-center gl-text-shadow uk-margin-large-top\" style=\"color:#fff\">由留学生和日本人学生共同打造的新世代国际交流报纸“<strong>GLOBAL COMMUNITY</strong>”之多国语Web电子杂志！<p>\r\n<a href=\"https://px.a8.net/svt/ejp?a8mat=3N22FA+8AA6UQ+3N0O+5YRHE\" rel=\"nofollow\">【全額返金保証】トライズなら1年で英語が身につく3つの理由</a>\r\n<img border=\"0\" width=\"1\" height=\"1\" src=\"https://www16.a8.net/0.gif?a8mat=3N22FA+8AA6UQ+3N0O+5YRHE\" alt=\"\"></p></h1>','',1764218480,0,0,0,0.00,0,0,0,'',0,'',1,3,'',0,0,1764218480,0,0,'','','',0,0);

--
-- Table structure for table `gl_mg_media_album_queue`
--


CREATE TABLE `gl_mg_media_album_queue` (
  `album_id` int(11) NOT NULL DEFAULT 0,
  `media_id` varchar(40) NOT NULL DEFAULT '0',
  `media_order` int(11) NOT NULL DEFAULT 0,
  KEY `media_id` (`media_id`),
  KEY `album_id` (`album_id`)
) ENGINE=MyISAM DEFAULT CHARSET=utf8 COLLATE=utf8_general_ci;

--
-- Dumping data for table `gl_mg_media_album_queue`
--


--
-- Table structure for table `gl_mg_media_albums`
--


CREATE TABLE `gl_mg_media_albums` (
  `album_id` int(11) NOT NULL DEFAULT 0,
  `media_id` varchar(40) NOT NULL DEFAULT '0',
  `media_order` int(11) NOT NULL DEFAULT 0,
  KEY `media_id` (`media_id`),
  KEY `album_id` (`album_id`)
) ENGINE=MyISAM DEFAULT CHARSET=utf8 COLLATE=utf8_general_ci;

--
-- Dumping data for table `gl_mg_media_albums`
--

INSERT INTO `gl_mg_media_albums`VALUES (2,'20150625014602138',10);
INSERT INTO `gl_mg_media_albums`VALUES (2,'20150625013412676',20);
INSERT INTO `gl_mg_media_albums`VALUES (1,'20150625012522829',30);
INSERT INTO `gl_mg_media_albums`VALUES (2,'20150625174123964',30);
INSERT INTO `gl_mg_media_albums`VALUES (3,'20150625180530560',10);
INSERT INTO `gl_mg_media_albums`VALUES (1,'20150625194514568',40);
INSERT INTO `gl_mg_media_albums`VALUES (2,'20151001075014672',60);
INSERT INTO `gl_mg_media_albums`VALUES (2,'2015100108350388',40);
INSERT INTO `gl_mg_media_albums`VALUES (1,'20150625200242657',70);
INSERT INTO `gl_mg_media_albums`VALUES (2,'20151001075835139',50);
INSERT INTO `gl_mg_media_albums`VALUES (7,'2019071614341542',40);
INSERT INTO `gl_mg_media_albums`VALUES (5,'20190131050102511',70);
INSERT INTO `gl_mg_media_albums`VALUES (5,'20190131050101810',60);
INSERT INTO `gl_mg_media_albums`VALUES (7,'20190716143414150',50);
INSERT INTO `gl_mg_media_albums`VALUES (5,'2019013105005873',40);
INSERT INTO `gl_mg_media_albums`VALUES (7,'20190716143412658',80);
INSERT INTO `gl_mg_media_albums`VALUES (5,'20190131050055398',20);
INSERT INTO `gl_mg_media_albums`VALUES (5,'20190131050105352',90);
INSERT INTO `gl_mg_media_albums`VALUES (2,'20190630014024435',70);
INSERT INTO `gl_mg_media_albums`VALUES (5,'20190131050109957',110);
INSERT INTO `gl_mg_media_albums`VALUES (5,'20190131050110513',120);
INSERT INTO `gl_mg_media_albums`VALUES (5,'20190131050111489',130);
INSERT INTO `gl_mg_media_albums`VALUES (7,'201907161434137',70);
INSERT INTO `gl_mg_media_albums`VALUES (5,'20190131050115896',150);
INSERT INTO `gl_mg_media_albums`VALUES (7,'20190716143415680',30);
INSERT INTO `gl_mg_media_albums`VALUES (7,'20190716143416116',20);
INSERT INTO `gl_mg_media_albums`VALUES (7,'20220202205929861',10);
INSERT INTO `gl_mg_media_albums`VALUES (7,'20190716143721983',60);
INSERT INTO `gl_mg_media_albums`VALUES (2,'20200310032854467',80);
INSERT INTO `gl_mg_media_albums`VALUES (8,'20251127133338424',10);
INSERT INTO `gl_mg_media_albums`VALUES (10,'20251127133948343',10);
INSERT INTO `gl_mg_media_albums`VALUES (13,'20251127134039808',10);
INSERT INTO `gl_mg_media_albums`VALUES (11,'20251127134103684',10);
INSERT INTO `gl_mg_media_albums`VALUES (12,'20251127134120701',10);

--
-- Table structure for table `gl_mg_mediaqueue`
--


CREATE TABLE `gl_mg_mediaqueue` (
  `media_id` varchar(40) NOT NULL DEFAULT '0',
  `media_filename` varchar(255) NOT NULL DEFAULT '',
  `media_original_filename` varchar(255) NOT NULL DEFAULT '',
  `media_mime_ext` varchar(255) NOT NULL DEFAULT '',
  `media_exif` tinyint(4) NOT NULL DEFAULT 1,
  `mime_type` varchar(255) NOT NULL DEFAULT '',
  `media_title` varchar(255) NOT NULL DEFAULT '',
  `media_desc` text NOT NULL,
  `media_keywords` varchar(255) NOT NULL DEFAULT '',
  `media_time` int(11) NOT NULL DEFAULT 0,
  `media_views` int(11) NOT NULL DEFAULT 0,
  `media_comments` int(11) NOT NULL DEFAULT 0,
  `media_votes` int(11) NOT NULL DEFAULT 0,
  `media_rating` decimal(4,2) NOT NULL DEFAULT 0.00,
  `media_resolution_x` int(11) NOT NULL DEFAULT 0,
  `media_resolution_y` int(11) NOT NULL DEFAULT 0,
  `remote_media` tinyint(4) NOT NULL DEFAULT 0,
  `remote_url` text DEFAULT NULL,
  `media_tn_attached` tinyint(4) NOT NULL DEFAULT 0,
  `media_tn_image` varchar(255) NOT NULL DEFAULT '',
  `include_ss` tinyint(4) unsigned NOT NULL DEFAULT 1,
  `media_user_id` mediumint(9) NOT NULL DEFAULT 0,
  `media_user_ip` varchar(14) NOT NULL DEFAULT '',
  `media_approval` tinyint(3) NOT NULL DEFAULT 0,
  `media_type` tinyint(4) NOT NULL DEFAULT 0,
  `media_upload_time` int(11) NOT NULL DEFAULT 0,
  `media_category` int(11) NOT NULL DEFAULT 0,
  `media_watermarked` tinyint(4) NOT NULL DEFAULT 0,
  `artist` varchar(255) NOT NULL DEFAULT '',
  `album` varchar(255) NOT NULL DEFAULT '',
  `genre` varchar(255) NOT NULL DEFAULT '',
  `v100` tinyint(4) NOT NULL DEFAULT 0,
  `maint` tinyint(4) NOT NULL DEFAULT 0,
  PRIMARY KEY (`media_id`),
  KEY `media_upload_time` (`media_upload_time`)
) ENGINE=MyISAM DEFAULT CHARSET=utf8 COLLATE=utf8_general_ci;

--
-- Dumping data for table `gl_mg_mediaqueue`
--


--
-- Table structure for table `gl_mg_playback_options`
--


CREATE TABLE `gl_mg_playback_options` (
  `media_id` varchar(40) NOT NULL DEFAULT '',
  `option_name` varchar(255) NOT NULL DEFAULT '',
  `option_value` varchar(255) NOT NULL DEFAULT '',
  UNIQUE KEY `media_id_2` (`media_id`,`option_name`),
  KEY `media_id` (`media_id`)
) ENGINE=MyISAM DEFAULT CHARSET=utf8 COLLATE=utf8_general_ci;

--
-- Dumping data for table `gl_mg_playback_options`
--


--
-- Table structure for table `gl_mg_rating`
--


CREATE TABLE `gl_mg_rating` (
  `id` int(11) unsigned NOT NULL DEFAULT 0,
  `ip_address` varchar(14) NOT NULL,
  `uid` mediumint(8) NOT NULL,
  `media_id` varchar(40) NOT NULL,
  `ratingdate` int(11) NOT NULL,
  `owner_id` mediumint(8) NOT NULL DEFAULT 2,
  PRIMARY KEY (`id`),
  KEY `owner_id` (`owner_id`)
) ENGINE=MyISAM DEFAULT CHARSET=utf8 COLLATE=utf8_general_ci;

--
-- Table structure for table `gl_mg_sort`
--


CREATE TABLE `gl_mg_sort` (
  `sort_id` varchar(40) NOT NULL DEFAULT '',
  `sort_user` varchar(40) NOT NULL DEFAULT '',
  `sort_query` text NOT NULL,
  `sort_results` int(11) NOT NULL DEFAULT 0,
  `sort_datetime` int(11) NOT NULL DEFAULT 0,
  `referer` varchar(255) NOT NULL DEFAULT '',
  `keywords` varchar(255) NOT NULL DEFAULT ''
) ENGINE=MyISAM DEFAULT CHARSET=utf8 COLLATE=utf8_general_ci;

--
-- Dumping data for table `gl_mg_sort`
--

INSERT INTO `gl_mg_sort`VALUES ('20260416072050741','1',' WHERE 1=1  AND ((m.media_keywords LIKE \'%http://www.jigyo.ac.jp%\') )',10,1776291650,'','http://www.jigyo.ac.jp');

--
-- Table structure for table `gl_mg_usage_tracking`
--


CREATE TABLE `gl_mg_usage_tracking` (
  `time` int(11) NOT NULL DEFAULT 0,
  `user_id` int(11) NOT NULL DEFAULT 0,
  `user_name` varchar(127) NOT NULL DEFAULT '',
  `user_ip` varchar(16) NOT NULL DEFAULT '',
  `application` varchar(127) NOT NULL DEFAULT '',
  `album_title` varchar(127) NOT NULL DEFAULT '',
  `media_title` varchar(127) NOT NULL DEFAULT '',
  `media_id` varchar(40) NOT NULL DEFAULT '0',
  KEY `time` (`time`)
) ENGINE=MyISAM DEFAULT CHARSET=utf8 COLLATE=utf8_general_ci;

--
-- Dumping data for table `gl_mg_usage_tracking`
--


--
-- Table structure for table `gl_mg_userprefs`
--


CREATE TABLE `gl_mg_userprefs` (
  `uid` mediumint(8) NOT NULL DEFAULT 0,
  `active` tinyint(4) NOT NULL DEFAULT 1,
  `display_rows` tinyint(4) NOT NULL DEFAULT 0,
  `display_columns` tinyint(4) NOT NULL DEFAULT 0,
  `mp3_player` tinyint(4) NOT NULL DEFAULT -1,
  `playback_mode` tinyint(4) NOT NULL DEFAULT -1,
  `tn_size` tinyint(4) NOT NULL DEFAULT 1,
  `quota` bigint(20) unsigned NOT NULL DEFAULT 0,
  `member_gallery` mediumint(8) NOT NULL DEFAULT 0,
  PRIMARY KEY (`uid`)
) ENGINE=MyISAM DEFAULT CHARSET=utf8 COLLATE=utf8_general_ci;

--
-- Dumping data for table `gl_mg_userprefs`
--


--
-- Table structure for table `gl_mg_watermarks`
--


CREATE TABLE `gl_mg_watermarks` (
  `wm_id` int(11) NOT NULL DEFAULT 0,
  `owner_id` int(11) NOT NULL DEFAULT 0,
  `filename` varchar(255) NOT NULL DEFAULT '',
  `description` varchar(255) NOT NULL DEFAULT '',
  PRIMARY KEY (`wm_id`)
) ENGINE=MyISAM DEFAULT CHARSET=utf8 COLLATE=utf8_general_ci;

--
-- Dumping data for table `gl_mg_watermarks`
--

INSERT INTO `gl_mg_watermarks`VALUES (0,0,'blank.png','---');

--
-- Table structure for table `gl_navmmenuitems`
--


CREATE TABLE `gl_navmmenuitems` (
  `mid` varchar(40) NOT NULL DEFAULT '',
  `pmid` varchar(40) NOT NULL DEFAULT '',
  `gid` tinyint(1) NOT NULL DEFAULT 1,
  `is_enabled` tinyint(1) unsigned NOT NULL DEFAULT 1,
  `type` varchar(20) NOT NULL DEFAULT 'custom',
  `label` varchar(48) DEFAULT NULL,
  `label_var` varchar(48) DEFAULT NULL,
  `php_function` varchar(48) DEFAULT NULL,
  `url` varchar(255) DEFAULT NULL,
  `icon_url` varchar(255) DEFAULT NULL,
  `class_name` varchar(48) DEFAULT NULL,
  `tid` varchar(20) NOT NULL DEFAULT 'all',
  `menuorder` smallint(5) unsigned NOT NULL DEFAULT 1,
  `pattern` varchar(255) DEFAULT NULL,
  `opt_match` tinyint(1) NOT NULL DEFAULT 0,
  `contentid` varchar(40) NOT NULL DEFAULT '',
  `owner_id` mediumint(8) unsigned NOT NULL DEFAULT 1,
  `group_id` mediumint(8) unsigned NOT NULL DEFAULT 1,
  `perm_owner` tinyint(1) unsigned NOT NULL DEFAULT 3,
  `perm_group` tinyint(1) unsigned NOT NULL DEFAULT 2,
  `perm_members` tinyint(1) unsigned NOT NULL DEFAULT 2,
  `perm_anon` tinyint(1) unsigned NOT NULL DEFAULT 2,
  PRIMARY KEY (`mid`)
) ENGINE=MyISAM DEFAULT CHARSET=utf8 COLLATE=utf8_general_ci;

--
-- Dumping data for table `gl_navmmenuitems`
--

INSERT INTO `gl_navmmenuitems`VALUES ('home','',0,1,'gldefault','Home','LANG_NAVM_CUSTOM[1]','','[site_url]/index.php','','','all',10,'[site_url]/',1,'',2,28,3,2,2,2);
INSERT INTO `gl_navmmenuitems`VALUES ('contribute','',0,0,'gldefault','Contribute','LANG01[71]','contribute','[site_url]/submit.php?type=story','','drop','all',80,'@/submit\\\\.php\\\\?type=story|/admin/story\\\\.php\\\\?mode=edit@',2,'',2,28,3,2,2,2);
INSERT INTO `gl_navmmenuitems`VALUES ('prefs','contribute',0,0,'gldefault','My Account','LANG01[48]','','[site_url]/usersettings.php?mode=edit','','','all',90,'/usersettings.php',0,'',2,28,3,2,2,2);
INSERT INTO `gl_navmmenuitems`VALUES ('login','contribute',0,0,'custom','Log In','','login','','','','all',100,'',0,'',2,28,3,2,2,2);
INSERT INTO `gl_navmmenuitems`VALUES ('search','',0,0,'gldefault','Advanced Search','LANG01[75]','','[site_url]/search.php','','','all',110,'/search.php',0,'',2,28,3,2,2,2);
INSERT INTO `gl_navmmenuitems`VALUES ('stats','',0,0,'gldefault','Site Statistics','LANG01[76]','','[site_url]/stats.php','','','all',120,'/stats.php',0,'',2,28,3,2,2,2);
INSERT INTO `gl_navmmenuitems`VALUES ('directory','',0,0,'gldefault','Directory','LANG01[117]','','[site_url]/directory.php','','','all',130,'/directory.php',0,'',2,28,3,2,2,2);
INSERT INTO `gl_navmmenuitems`VALUES ('ln_home','',1,1,'custom','Home','LANG01[90]','','[site_url]/','','','all',200,'',0,'',2,28,3,2,2,2);
INSERT INTO `gl_navmmenuitems`VALUES ('ln_search','',1,1,'custom','Advanced Search','LANG01[75]','','[site_url]/search.php','','','all',210,'/search.php',0,'',2,28,3,2,2,2);
INSERT INTO `gl_navmmenuitems`VALUES ('ln_stats','',1,1,'custom','Site Statistics','LANG01[76]','','[site_url]/stats.php','','drop','all',220,'/stats.php',0,'',2,28,3,2,2,2);
INSERT INTO `gl_navmmenuitems`VALUES ('ln_stats_clone_1','ln_stats',1,1,'custom','Site Statistics','LANG01[76]','','[site_url]/stats.php','','fly','all',230,'/stats.php',0,'',2,28,3,2,2,2);
INSERT INTO `gl_navmmenuitems`VALUES ('ln_stats_clone_2','ln_stats_clone_1',1,1,'custom','Site Statistics','LANG01[76]','','[site_url]/stats.php','','','all',240,'/stats.php',0,'',2,28,3,2,2,2);
INSERT INTO `gl_navmmenuitems`VALUES ('bc_staticpage_spid','',2,1,'custom','[BC] Staticpage (sample)','','bc_staticpage','','','','all',250,'@index\\\\.php(\\\\?page=|/)spid@',2,'spid',2,28,3,2,2,2);
INSERT INTO `gl_navmmenuitems`VALUES ('bc_search','',2,1,'custom','[BC] Advanced Search','LANG01[75]','','[site_url]/search.php','','','all',260,'/search.php',0,'',2,28,3,2,2,2);
INSERT INTO `gl_navmmenuitems`VALUES ('bc_stats','',2,1,'custom','[BC] Site Statistics','LANG01[76]','','[site_url]/stats.php','','','all',270,'/stats.php',0,'',2,28,3,2,2,2);
INSERT INTO `gl_navmmenuitems`VALUES ('bc_directory','',2,1,'custom','[BC] Directory','LANG01[117]','','[site_url]/directory.php','','','all',280,'/directory.php',0,'',2,28,3,2,2,2);
INSERT INTO `gl_navmmenuitems`VALUES ('bc_usersettings','',2,1,'custom','[BC] My Account','LANG01[48]','','[site_url]/usersettings.php','','','all',290,'/usersettings.php',0,'',2,28,3,2,2,2);
INSERT INTO `gl_navmmenuitems`VALUES ('bc_story_topic','',2,1,'custom','[BC] Story Topic List','','bc_topic_list','','','','all',300,'/liststory.php?tid=',0,'',2,28,3,2,2,2);
INSERT INTO `gl_navmmenuitems`VALUES ('bc_article','bc_story_topic',2,1,'custom','[BC] Article','','bc_article','','','','all',310,'@/article\\\\.php\\\\?story=|/article\\\\.php/@',2,'',2,28,3,2,2,2);
INSERT INTO `gl_navmmenuitems`VALUES ('bc_moderation','',2,1,'custom','[BC] Submissions','LANG01[10]','','[site_url]/admin/moderation.php','','','all',320,'/admin/moderation.php',0,'',2,28,3,2,2,2);
INSERT INTO `gl_navmmenuitems`VALUES ('bc_admin_plugin','bc_moderation',2,1,'custom','[BC] Admin plugin','','bc_admin_plugin','','','','all',330,'@/admin/plugins/[^/]+/[^/]+\\\\.php@',2,'',2,28,3,2,2,2);
INSERT INTO `gl_navmmenuitems`VALUES ('bc_admin','bc_moderation',2,1,'custom','[BC] Admin','','bc_admin','','','','all',340,'@/admin/?([^/]+)\\\\.php@',2,'',2,28,3,2,2,2);
INSERT INTO `gl_navmmenuitems`VALUES ('bc_links','',2,1,'custom','[BC] Links','LANG_LINKS[14]','','[site_url]/links/index.php','','','all',350,'@(?<!plugins)/links/index\\\\.php$@',2,'',2,28,3,2,2,2);
INSERT INTO `gl_navmmenuitems`VALUES ('bc_links_category','bc_links',2,1,'custom','[BC] Links category','','bc_links_category','','','','all',360,'/links/index.php?category=',0,'',2,28,3,2,2,2);
INSERT INTO `gl_navmmenuitems`VALUES ('bc_polls','',2,1,'custom','[BC] Polls','LANG_POLLS[\'polls\']','','[site_url]/polls/index.php','','','all',370,'@(?<!plugins)/polls/index\\\\.php$@',2,'',2,28,3,2,2,2);
INSERT INTO `gl_navmmenuitems`VALUES ('bc_polls_topic','bc_polls',2,1,'custom','[BC] Polls topic','','bc_polls_topic','','','','all',380,'/polls/index.php?pid=',0,'',2,28,3,2,2,2);
INSERT INTO `gl_navmmenuitems`VALUES ('bc_calendar','',2,1,'custom','[BC] Calendar','LANG_CAL_1[16]','','[site_url]/calendar/index.php','','','all',390,'@(?<!plugins)/calendar/index\\\\.php$@',2,'',2,28,3,2,2,2);
INSERT INTO `gl_navmmenuitems`VALUES ('bc_calendar_event','bc_calendar',2,1,'custom','[BC] Calendar event','','bc_calendar_event','','','','all',400,'/calendar/event.php?eid=',0,'',2,28,3,2,2,2);
INSERT INTO `gl_navmmenuitems`VALUES ('bc_calendarjp','',2,1,'custom','[BC] Calendarjp','LANG_CALJP_1[16]','','[site_url]/calendarjp/index.php','','','all',410,'@(?<!plugins)/calendarjp/index\\\\.php$@',2,'',2,28,3,2,2,2);
INSERT INTO `gl_navmmenuitems`VALUES ('bc_calendarjp_event','bc_calendarjp',2,1,'custom','[BC] Calendarjp event','','bc_calendarjp_event','','','','all',420,'/calendarjp/event.php?eid=',0,'',2,28,3,2,2,2);
INSERT INTO `gl_navmmenuitems`VALUES ('bc_forum','',2,1,'custom','[BC] Forum','LANG_GF01[\'INDEXPAGE\']','','[site_url]/forum/index.php','','','all',430,'@(?<!plugins)/forum/index\\\\.php$@',2,'',2,28,3,2,2,2);
INSERT INTO `gl_navmmenuitems`VALUES ('bc_forum_category','bc_forum',2,1,'custom','[BC] Forum category','','bc_forum_category','','','','all',440,'',0,'',2,28,3,2,2,2);
INSERT INTO `gl_navmmenuitems`VALUES ('bc_forum_name','bc_forum_category',2,1,'custom','[BC] Forum name','','bc_forum_name','','','','all',450,'/forum/index.php?forum=',0,'',2,28,3,2,2,2);
INSERT INTO `gl_navmmenuitems`VALUES ('bc_forum_topic','bc_forum_name',2,1,'custom','[BC] Forum topic','','bc_forum_topic','','','','all',460,'/forum/viewtopic.php?showtopic=',0,'',2,28,3,2,2,2);
INSERT INTO `gl_navmmenuitems`VALUES ('bc_forum_etc','bc_forum',2,1,'custom','[BC] Forum etc','','bc_forum_etc','[site_url]/forum/index.php','','','all',470,'@(?<!plugins)/forum/(index|userprefs|notify|memberlist)\\\\.php@',2,'',2,28,3,2,2,2);
INSERT INTO `gl_navmmenuitems`VALUES ('bc_filemgmt','',2,1,'custom','[BC] Filemgmt','LANG_FILEMGMT[\'downloads\']','','[site_url]/filemgmt/index.php','','','all',480,'@(?<!plugins)/filemgmt/index\\\\.php$@',2,'',2,28,3,2,2,2);
INSERT INTO `gl_navmmenuitems`VALUES ('bc_filemgmt_category','bc_filemgmt',2,1,'custom','[BC] Filemgmt category','','bc_filemgmt_category','','','','all',490,'/filemgmt/viewcat.php?cid=',0,'',2,28,3,2,2,2);
INSERT INTO `gl_navmmenuitems`VALUES ('bc_filemgmt_file','bc_filemgmt_category',2,1,'custom','[BC] Filemgmt file','','bc_filemgmt_file','','','','all',500,'/filemgmt/index.php?id=',0,'',2,28,3,2,2,2);
INSERT INTO `gl_navmmenuitems`VALUES ('bc_dokuwiki','',2,1,'custom','[BC] Dokuwiki','LANG_DW00[\'menulabel\']','','[site_url]/dokuwiki/doku.php','','','all',510,'@(?<!plugins)/dokuwiki/doku\\\\.php$@',2,'',2,28,3,2,2,2);
INSERT INTO `gl_navmmenuitems`VALUES ('links','',0,0,'plugin','リンク','LANG_LINKS[114]',NULL,'[site_url]/links/index.php',NULL,NULL,'all',140,'@(?<!plugins)/links/index\\\\.php@',2,'',3,28,3,2,2,2);
INSERT INTO `gl_navmmenuitems`VALUES ('calendar','',0,0,'plugin','カレンダ','LANG_CAL_1[16]',NULL,'[site_url]/calendar/index.php',NULL,NULL,'all',150,'@(?<!plugins)/calendar/index\\\\.php@',2,'',3,28,3,2,2,2);
INSERT INTO `gl_navmmenuitems`VALUES ('sitemap','',0,0,'plugin','サイトマップ','LANG_SMAP[\'menu_label\']',NULL,'[site_url]/sitemap/index.php',NULL,NULL,'all',160,'@(?<!plugins)/sitemap/index\\\\.php@',2,'',3,28,3,2,2,2);
INSERT INTO `gl_navmmenuitems`VALUES ('filemgmt','',0,0,'plugin','ダウンロード','LANG_FILEMGMT[\'downloads\']',NULL,'[site_url]/filemgmt/index.php',NULL,NULL,'all',170,'@(?<!plugins)/filemgmt/index\\\\.php@',2,'',3,28,3,2,2,2);
INSERT INTO `gl_navmmenuitems`VALUES ('feature','',0,1,'custom','feature','LANG_NAVM_CUSTOM[2]','url_multilang','','','','all',20,'feature',0,'feature',2,28,3,2,2,2);
INSERT INTO `gl_navmmenuitems`VALUES ('international','',0,1,'custom','international','LANG_NAVM_CUSTOM[3]','url_multilang','','','','all',30,'international',0,'international',2,28,3,2,2,2);
INSERT INTO `gl_navmmenuitems`VALUES ('event','',0,1,'custom','event','LANG_NAVM_CUSTOM[4]','url_multilang','','','','all',40,'event',0,'event',2,28,3,2,2,2);
INSERT INTO `gl_navmmenuitems`VALUES ('life','',0,1,'custom','life','LANG_NAVM_CUSTOM[5]','url_multilang','','','','all',50,'life',0,'life',2,28,3,2,2,2);
INSERT INTO `gl_navmmenuitems`VALUES ('editor','',0,1,'custom','editor','LANG_NAVM_CUSTOM[6]','url_multilang','','','','all',60,'editor',0,'editor',2,28,3,2,2,2);
INSERT INTO `gl_navmmenuitems`VALUES ('banner','',0,0,'plugin','Banner','',NULL,'[site_url]/banner/index.php',NULL,NULL,'all',180,'@(?<!plugins)/banner/index\\\\.php@',2,'',3,28,3,2,2,2);
INSERT INTO `gl_navmmenuitems`VALUES ('tutor','',0,1,'custom','tutor','LANG_NAVM_CUSTOM[7]','url_multilang','','','','all',70,'tutor',0,'tutor',2,28,3,2,2,2);
INSERT INTO `gl_navmmenuitems`VALUES ('contact','',3,1,'custom','お問い合わせ','LANG_NAVM_CUSTOM[8]','staticpage_multilang','[site_url]/staticpages/index.php/contact','','','all',590,'',0,'contact',3,28,3,2,2,2);
INSERT INTO `gl_navmmenuitems`VALUES ('wkymlmguser','',0,0,'plugin','メルマガユーザ','',NULL,'[site_url]/wkymlmguser/index.php',NULL,NULL,'all',190,'@(?<!plugins)/wkymlmguser/index\\\\.php@',2,'',3,28,3,2,2,2);
INSERT INTO `gl_navmmenuitems`VALUES ('Newsletter','',3,1,'custom','Newsletter','','','/wkymlmguser/index.php?mode=create','','','all',580,'/wkymlmguser/index.php?mode=create',0,'',3,28,3,2,2,2);
INSERT INTO `gl_navmmenuitems`VALUES ('bc_downloads','',2,1,'custom','[BC] Downloads','LANG_DLM[\'plugin_name\']','','[site_url]/downloads/index.php','','','all',520,'@(?<!plugins)/downloads/index\\\\.php$@',2,'',3,28,3,2,2,2);
INSERT INTO `gl_navmmenuitems`VALUES ('bc_downloads_category','bc_downloads',2,1,'custom','[BC] Downloads category','','bc_downloads_category','','','','all',530,'/downloads/index.php?cid=',0,'',3,28,3,2,2,2);
INSERT INTO `gl_navmmenuitems`VALUES ('bc_downloads_file','bc_downloads_category',2,1,'custom','[BC] Downloads file','','bc_downloads_file','','','','all',540,'@/downloads/index\\\\.php\\\\?id=|/downloads/index\\\\.php/@',2,'',3,28,3,2,2,2);
INSERT INTO `gl_navmmenuitems`VALUES ('bc_mediagallery','',2,1,'custom','[BC] Mediagallery','LANG_MG00[\'plugin\']','','[site_url]/mediagallery/index.php','','','all',550,'@(?<!plugins)/mediagallery/index\\\\.php@',2,'',3,28,3,2,2,2);
INSERT INTO `gl_navmmenuitems`VALUES ('bc_mediagallery_album','bc_mediagallery',2,1,'custom','[BC] Mediagallery album','','bc_mediagallery_album','','','','all',560,'/mediagallery/album.php',0,'',3,28,3,2,2,2);
INSERT INTO `gl_navmmenuitems`VALUES ('bc_mediagallery_media','bc_mediagallery_album',2,1,'custom','[BC] Mediagallery media','','bc_mediagallery_media','','','','all',570,'/mediagallery/media.php',0,'',3,28,3,2,2,2);
INSERT INTO `gl_navmmenuitems`VALUES ('mediagallery','',0,1,'plugin','メディアギャラリー','_MG_CONF[\'menulabel\']',NULL,'[site_url]/mediagallery/index.php',NULL,NULL,'all',600,'@(?<!plugins)/mediagallery/index\\\\.php@',2,'',4,28,3,2,2,2);
INSERT INTO `gl_navmmenuitems`VALUES ('databox','',0,1,'plugin','データ表示','',NULL,'[site_url]/databox/index.php',NULL,NULL,'all',601,'@(?<!plugins)/databox/index\\\\.php@',2,'',4,28,3,2,2,2);

--
-- Table structure for table `gl_navmmenus`
--


CREATE TABLE `gl_navmmenus` (
  `nid` varchar(40) NOT NULL DEFAULT '',
  `gid` tinyint(1) NOT NULL DEFAULT 1,
  `name` varchar(48) DEFAULT NULL,
  `is_enabled` tinyint(1) unsigned NOT NULL DEFAULT 1,
  `php_function` varchar(48) DEFAULT NULL,
  `tid` varchar(20) NOT NULL DEFAULT 'all',
  `class_name` varchar(48) DEFAULT NULL,
  `template_name` varchar(48) DEFAULT 'default',
  `var_name` tinyint(1) NOT NULL DEFAULT 0,
  `navorder` smallint(5) unsigned NOT NULL DEFAULT 1,
  `pattern` varchar(255) DEFAULT NULL,
  `render` tinyint(1) NOT NULL DEFAULT 0,
  `render_for` tinyint(1) NOT NULL DEFAULT 0,
  `opt_match` tinyint(1) NOT NULL DEFAULT 0,
  `owner_id` mediumint(8) unsigned NOT NULL DEFAULT 1,
  `group_id` mediumint(8) unsigned NOT NULL DEFAULT 1,
  `perm_owner` tinyint(1) unsigned NOT NULL DEFAULT 3,
  `perm_group` tinyint(1) unsigned NOT NULL DEFAULT 2,
  `perm_members` tinyint(1) unsigned NOT NULL DEFAULT 2,
  `perm_anon` tinyint(1) unsigned NOT NULL DEFAULT 2,
  PRIMARY KEY (`nid`)
) ENGINE=MyISAM DEFAULT CHARSET=utf8 COLLATE=utf8_general_ci;

--
-- Dumping data for table `gl_navmmenus`
--

INSERT INTO `gl_navmmenus`VALUES ('global_navi_1',0,'Header Navigation  1',1,'','all','navi_001','default',0,20,'',0,0,0,2,28,3,2,2,2);
INSERT INTO `gl_navmmenus`VALUES ('info_navi',3,'Information Navi',1,'','all','info_navi','default',3,30,'',0,0,0,2,28,3,2,2,2);
INSERT INTO `gl_navmmenus`VALUES ('multilang_navi',0,'multilang_navi',1,'','all','','default',0,10,'',0,0,0,3,28,3,2,2,2);
INSERT INTO `gl_navmmenus`VALUES ('global_navi_4',1,'Block Navigation',0,'','all','bnavi_001','default',0,40,'',0,2,0,2,28,3,2,2,2);
INSERT INTO `gl_navmmenus`VALUES ('breadcrumbs',2,'Breadcrumbs',1,'','all','breadcrumbs','default',2,50,'',1,0,0,2,28,3,2,2,2);

--
-- Table structure for table `gl_pingservice`
--


CREATE TABLE `gl_pingservice` (
  `pid` smallint(5) unsigned NOT NULL AUTO_INCREMENT,
  `name` varchar(128) DEFAULT NULL,
  `ping_url` varchar(255) DEFAULT NULL,
  `site_url` varchar(255) DEFAULT NULL,
  `method` varchar(80) DEFAULT NULL,
  `is_enabled` tinyint(1) unsigned NOT NULL DEFAULT 1,
  PRIMARY KEY (`pid`),
  KEY `pingservice_is_enabled` (`is_enabled`)
) ENGINE=MyISAM AUTO_INCREMENT=21 DEFAULT CHARSET=utf8 COLLATE=utf8_general_ci;

--
-- Dumping data for table `gl_pingservice`
--

INSERT INTO `gl_pingservice`VALUES (15,'BlogPeople','http://www.blogpeople.net/servlet/weblogUpdates','http://www.blogpeople.net/','weblogUpdates.ping',1);
INSERT INTO `gl_pingservice`VALUES (16,'ping.bloggers.jp','http://ping.bloggers.jp/rpc/','http://ping.bloggers.jp/','weblogUpdates.ping',1);
INSERT INTO `gl_pingservice`VALUES (17,'ドリコムRSS','http://ping.rss.drecom.jp/','http://rss.drecom.jp/','weblogUpdates.ping',1);
INSERT INTO `gl_pingservice`VALUES (19,'Googleブログ検索','http://blogsearch.google.co.jp/ping/RPC2','http://blogsearch.google.co.jp/','weblogUpdates.extendedPing',1);
INSERT INTO `gl_pingservice`VALUES (20,'テクノラティ','http://rpc.technorati.jp/rpc/ping','http://www.technorati.jp/','weblogUpdates.ping',1);
INSERT INTO `gl_pingservice`VALUES (18,'ｇoo　ブログ','http://blog.goo.ne.jp/XMLRPC','http://blog.goo.ne.jp/','weblogUpdates.ping',1);

--
-- Table structure for table `gl_plugins`
--


CREATE TABLE `gl_plugins` (
  `pi_name` varchar(30) NOT NULL DEFAULT '',
  `pi_version` varchar(20) NOT NULL DEFAULT '',
  `pi_gl_version` varchar(20) NOT NULL DEFAULT '',
  `pi_enabled` tinyint(1) unsigned NOT NULL DEFAULT 1,
  `pi_homepage` varchar(128) NOT NULL DEFAULT '',
  `pi_load` smallint(5) unsigned NOT NULL DEFAULT 10000,
  PRIMARY KEY (`pi_name`),
  KEY `plugins_enabled` (`pi_enabled`)
) ENGINE=MyISAM DEFAULT CHARSET=utf8 COLLATE=utf8_general_ci;

--
-- Dumping data for table `gl_plugins`
--

INSERT INTO `gl_plugins`VALUES ('japanize','2.1.2','2.2.1',0,'http://www.geeklog.jp/filemgmt/index.php?id=340',50);
INSERT INTO `gl_plugins`VALUES ('staticpages','1.7.3','2.2.2',1,'https://www.geeklog.net/',90);
INSERT INTO `gl_plugins`VALUES ('dbman','0.8.1.1','1.6.0',1,'http://mystral-kk.net/',120);
INSERT INTO `gl_plugins`VALUES ('dataproxy','2.0.1','1.4.0',0,'http://mystral-kk.net/',20);
INSERT INTO `gl_plugins`VALUES ('sitemap','2.0.0','1.4.0',0,'http://mystral-kk.net/',80);
INSERT INTO `gl_plugins`VALUES ('tkgmaps','2.0.4','1.5.0',0,'http://hiroron.com/',70);
INSERT INTO `gl_plugins`VALUES ('navman','0.2.2','1.6.0',0,'http://www.trybase.com/~dengen/log/',60);
INSERT INTO `gl_plugins`VALUES ('monitor','1.3.1','1.8.0',0,'http://geeklog.fr',130);
INSERT INTO `gl_plugins`VALUES ('assist','1.1.2.test20181102','2.2.1',1,'http://www.geeklog.jp/filemgmt/index.php?id=339',110);
INSERT INTO `gl_plugins`VALUES ('banner','1.1.1','1.5.2',0,'http://hiroron.com/',30);
INSERT INTO `gl_plugins`VALUES ('googleanalytics','1.2.1','1.8.0',0,'http://hiroron.com/',10);
INSERT INTO `gl_plugins`VALUES ('wkymlmguser','1.2.0','2.0.0',0,'http://hiroron.com',100);
INSERT INTO `gl_plugins`VALUES ('jquery','1.4.0','1.8.0',0,'http://geeklog.fr',40);
INSERT INTO `gl_plugins`VALUES ('captcha','3.5.5','1.8.0',0,'http://www.geeklog.fr/',140);
INSERT INTO `gl_plugins`VALUES ('xmlsitemap','2.0.0','1.8.0',0,'http://www.geeklog.net/',150);
INSERT INTO `gl_plugins`VALUES ('mediagallery','1.7.2.2','2.0.0',1,'https://github.com/Geeklog-Plugins/MediaGallery',160);
INSERT INTO `gl_plugins`VALUES ('databox','0.0.0.20140129','1.8.1',0,'http://www.ivywe.co.jp',170);
INSERT INTO `gl_plugins`VALUES ('autotags','1.1.4','2.2.1sr1',1,'https://github.com/Geeklog-Plugins/autotags',180);
INSERT INTO `gl_plugins`VALUES ('langsel','1.1.0','2.1.2',0,'https://github.com/Geeklog-Plugins/langsel',190);
INSERT INTO `gl_plugins`VALUES ('recaptcha','1.1.5','1.6.0',0,'https://mystral-kk.net/',200);
INSERT INTO `gl_plugins`VALUES ('custommenu','0.7.0','2.0.0',0,'http://www.trybase.com/~dengen/log/',210);
INSERT INTO `gl_plugins`VALUES ('spamx','1.3.6','2.2.0',1,'https://www.geeklog.net/',220);

--
-- Table structure for table `gl_polltopics`
--


CREATE TABLE `gl_polltopics` (
  `pid` varchar(128) NOT NULL DEFAULT '',
  `topic` varchar(255) DEFAULT NULL,
  `meta_description` text DEFAULT NULL,
  `meta_keywords` text DEFAULT NULL,
  `voters` mediumint(8) unsigned DEFAULT NULL,
  `questions` int(11) NOT NULL DEFAULT 0,
  `created` datetime DEFAULT NULL,
  `modified` datetime DEFAULT NULL,
  `display` tinyint(4) NOT NULL DEFAULT 0,
  `is_open` tinyint(1) NOT NULL DEFAULT 1,
  `hideresults` tinyint(1) NOT NULL DEFAULT 0,
  `commentcode` tinyint(4) NOT NULL DEFAULT 0,
  `statuscode` tinyint(4) NOT NULL DEFAULT 0,
  `owner_id` mediumint(8) unsigned NOT NULL DEFAULT 1,
  `group_id` mediumint(8) unsigned NOT NULL DEFAULT 1,
  `perm_owner` tinyint(1) unsigned NOT NULL DEFAULT 3,
  `perm_group` tinyint(1) unsigned NOT NULL DEFAULT 2,
  `perm_members` tinyint(1) unsigned NOT NULL DEFAULT 2,
  `perm_anon` tinyint(1) unsigned NOT NULL DEFAULT 2,
  `description` mediumtext DEFAULT NULL,
  PRIMARY KEY (`pid`),
  KEY `pollquestions_qid` (`pid`),
  KEY `pollquestions_created` (`created`),
  KEY `pollquestions_display` (`display`),
  KEY `pollquestions_commentcode` (`commentcode`),
  KEY `pollquestions_statuscode` (`statuscode`)
) ENGINE=MyISAM DEFAULT CHARSET=utf8mb4 COLLATE=utf8mb4_general_ci;

--
-- Dumping data for table `gl_polltopics`
--

INSERT INTO `gl_polltopics`VALUES ('geeklogfeaturepoll','Tell us your opinion about Geeklog','A poll about users opinions of Geeklog.','Poll, Geeklog, Opinion',0,2,'2025-08-14 12:25:09','2025-08-14 12:25:09',1,1,1,0,0,1,30,3,2,2,2,NULL);

--
-- Table structure for table `gl_routes`
--


CREATE TABLE `gl_routes` (
  `rid` int(11) NOT NULL AUTO_INCREMENT,
  `method` int(11) NOT NULL DEFAULT 1,
  `rule` varchar(255) NOT NULL DEFAULT '',
  `route` varchar(255) NOT NULL DEFAULT '',
  `status_code` int(11) NOT NULL DEFAULT 200,
  `priority` int(11) NOT NULL DEFAULT 100,
  `enabled` tinyint(1) unsigned NOT NULL DEFAULT 1,
  PRIMARY KEY (`rid`)
) ENGINE=MyISAM AUTO_INCREMENT=12 DEFAULT CHARSET=utf8 COLLATE=utf8_general_ci;

--
-- Dumping data for table `gl_routes`
--

INSERT INTO `gl_routes`VALUES (1,1,'/article/@sid/print','/article.php?story=@sid&mode=print',200,100,1);
INSERT INTO `gl_routes`VALUES (2,1,'/article/@sid','/article.php?story=@sid',200,110,1);
INSERT INTO `gl_routes`VALUES (3,1,'/archives/@topic/@year/@month','/directory.php?topic=@topic&year=@year&month=@month',200,120,1);
INSERT INTO `gl_routes`VALUES (4,1,'/page/@page','/staticpages/index.php?page=@page',200,130,1);
INSERT INTO `gl_routes`VALUES (5,1,'/links/portal/@item','/links/portal.php?what=link&item=@item',200,140,1);
INSERT INTO `gl_routes`VALUES (6,1,'/links/category/@cat','/links/index.php?category=@cat',200,150,1);
INSERT INTO `gl_routes`VALUES (7,1,'/topic/@topic','/index.php?topic=@topic',200,160,1);
INSERT INTO `gl_routes`VALUES (8,1,'/topic/@topic/@page','/index.php?topic=@topic&page=@page',200,170,1);
INSERT INTO `gl_routes`VALUES (9,1,'/page/@page/print','/staticpages/index.php?page=@page&disp_mode=print',200,180,1);
INSERT INTO `gl_routes`VALUES (10,1,'/article/@sid/@page','/article.php?story=@sid&page=@page',200,1000,1);
INSERT INTO `gl_routes`VALUES (11,1,'/article/@sid/@page','/article.php?story=@sid&page=@page',200,1000,1);

--
-- Table structure for table `gl_smap_config`
--


CREATE TABLE `gl_smap_config` (
  `name` varchar(30) NOT NULL DEFAULT '',
  `value` varchar(255) DEFAULT NULL,
  PRIMARY KEY (`name`)
) ENGINE=MyISAM DEFAULT CHARSET=utf8 COLLATE=utf8_general_ci;

--
-- Dumping data for table `gl_smap_config`
--

INSERT INTO `gl_smap_config`VALUES ('anon_access','true');
INSERT INTO `gl_smap_config`VALUES ('date_format','[[Y-m-d] ]');
INSERT INTO `gl_smap_config`VALUES ('sitemap_in_xhtml','false');
INSERT INTO `gl_smap_config`VALUES ('sitemap_article','true');
INSERT INTO `gl_smap_config`VALUES ('sitemap_staticpages','true');
INSERT INTO `gl_smap_config`VALUES ('sitemap_calendar','true');
INSERT INTO `gl_smap_config`VALUES ('sitemap_links','true');
INSERT INTO `gl_smap_config`VALUES ('sitemap_polls','true');
INSERT INTO `gl_smap_config`VALUES ('sitemap_forum','true');
INSERT INTO `gl_smap_config`VALUES ('sitemap_filemgmt','true');
INSERT INTO `gl_smap_config`VALUES ('sitemap_faqman','true');
INSERT INTO `gl_smap_config`VALUES ('sitemap_dokuwiki','true');
INSERT INTO `gl_smap_config`VALUES ('sitemap_comments','true');
INSERT INTO `gl_smap_config`VALUES ('sitemap_trackback','true');
INSERT INTO `gl_smap_config`VALUES ('sitemap_mediagallery','true');
INSERT INTO `gl_smap_config`VALUES ('google_sitemap_name','sitemap.xml');
INSERT INTO `gl_smap_config`VALUES ('time_zone','+09:00');
INSERT INTO `gl_smap_config`VALUES ('gsmap_article','true');
INSERT INTO `gl_smap_config`VALUES ('gsmap_staticpages','true');
INSERT INTO `gl_smap_config`VALUES ('gsmap_calendar','true');
INSERT INTO `gl_smap_config`VALUES ('gsmap_links','true');
INSERT INTO `gl_smap_config`VALUES ('gsmap_polls','true');
INSERT INTO `gl_smap_config`VALUES ('gsmap_forum','true');
INSERT INTO `gl_smap_config`VALUES ('gsmap_filemgmt','true');
INSERT INTO `gl_smap_config`VALUES ('gsmap_faqman','true');
INSERT INTO `gl_smap_config`VALUES ('gsmap_dokuwiki','true');
INSERT INTO `gl_smap_config`VALUES ('gsmap_comments','false');
INSERT INTO `gl_smap_config`VALUES ('gsmap_trackback','false');
INSERT INTO `gl_smap_config`VALUES ('gsmap_mediagallery','true');
INSERT INTO `gl_smap_config`VALUES ('freq_article','daily');
INSERT INTO `gl_smap_config`VALUES ('freq_staticpages','weekly');
INSERT INTO `gl_smap_config`VALUES ('freq_calendar','daily');
INSERT INTO `gl_smap_config`VALUES ('freq_links','weekly');
INSERT INTO `gl_smap_config`VALUES ('freq_polls','weekly');
INSERT INTO `gl_smap_config`VALUES ('freq_forum','daily');
INSERT INTO `gl_smap_config`VALUES ('freq_filemgmt','daily');
INSERT INTO `gl_smap_config`VALUES ('freq_faqman','weekly');
INSERT INTO `gl_smap_config`VALUES ('freq_dokuwiki','daily');
INSERT INTO `gl_smap_config`VALUES ('freq_comments','daily');
INSERT INTO `gl_smap_config`VALUES ('freq_trackback','daily');
INSERT INTO `gl_smap_config`VALUES ('freq_mediagallery','daily');
INSERT INTO `gl_smap_config`VALUES ('priority_article','0.5');
INSERT INTO `gl_smap_config`VALUES ('priority_staticpages','0.5');
INSERT INTO `gl_smap_config`VALUES ('priority_calendar','0.5');
INSERT INTO `gl_smap_config`VALUES ('priority_links','0.5');
INSERT INTO `gl_smap_config`VALUES ('priority_polls','0.5');
INSERT INTO `gl_smap_config`VALUES ('priority_forum','0.5');
INSERT INTO `gl_smap_config`VALUES ('priority_filemgmt','0.5');
INSERT INTO `gl_smap_config`VALUES ('priority_faqman','0.5');
INSERT INTO `gl_smap_config`VALUES ('priority_dokuwiki','0.5');
INSERT INTO `gl_smap_config`VALUES ('priority_comments','0.5');
INSERT INTO `gl_smap_config`VALUES ('priority_trackback','0.5');
INSERT INTO `gl_smap_config`VALUES ('priority_mediagallery','0.5');
INSERT INTO `gl_smap_config`VALUES ('order_article','1');
INSERT INTO `gl_smap_config`VALUES ('order_comments','2');
INSERT INTO `gl_smap_config`VALUES ('order_trackback','3');
INSERT INTO `gl_smap_config`VALUES ('order_staticpages','4');
INSERT INTO `gl_smap_config`VALUES ('order_calendar','5');
INSERT INTO `gl_smap_config`VALUES ('order_links','6');
INSERT INTO `gl_smap_config`VALUES ('order_polls','7');
INSERT INTO `gl_smap_config`VALUES ('order_dokuwiki','8');
INSERT INTO `gl_smap_config`VALUES ('order_forum','9');
INSERT INTO `gl_smap_config`VALUES ('order_filemgmt','10');
INSERT INTO `gl_smap_config`VALUES ('order_faqman','11');
INSERT INTO `gl_smap_config`VALUES ('order_mediagallery','12');
INSERT INTO `gl_smap_config`VALUES ('sp_type','2');
INSERT INTO `gl_smap_config`VALUES ('sp_except','/^form/ 2009*');
INSERT INTO `gl_smap_config`VALUES ('sitemap_calendarjp','true');
INSERT INTO `gl_smap_config`VALUES ('gsmap_calendarjp','true');
INSERT INTO `gl_smap_config`VALUES ('freq_calendarjp','daily');
INSERT INTO `gl_smap_config`VALUES ('priority_calendarjp','0.5');
INSERT INTO `gl_smap_config`VALUES ('order_calendarjp','13');
INSERT INTO `gl_smap_config`VALUES ('sitemap_downloads','true');
INSERT INTO `gl_smap_config`VALUES ('gsmap_downloads','true');
INSERT INTO `gl_smap_config`VALUES ('freq_downloads','daily');
INSERT INTO `gl_smap_config`VALUES ('priority_downloads','0.5');
INSERT INTO `gl_smap_config`VALUES ('order_downloads','14');

--
-- Table structure for table `gl_spamx`
--


CREATE TABLE `gl_spamx` (
  `name` varchar(20) NOT NULL DEFAULT '',
  `value` varchar(191) NOT NULL DEFAULT '',
  `counter` int(11) NOT NULL DEFAULT 0,
  `regdate` datetime DEFAULT NULL,
  PRIMARY KEY (`name`,`value`)
) ENGINE=MyISAM DEFAULT CHARSET=utf8 COLLATE=utf8_general_ci;

--
-- Dumping data for table `gl_spamx`
--


--
-- Table structure for table `gl_speedlimit`
--


CREATE TABLE `gl_speedlimit` (
  `id` int(10) unsigned NOT NULL AUTO_INCREMENT,
  `ipaddress` varchar(39) NOT NULL DEFAULT '',
  `date` int(10) unsigned DEFAULT NULL,
  `type` varchar(30) NOT NULL DEFAULT 'submit',
  PRIMARY KEY (`id`),
  KEY `type_ipaddress` (`type`,`ipaddress`),
  KEY `date` (`date`)
) ENGINE=MyISAM AUTO_INCREMENT=422638 DEFAULT CHARSET=utf8 COLLATE=utf8_general_ci;

--
-- Dumping data for table `gl_speedlimit`
--

INSERT INTO `gl_speedlimit`VALUES (1,'110.67.37.114',1255784674,'forum');
INSERT INTO `gl_speedlimit`VALUES (25635,'157.112.152.14',1548574998,'pingback');
INSERT INTO `gl_speedlimit`VALUES (403066,'85.208.84.179',1763968581,'mail');
INSERT INTO `gl_speedlimit`VALUES (403065,'85.208.84.179',1763968566,'comment');
INSERT INTO `gl_speedlimit`VALUES (403073,'45.3.40.28',1763973832,'trackback');
INSERT INTO `gl_speedlimit`VALUES (403074,'216.26.227.93',1763973834,'trackback');
INSERT INTO `gl_speedlimit`VALUES (403075,'209.50.168.4',1763973836,'trackback');
INSERT INTO `gl_speedlimit`VALUES (403072,'45.3.50.37',1763973829,'trackback');
INSERT INTO `gl_speedlimit`VALUES (419629,'23.95.23.231',1774328761,'error-speedlimit');
INSERT INTO `gl_speedlimit`VALUES (419631,'23.95.23.231',1774328769,'error-speedlimit');
INSERT INTO `gl_speedlimit`VALUES (419627,'23.95.23.231',1774328761,'error-speedlimit');
INSERT INTO `gl_speedlimit`VALUES (419625,'23.95.23.231',1774328751,'error-speedlimit');
INSERT INTO `gl_speedlimit`VALUES (419621,'23.95.23.231',1774328751,'error-speedlimit');
INSERT INTO `gl_speedlimit`VALUES (419623,'23.95.23.231',1774328751,'error-speedlimit');
INSERT INTO `gl_speedlimit`VALUES (419619,'23.95.23.231',1774328751,'error-speedlimit');
INSERT INTO `gl_speedlimit`VALUES (422637,'114.146.82.131',1776770545,'error-404');
INSERT INTO `gl_speedlimit`VALUES (419617,'23.95.23.231',1774328751,'error-speedlimit');

--
-- Table structure for table `gl_staticpage`
--


CREATE TABLE `gl_staticpage` (
  `sp_id` varchar(128) NOT NULL DEFAULT '',
  `sp_title` varchar(128) NOT NULL DEFAULT '',
  `sp_page_title` varchar(128) NOT NULL DEFAULT '',
  `sp_content` text NOT NULL,
  `sp_hits` mediumint(8) unsigned NOT NULL DEFAULT 0,
  `created` datetime DEFAULT NULL,
  `modified` datetime DEFAULT NULL,
  `sp_format` varchar(20) NOT NULL DEFAULT '',
  `sp_onmenu` tinyint(1) unsigned NOT NULL DEFAULT 0,
  `sp_onhits` tinyint(4) NOT NULL DEFAULT 1,
  `sp_onlastupdate` tinyint(4) NOT NULL DEFAULT 1,
  `sp_label` varchar(64) DEFAULT NULL,
  `commentcode` tinyint(4) NOT NULL DEFAULT 0,
  `structured_data_type` varchar(40) NOT NULL,
  `meta_description` text DEFAULT NULL,
  `meta_keywords` text DEFAULT NULL,
  `template_flag` tinyint(1) NOT NULL DEFAULT 0,
  `template_id` varchar(40) NOT NULL DEFAULT '',
  `cache_time` int(11) NOT NULL DEFAULT 0,
  `draft_flag` tinyint(1) unsigned DEFAULT 0,
  `search` tinyint(1) NOT NULL DEFAULT 1,
  `likes` tinyint(4) NOT NULL DEFAULT -1,
  `owner_id` mediumint(8) unsigned NOT NULL DEFAULT 1,
  `group_id` mediumint(8) unsigned NOT NULL DEFAULT 1,
  `perm_owner` tinyint(1) unsigned NOT NULL DEFAULT 3,
  `perm_group` tinyint(1) unsigned NOT NULL DEFAULT 2,
  `perm_members` tinyint(1) unsigned NOT NULL DEFAULT 2,
  `perm_anon` tinyint(1) unsigned NOT NULL DEFAULT 2,
  `sp_centerblock` tinyint(1) unsigned NOT NULL DEFAULT 0,
  `sp_help` varchar(255) DEFAULT '',
  `sp_where` tinyint(1) unsigned NOT NULL DEFAULT 1,
  `sp_php` tinyint(1) unsigned NOT NULL DEFAULT 0,
  `sp_nf` tinyint(1) unsigned DEFAULT 0,
  `sp_inblock` tinyint(1) unsigned DEFAULT 1,
  `postmode` varchar(16) NOT NULL DEFAULT 'html',
  `sp_prev` varchar(128) NOT NULL DEFAULT '',
  `sp_next` varchar(128) NOT NULL DEFAULT '',
  `sp_parent` varchar(128) NOT NULL DEFAULT '',
  `page_data` text DEFAULT NULL,
  PRIMARY KEY (`sp_id`),
  KEY `staticpage_created` (`created`),
  KEY `staticpage_sp_onmenu` (`sp_onmenu`),
  KEY `staticpage_sp_centerblock` (`sp_centerblock`),
  KEY `staticpage_sp_where` (`sp_where`)
) ENGINE=MyISAM DEFAULT CHARSET=utf8 COLLATE=utf8_general_ci;

--
